-- https://www.phpmyadmin.net/
--

START TRANSACTION;



--
-- Database: `tourism_magic`
--

-- --------------------------------------------------------

--
-- Table structure for table `activity_log`
--

CREATE TABLE `activity_log` (
  `id` bigint(20) UNSIGNED NOT NULL,
  `log_name` varchar(255) CHARACTER SET utf8mb4 COLLATE utf8mb4_unicode_ci DEFAULT NULL,
  `description` text CHARACTER SET utf8mb4 COLLATE utf8mb4_unicode_ci NOT NULL,
  `subject_type` varchar(255) CHARACTER SET utf8mb4 COLLATE utf8mb4_unicode_ci DEFAULT NULL,
  `event` varchar(255) CHARACTER SET utf8mb4 COLLATE utf8mb4_unicode_ci DEFAULT NULL,
  `subject_id` bigint(20) UNSIGNED DEFAULT NULL,
  `causer_type` varchar(255) CHARACTER SET utf8mb4 COLLATE utf8mb4_unicode_ci DEFAULT NULL,
  `causer_id` bigint(20) UNSIGNED DEFAULT NULL,
  `properties` longtext CHARACTER SET utf8mb4 COLLATE utf8mb4_bin,
  `batch_uuid` char(36) CHARACTER SET utf8mb4 COLLATE utf8mb4_unicode_ci DEFAULT NULL,
  `created_at` timestamp NULL DEFAULT NULL,
  `updated_at` timestamp NULL DEFAULT NULL
) ENGINE=InnoDB DEFAULT CHARSET=latin1;

-- --------------------------------------------------------

--
-- Table structure for table `answers`
--

CREATE TABLE `answers` (
  `id` bigint(20) UNSIGNED NOT NULL,
  `question_id` bigint(20) NOT NULL,
  `answer` varchar(255) COLLATE utf8mb4_unicode_ci NOT NULL,
  `created_at` timestamp NULL DEFAULT NULL,
  `updated_at` timestamp NULL DEFAULT NULL
) ENGINE=InnoDB DEFAULT CHARSET=utf8mb4 COLLATE=utf8mb4_unicode_ci;

--
-- Dumping data for table `answers`
--

INSERT INTO `answers` (`id`, `question_id`, `answer`, `created_at`, `updated_at`) VALUES
(2, 2, 'شقق و أكواخ', NULL, NULL),
(3, 2, 'فنادق', NULL, NULL),
(4, 1, 'سائق مع سيارة', NULL, NULL),
(5, 1, 'تأجير سيارة', NULL, NULL),
(6, 1, 'جولة سياحية', NULL, NULL),
(7, 1, 'تنقلات', NULL, NULL),
(8, 3, 'سويسرا', NULL, NULL),
(9, 3, 'النمسا', NULL, NULL),
(10, 3, 'البوسنة', NULL, NULL),
(11, 3, 'فرنسا', NULL, NULL),
(12, 3, 'ألمانيا', NULL, NULL),
(13, 3, 'إيطاليا', NULL, NULL),
(14, 3, 'إسبانيا', NULL, NULL),
(15, 3, 'ليس مما سبق', NULL, NULL),
(17, 4, 'مدن وعواصم', NULL, NULL),
(18, 4, 'قرى و أرياف', NULL, NULL),
(19, 4, 'كلاهما', NULL, NULL),
(20, 6, 'التمتع مع أقل تكلفة', NULL, NULL),
(21, 6, 'التمتع مع أنسب الخدمات', NULL, NULL),
(22, 6, 'التمتع مع أفضل المميزات', NULL, NULL),
(23, 5, 'أنشطة أسرية', NULL, NULL),
(24, 5, 'متاحف و آثار', NULL, NULL),
(25, 5, 'الراحة و الإسترخاء', NULL, NULL),
(26, 5, 'أنشطة رومانسية', NULL, NULL),
(74, 12, '1', '2023-06-04 09:20:22', '2023-06-04 09:20:22'),
(75, 12, '2', '2023-06-04 09:20:43', '2023-06-04 09:20:43'),
(76, 12, '3', '2023-06-04 09:21:04', '2023-06-04 09:21:04');

-- --------------------------------------------------------

--
-- Table structure for table `answer_user`
--

CREATE TABLE `answer_user` (
  `id` bigint(20) UNSIGNED NOT NULL,
  `user_id` bigint(20) DEFAULT NULL,
  `answer_id` bigint(20) DEFAULT NULL,
  `value_of_answer` varchar(255) COLLATE utf8mb4_unicode_ci DEFAULT NULL,
  `created_at` timestamp NULL DEFAULT NULL,
  `updated_at` timestamp NULL DEFAULT NULL,
  `question_id` varchar(255) COLLATE utf8mb4_unicode_ci DEFAULT NULL
) ENGINE=InnoDB DEFAULT CHARSET=utf8mb4 COLLATE=utf8mb4_unicode_ci;

--
-- Dumping data for table `answer_user`
--

INSERT INTO `answer_user` (`id`, `user_id`, `answer_id`, `value_of_answer`, `created_at`, `updated_at`, `question_id`) VALUES
(1, 1, 19, NULL, NULL, '2023-06-04 09:26:30', '1'),
(2, 2, 3, NULL, NULL, NULL, '2'),
(3, 2, 13, NULL, NULL, NULL, '3'),
(4, 2, 18, NULL, NULL, NULL, '4'),
(5, 2, 24, NULL, NULL, NULL, '5'),
(6, 2, 21, NULL, NULL, NULL, '6'),
(7, 3, 4, NULL, NULL, NULL, '1'),
(8, 3, 5, NULL, NULL, NULL, '1'),
(9, 3, 6, NULL, NULL, NULL, '1'),
(10, 3, 7, NULL, NULL, NULL, '1'),
(11, 3, 2, NULL, NULL, NULL, '2'),
(12, 3, 3, NULL, NULL, NULL, '2'),
(13, 3, 8, NULL, NULL, NULL, '3'),
(14, 3, 9, NULL, NULL, NULL, '3'),
(15, 3, 10, NULL, NULL, NULL, '3'),
(16, 3, 12, NULL, NULL, NULL, '3'),
(17, 3, 13, NULL, NULL, NULL, '3'),
(18, 3, 18, NULL, NULL, NULL, '4'),
(19, 3, 19, NULL, NULL, NULL, '4'),
(20, 3, 24, NULL, NULL, NULL, '5'),
(21, 3, 25, NULL, NULL, NULL, '5'),
(22, 3, 26, NULL, NULL, NULL, '5'),
(23, 3, 21, NULL, NULL, NULL, '6'),
(24, 3, 22, NULL, NULL, NULL, '6'),
(25, 4, 5, NULL, NULL, NULL, '1'),
(26, 4, 2, NULL, NULL, NULL, '2'),
(27, 4, 13, NULL, NULL, NULL, '3'),
(28, 4, 14, NULL, NULL, NULL, '3'),
(29, 4, 18, NULL, NULL, NULL, '4'),
(30, 4, 24, NULL, NULL, NULL, '5'),
(31, 4, 25, NULL, NULL, NULL, '5'),
(32, 4, 21, NULL, NULL, NULL, '6'),
(33, 4, 22, NULL, NULL, NULL, '6'),
(34, 5, 2, NULL, NULL, NULL, '1'),
(35, 5, 13, NULL, NULL, NULL, '2'),
(36, 5, 19, NULL, NULL, NULL, '3'),
(37, 5, 24, NULL, NULL, NULL, '4'),
(38, 5, 25, NULL, NULL, NULL, '4'),
(39, 5, 21, NULL, NULL, NULL, '5'),
(40, 10, 2, NULL, NULL, NULL, '1'),
(41, 10, 8, NULL, NULL, NULL, '2'),
(42, 10, 9, NULL, NULL, NULL, '2'),
(43, 10, 10, NULL, NULL, NULL, '2'),
(44, 10, 11, NULL, NULL, NULL, '2'),
(45, 10, 12, NULL, NULL, NULL, '2'),
(46, 10, 13, NULL, NULL, NULL, '2'),
(47, 10, 14, NULL, NULL, NULL, '2'),
(48, 10, 18, NULL, NULL, NULL, '3'),
(49, 10, 24, NULL, NULL, NULL, '4'),
(50, 10, 25, NULL, NULL, NULL, '4'),
(51, 10, 26, NULL, NULL, NULL, '4'),
(52, 10, 21, NULL, NULL, NULL, '5'),
(53, 15, 4, NULL, NULL, NULL, '1'),
(54, 15, 6, NULL, NULL, NULL, '2'),
(55, 15, 2, NULL, NULL, NULL, '3'),
(56, 15, 8, NULL, NULL, NULL, '4'),
(57, 15, 9, NULL, NULL, NULL, '4'),
(58, 15, 10, NULL, NULL, NULL, '4'),
(59, 15, 12, NULL, NULL, NULL, '4'),
(60, 15, 13, NULL, NULL, NULL, '4'),
(61, 15, 17, NULL, NULL, NULL, '5'),
(62, 15, 24, NULL, NULL, NULL, '6'),
(63, 15, 25, NULL, NULL, NULL, '6'),
(64, 16, 4, NULL, NULL, NULL, '1'),
(65, 16, 6, NULL, NULL, NULL, '2'),
(66, 16, 2, NULL, NULL, NULL, '3'),
(67, 16, 8, NULL, NULL, NULL, '4'),
(68, 16, 9, NULL, NULL, NULL, '4'),
(69, 16, 10, NULL, NULL, NULL, '4'),
(70, 16, 12, NULL, NULL, NULL, '4'),
(71, 16, 13, NULL, NULL, NULL, '4'),
(72, 16, 17, NULL, NULL, NULL, '5'),
(73, 16, 24, NULL, NULL, NULL, '6'),
(74, 16, 25, NULL, NULL, NULL, '6'),
(75, 23, 4, NULL, NULL, NULL, '1'),
(76, 23, 6, NULL, NULL, NULL, '2'),
(77, 23, 2, NULL, NULL, NULL, '3'),
(78, 23, 8, NULL, NULL, NULL, '4'),
(79, 23, 9, NULL, NULL, NULL, '4'),
(80, 23, 10, NULL, NULL, NULL, '4'),
(81, 23, 12, NULL, NULL, NULL, '4'),
(82, 23, 13, NULL, NULL, NULL, '4'),
(83, 23, 17, NULL, NULL, NULL, '5'),
(84, 23, 24, NULL, NULL, NULL, '6'),
(85, 23, 25, NULL, NULL, NULL, '6'),
(86, 24, 4, NULL, NULL, NULL, '1'),
(87, 24, 4, NULL, NULL, NULL, '2'),
(88, 24, 2, NULL, NULL, NULL, '3'),
(89, 24, 9, NULL, NULL, NULL, '4'),
(90, 24, 10, NULL, NULL, NULL, '4'),
(91, 24, 11, NULL, NULL, NULL, '4'),
(92, 24, 13, NULL, NULL, NULL, '4'),
(93, 24, 18, NULL, NULL, NULL, '5'),
(94, 24, 24, NULL, NULL, NULL, '6'),
(95, 24, 25, NULL, NULL, NULL, '6'),
(96, 25, 4, NULL, NULL, NULL, '1'),
(97, 25, 4, NULL, NULL, NULL, '2'),
(98, 25, 2, NULL, NULL, NULL, '3'),
(99, 25, 9, NULL, NULL, NULL, '4'),
(100, 25, 10, NULL, NULL, NULL, '4'),
(101, 25, 11, NULL, NULL, NULL, '4'),
(102, 25, 13, NULL, NULL, NULL, '4'),
(103, 25, 18, NULL, NULL, NULL, '5'),
(104, 25, 24, NULL, NULL, NULL, '6'),
(105, 25, 25, NULL, NULL, NULL, '6'),
(106, 29, 4, NULL, NULL, NULL, '1'),
(107, 29, 4, NULL, NULL, NULL, '2'),
(108, 29, 2, NULL, NULL, NULL, '3'),
(109, 29, 9, NULL, NULL, NULL, '4'),
(110, 29, 10, NULL, NULL, NULL, '4'),
(111, 29, 11, NULL, NULL, NULL, '4'),
(112, 29, 13, NULL, NULL, NULL, '4'),
(113, 29, 18, NULL, NULL, NULL, '5'),
(114, 29, 24, NULL, NULL, NULL, '6'),
(115, 29, 25, NULL, NULL, NULL, '6'),
(116, 40, 4, NULL, NULL, NULL, '1'),
(117, 40, 4, NULL, NULL, NULL, '2'),
(118, 40, 2, NULL, NULL, NULL, '3'),
(119, 40, 9, NULL, NULL, NULL, '4'),
(120, 40, 10, NULL, NULL, NULL, '4'),
(121, 40, 11, NULL, NULL, NULL, '4'),
(122, 40, 13, NULL, NULL, NULL, '4'),
(123, 40, 18, NULL, NULL, NULL, '5'),
(124, 40, 24, NULL, NULL, NULL, '6'),
(125, 40, 25, NULL, NULL, NULL, '6'),
(126, 45, 4, NULL, NULL, NULL, '1'),
(127, 45, 2, NULL, NULL, NULL, '2'),
(128, 45, 9, NULL, NULL, NULL, '3'),
(129, 45, 10, NULL, NULL, NULL, '3'),
(130, 45, 11, NULL, NULL, NULL, '3'),
(131, 45, 13, NULL, NULL, NULL, '3'),
(132, 45, 18, NULL, NULL, NULL, '4'),
(133, 45, 24, NULL, NULL, NULL, '5'),
(134, 45, 25, NULL, NULL, NULL, '5'),
(135, 45, 21, NULL, NULL, NULL, '6'),
(136, 46, 2, NULL, NULL, NULL, '1'),
(137, 46, 8, NULL, NULL, NULL, '2'),
(138, 46, 9, NULL, NULL, NULL, '2'),
(139, 46, 10, NULL, NULL, NULL, '2'),
(140, 46, 11, NULL, NULL, NULL, '2'),
(141, 46, 18, NULL, NULL, NULL, '3'),
(142, 46, 24, NULL, NULL, NULL, '4'),
(143, 46, 25, NULL, NULL, NULL, '4'),
(144, 46, 21, NULL, NULL, NULL, '5'),
(145, 47, 5, NULL, NULL, NULL, '1'),
(146, 47, 2, NULL, NULL, NULL, '2'),
(147, 47, 9, NULL, NULL, NULL, '3'),
(148, 47, 10, NULL, NULL, NULL, '3'),
(149, 47, 19, NULL, NULL, NULL, '4'),
(150, 47, 24, NULL, NULL, NULL, '5'),
(151, 47, 25, NULL, NULL, NULL, '5'),
(152, 47, 26, NULL, NULL, NULL, '5'),
(153, 47, 21, NULL, NULL, NULL, '6'),
(154, 49, 6, NULL, NULL, NULL, '1'),
(155, 49, 2, NULL, NULL, NULL, '2'),
(156, 49, 8, NULL, NULL, NULL, '3'),
(157, 49, 9, NULL, NULL, NULL, '3'),
(158, 49, 10, NULL, NULL, NULL, '3'),
(159, 49, 18, NULL, NULL, NULL, '4'),
(160, 49, 24, NULL, NULL, NULL, '5'),
(161, 49, 21, NULL, NULL, NULL, '6'),
(162, 50, 5, NULL, NULL, NULL, '1'),
(163, 50, 2, NULL, NULL, NULL, '2'),
(164, 50, 9, NULL, NULL, NULL, '3'),
(165, 50, 10, NULL, NULL, NULL, '3'),
(166, 50, 18, NULL, NULL, NULL, '4'),
(167, 50, 23, NULL, NULL, NULL, '5'),
(168, 50, 24, NULL, NULL, NULL, '5'),
(169, 50, 25, NULL, NULL, NULL, '5'),
(170, 50, 26, NULL, NULL, NULL, '5'),
(171, 50, 20, NULL, NULL, NULL, '6'),
(172, 51, 3, NULL, NULL, NULL, '1'),
(173, 51, 8, NULL, NULL, NULL, '2'),
(174, 51, 9, NULL, NULL, NULL, '2'),
(175, 51, 10, NULL, NULL, NULL, '2'),
(176, 51, 11, NULL, NULL, NULL, '2'),
(177, 51, 18, NULL, NULL, NULL, '3'),
(178, 51, 24, NULL, NULL, NULL, '4'),
(179, 51, 21, NULL, NULL, NULL, '5'),
(180, 52, 2, NULL, NULL, NULL, '1'),
(181, 52, 9, NULL, NULL, NULL, '2'),
(182, 52, 10, NULL, NULL, NULL, '2'),
(183, 52, 11, NULL, NULL, NULL, '2'),
(184, 52, 18, NULL, NULL, NULL, '3'),
(185, 52, 24, NULL, NULL, NULL, '4'),
(186, 52, 21, NULL, NULL, NULL, '5'),
(187, 60, 5, NULL, NULL, NULL, '1'),
(188, 60, 3, NULL, NULL, NULL, '2'),
(189, 60, 9, NULL, NULL, NULL, '3'),
(190, 60, 10, NULL, NULL, NULL, '3'),
(191, 60, 11, NULL, NULL, NULL, '3'),
(192, 60, 18, NULL, NULL, NULL, '4'),
(193, 60, 24, NULL, NULL, NULL, '5'),
(194, 60, 25, NULL, NULL, NULL, '5'),
(195, 60, 26, NULL, NULL, NULL, '5'),
(196, 60, 21, NULL, NULL, NULL, '6'),
(197, 61, 5, NULL, NULL, NULL, '1'),
(198, 61, 3, NULL, NULL, NULL, '2'),
(199, 61, 9, NULL, NULL, NULL, '3'),
(200, 61, 10, NULL, NULL, NULL, '3'),
(201, 61, 11, NULL, NULL, NULL, '3'),
(202, 61, 18, NULL, NULL, NULL, '4'),
(203, 61, 24, NULL, NULL, NULL, '5'),
(204, 61, 25, NULL, NULL, NULL, '5'),
(205, 61, 26, NULL, NULL, NULL, '5'),
(206, 61, 21, NULL, NULL, NULL, '6'),
(207, 62, 5, NULL, NULL, NULL, '1'),
(208, 62, 3, NULL, NULL, NULL, '2'),
(209, 62, 8, NULL, NULL, NULL, '3'),
(210, 62, 10, NULL, NULL, NULL, '3'),
(211, 62, 11, NULL, NULL, NULL, '3'),
(212, 62, 12, NULL, NULL, NULL, '3'),
(213, 62, 13, NULL, NULL, NULL, '3'),
(214, 62, 14, NULL, NULL, NULL, '3'),
(215, 62, 18, NULL, NULL, NULL, '4'),
(216, 62, 24, NULL, NULL, NULL, '5'),
(217, 62, 25, NULL, NULL, NULL, '5'),
(218, 62, 26, NULL, NULL, NULL, '5'),
(219, 62, 21, NULL, NULL, NULL, '6'),
(221, 63, 7, NULL, NULL, NULL, '1'),
(222, 63, 3, NULL, NULL, NULL, '2'),
(223, 63, 8, NULL, NULL, NULL, '3'),
(224, 63, 9, NULL, NULL, NULL, '3'),
(225, 63, 10, NULL, NULL, NULL, '3'),
(226, 63, 11, NULL, NULL, NULL, '3'),
(227, 63, 12, NULL, NULL, NULL, '3'),
(228, 63, 18, NULL, NULL, NULL, '4'),
(229, 63, 23, NULL, NULL, NULL, '5'),
(230, 63, 25, NULL, NULL, NULL, '5'),
(231, 63, 26, NULL, NULL, NULL, '5'),
(232, 63, 21, NULL, NULL, NULL, '6'),
(233, 63, 74, NULL, NULL, NULL, '12'),
(234, 63, 76, NULL, NULL, NULL, '12'),
(235, 64, 5, NULL, NULL, NULL, '1'),
(236, 64, 2, NULL, NULL, NULL, '2'),
(237, 64, 8, NULL, NULL, NULL, '3'),
(238, 64, 9, NULL, NULL, NULL, '3'),
(239, 64, 11, NULL, NULL, NULL, '3'),
(240, 64, 13, NULL, NULL, NULL, '3'),
(241, 64, 14, NULL, NULL, NULL, '3'),
(242, 64, 18, NULL, NULL, NULL, '4'),
(243, 64, 23, NULL, NULL, NULL, '5'),
(244, 64, 24, NULL, NULL, NULL, '5'),
(245, 64, 26, NULL, NULL, NULL, '5'),
(246, 64, 21, NULL, NULL, NULL, '6'),
(247, 64, 74, NULL, NULL, NULL, '12'),
(248, 64, 75, NULL, NULL, NULL, '12'),
(249, 64, 76, NULL, NULL, NULL, '12'),
(250, 65, 4, NULL, NULL, NULL, '1'),
(251, 65, 3, NULL, NULL, NULL, '2'),
(252, 65, 13, NULL, NULL, NULL, '3'),
(253, 65, 14, NULL, NULL, NULL, '3'),
(254, 65, 18, NULL, NULL, NULL, '4'),
(255, 65, 24, NULL, NULL, NULL, '5'),
(256, 65, 25, NULL, NULL, NULL, '5'),
(257, 65, 21, NULL, NULL, NULL, '6'),
(258, 65, 75, NULL, NULL, NULL, '12'),
(259, 66, 4, NULL, NULL, NULL, '1'),
(260, 66, 3, NULL, NULL, NULL, '2'),
(261, 66, 13, NULL, NULL, NULL, '3'),
(262, 66, 14, NULL, NULL, NULL, '3'),
(263, 66, 18, NULL, NULL, NULL, '4'),
(264, 66, 24, NULL, NULL, NULL, '5'),
(265, 66, 25, NULL, NULL, NULL, '5'),
(266, 66, 21, NULL, NULL, NULL, '6'),
(267, 66, 75, NULL, NULL, NULL, '12'),
(268, 67, 4, NULL, NULL, NULL, '1'),
(269, 67, 3, NULL, NULL, NULL, '2'),
(270, 67, 13, NULL, NULL, NULL, '3'),
(271, 67, 14, NULL, NULL, NULL, '3'),
(272, 67, 18, NULL, NULL, NULL, '4'),
(273, 67, 24, NULL, NULL, NULL, '5'),
(274, 67, 25, NULL, NULL, NULL, '5'),
(275, 67, 21, NULL, NULL, NULL, '6'),
(276, 67, 75, NULL, NULL, NULL, '12'),
(277, 68, 4, NULL, NULL, NULL, '1'),
(278, 68, 3, NULL, NULL, NULL, '2'),
(279, 68, 13, NULL, NULL, NULL, '3'),
(280, 68, 14, NULL, NULL, NULL, '3'),
(281, 68, 18, NULL, NULL, NULL, '4'),
(282, 68, 24, NULL, NULL, NULL, '5'),
(283, 68, 25, NULL, NULL, NULL, '5'),
(284, 68, 21, NULL, NULL, NULL, '6'),
(285, 68, 75, NULL, NULL, NULL, '12'),
(286, 69, 5, NULL, NULL, NULL, '1'),
(287, 69, 3, NULL, NULL, NULL, '2'),
(288, 69, 9, NULL, NULL, NULL, '3'),
(289, 69, 13, NULL, NULL, NULL, '3'),
(290, 69, 14, NULL, NULL, NULL, '3'),
(291, 69, 18, NULL, NULL, NULL, '4'),
(292, 69, 24, NULL, NULL, NULL, '5'),
(293, 69, 21, NULL, NULL, NULL, '6'),
(294, 69, 75, NULL, NULL, NULL, '12'),
(295, 70, 5, NULL, NULL, NULL, '1'),
(296, 70, 3, NULL, NULL, NULL, '2'),
(297, 70, 9, NULL, NULL, NULL, '3'),
(298, 70, 13, NULL, NULL, NULL, '3'),
(299, 70, 14, NULL, NULL, NULL, '3'),
(300, 70, 18, NULL, NULL, NULL, '4'),
(301, 70, 24, NULL, NULL, NULL, '5'),
(302, 70, 21, NULL, NULL, NULL, '6'),
(303, 70, 75, NULL, NULL, NULL, '12'),
(304, 71, 5, NULL, NULL, NULL, '1'),
(305, 71, 3, NULL, NULL, NULL, '2'),
(306, 71, 9, NULL, NULL, NULL, '3'),
(307, 71, 13, NULL, NULL, NULL, '3'),
(308, 71, 14, NULL, NULL, NULL, '3'),
(309, 71, 18, NULL, NULL, NULL, '4'),
(310, 71, 24, NULL, NULL, NULL, '5'),
(311, 71, 21, NULL, NULL, NULL, '6'),
(312, 71, 75, NULL, NULL, NULL, '12'),
(313, 72, 5, NULL, NULL, NULL, '1'),
(314, 72, 3, NULL, NULL, NULL, '2'),
(315, 72, 9, NULL, NULL, NULL, '3'),
(316, 72, 13, NULL, NULL, NULL, '3'),
(317, 72, 14, NULL, NULL, NULL, '3'),
(318, 72, 18, NULL, NULL, NULL, '4'),
(319, 72, 24, NULL, NULL, NULL, '5'),
(320, 72, 21, NULL, NULL, NULL, '6'),
(321, 72, 75, NULL, NULL, NULL, '12'),
(322, 73, 5, NULL, NULL, NULL, '1'),
(323, 73, 3, NULL, NULL, NULL, '2'),
(324, 73, 9, NULL, NULL, NULL, '3'),
(325, 73, 10, NULL, NULL, NULL, '3'),
(326, 73, 11, NULL, NULL, NULL, '3'),
(327, 73, 18, NULL, NULL, NULL, '4'),
(328, 73, 24, NULL, NULL, NULL, '5'),
(329, 73, 25, NULL, NULL, NULL, '5'),
(330, 73, 21, NULL, NULL, NULL, '6'),
(331, 73, 75, NULL, NULL, NULL, '12'),
(332, 74, 5, NULL, NULL, NULL, '1'),
(333, 74, 2, NULL, NULL, NULL, '2'),
(334, 74, 9, NULL, NULL, NULL, '3'),
(335, 74, 18, NULL, NULL, NULL, '4'),
(336, 74, 24, NULL, NULL, NULL, '5'),
(337, 74, 22, NULL, NULL, NULL, '6'),
(338, 74, 75, NULL, NULL, NULL, '12'),
(339, 75, 5, NULL, NULL, NULL, '1'),
(340, 75, 3, NULL, NULL, NULL, '2'),
(341, 75, 9, NULL, NULL, NULL, '3'),
(342, 75, 18, NULL, NULL, NULL, '4'),
(343, 75, 24, NULL, NULL, NULL, '5'),
(344, 75, 21, NULL, NULL, NULL, '6'),
(345, 75, 75, NULL, NULL, NULL, '12'),
(346, 76, 5, NULL, NULL, NULL, '1'),
(347, 76, 2, NULL, NULL, NULL, '2'),
(348, 76, 9, NULL, NULL, NULL, '3'),
(349, 76, 18, NULL, NULL, NULL, '4'),
(350, 76, 24, NULL, NULL, NULL, '5'),
(351, 76, 21, NULL, NULL, NULL, '6'),
(352, 76, 75, NULL, NULL, NULL, '12'),
(353, 77, 5, NULL, NULL, NULL, '1'),
(354, 77, 2, NULL, NULL, NULL, '2'),
(355, 77, 9, NULL, NULL, NULL, '3'),
(356, 77, 18, NULL, NULL, NULL, '4'),
(357, 77, 24, NULL, NULL, NULL, '5'),
(358, 77, 21, NULL, NULL, NULL, '6'),
(359, 77, 75, NULL, NULL, NULL, '12'),
(360, 78, 5, NULL, NULL, NULL, '1'),
(361, 78, 2, NULL, NULL, NULL, '2'),
(362, 78, 9, NULL, NULL, NULL, '3'),
(363, 78, 18, NULL, NULL, NULL, '4'),
(364, 78, 24, NULL, NULL, NULL, '5'),
(365, 78, 21, NULL, NULL, NULL, '6'),
(366, 78, 75, NULL, NULL, NULL, '12'),
(367, 79, 5, NULL, NULL, NULL, '1'),
(368, 79, 2, NULL, NULL, NULL, '2'),
(369, 79, 9, NULL, NULL, NULL, '3'),
(370, 79, 18, NULL, NULL, NULL, '4'),
(371, 79, 24, NULL, NULL, NULL, '5'),
(372, 79, 21, NULL, NULL, NULL, '6'),
(373, 79, 75, NULL, NULL, NULL, '12'),
(374, 80, 5, NULL, NULL, NULL, '1'),
(375, 80, 2, NULL, NULL, NULL, '2'),
(376, 80, 9, NULL, NULL, NULL, '3'),
(377, 80, 18, NULL, NULL, NULL, '4'),
(378, 80, 24, NULL, NULL, NULL, '5'),
(379, 80, 21, NULL, NULL, NULL, '6'),
(380, 80, 75, NULL, NULL, NULL, '12'),
(381, 81, 4, NULL, NULL, NULL, '1'),
(382, 81, 3, NULL, NULL, NULL, '2'),
(383, 81, 9, NULL, NULL, NULL, '3'),
(384, 81, 17, NULL, NULL, NULL, '4'),
(385, 81, 24, NULL, NULL, NULL, '5'),
(386, 81, 22, NULL, NULL, NULL, '6'),
(387, 81, 75, NULL, NULL, NULL, '12'),
(388, 82, 4, NULL, NULL, NULL, '1'),
(389, 82, 3, NULL, NULL, NULL, '2'),
(390, 82, 9, NULL, NULL, NULL, '3'),
(391, 82, 17, NULL, NULL, NULL, '4'),
(392, 82, 24, NULL, NULL, NULL, '5'),
(393, 82, 22, NULL, NULL, NULL, '6'),
(394, 82, 75, NULL, NULL, NULL, '12'),
(395, 83, 4, NULL, NULL, NULL, '1'),
(396, 83, 3, NULL, NULL, NULL, '2'),
(397, 83, 9, NULL, NULL, NULL, '3'),
(398, 83, 17, NULL, NULL, NULL, '4'),
(399, 83, 24, NULL, NULL, NULL, '5'),
(400, 83, 22, NULL, NULL, NULL, '6'),
(401, 83, 75, NULL, NULL, NULL, '12'),
(402, 84, 4, NULL, NULL, NULL, '1'),
(403, 84, 3, NULL, NULL, NULL, '2'),
(404, 84, 9, NULL, NULL, NULL, '3'),
(405, 84, 17, NULL, NULL, NULL, '4'),
(406, 84, 24, NULL, NULL, NULL, '5'),
(407, 84, 22, NULL, NULL, NULL, '6'),
(408, 84, 75, NULL, NULL, NULL, '12'),
(409, 85, 4, NULL, NULL, NULL, '1'),
(410, 85, 3, NULL, NULL, NULL, '2'),
(411, 85, 9, NULL, NULL, NULL, '3'),
(412, 85, 17, NULL, NULL, NULL, '4'),
(413, 85, 24, NULL, NULL, NULL, '5'),
(414, 85, 22, NULL, NULL, NULL, '6'),
(415, 85, 75, NULL, NULL, NULL, '12'),
(416, 86, 4, NULL, NULL, NULL, '1'),
(417, 86, 3, NULL, NULL, NULL, '2'),
(418, 86, 9, NULL, NULL, NULL, '3'),
(419, 86, 17, NULL, NULL, NULL, '4'),
(420, 86, 24, NULL, NULL, NULL, '5'),
(421, 86, 22, NULL, NULL, NULL, '6'),
(422, 86, 75, NULL, NULL, NULL, '12'),
(423, 87, 4, NULL, NULL, NULL, '1'),
(424, 87, 3, NULL, NULL, NULL, '2'),
(425, 87, 9, NULL, NULL, NULL, '3'),
(426, 87, 17, NULL, NULL, NULL, '4'),
(427, 87, 24, NULL, NULL, NULL, '5'),
(428, 87, 22, NULL, NULL, NULL, '6'),
(429, 87, 75, NULL, NULL, NULL, '12'),
(430, 88, 4, NULL, NULL, NULL, '1'),
(431, 88, 3, NULL, NULL, NULL, '2'),
(432, 88, 9, NULL, NULL, NULL, '3'),
(433, 88, 17, NULL, NULL, NULL, '4'),
(434, 88, 24, NULL, NULL, NULL, '5'),
(435, 88, 22, NULL, NULL, NULL, '6'),
(436, 88, 75, NULL, NULL, NULL, '12'),
(437, 89, 4, NULL, NULL, NULL, '1'),
(438, 89, 3, NULL, NULL, NULL, '2'),
(439, 89, 9, NULL, NULL, NULL, '3'),
(440, 89, 17, NULL, NULL, NULL, '4'),
(441, 89, 24, NULL, NULL, NULL, '5'),
(442, 89, 22, NULL, NULL, NULL, '6'),
(443, 89, 75, NULL, NULL, NULL, '12'),
(444, 90, 4, NULL, NULL, NULL, '1'),
(445, 90, 3, NULL, NULL, NULL, '2'),
(446, 90, 9, NULL, NULL, NULL, '3'),
(447, 90, 17, NULL, NULL, NULL, '4'),
(448, 90, 24, NULL, NULL, NULL, '5'),
(449, 90, 22, NULL, NULL, NULL, '6'),
(450, 90, 75, NULL, NULL, NULL, '12'),
(451, 91, 4, NULL, NULL, NULL, '1'),
(452, 91, 3, NULL, NULL, NULL, '2'),
(453, 91, 9, NULL, NULL, NULL, '3'),
(454, 91, 17, NULL, NULL, NULL, '4'),
(455, 91, 24, NULL, NULL, NULL, '5'),
(456, 91, 22, NULL, NULL, NULL, '6'),
(457, 91, 75, NULL, NULL, NULL, '12'),
(458, 92, 4, NULL, NULL, NULL, '1'),
(459, 92, 3, NULL, NULL, NULL, '2'),
(460, 92, 9, NULL, NULL, NULL, '3'),
(461, 92, 17, NULL, NULL, NULL, '4'),
(462, 92, 24, NULL, NULL, NULL, '5'),
(463, 92, 22, NULL, NULL, NULL, '6'),
(464, 92, 75, NULL, NULL, NULL, '12'),
(465, 93, 4, NULL, NULL, NULL, '1'),
(466, 93, 3, NULL, NULL, NULL, '2'),
(467, 93, 9, NULL, NULL, NULL, '3'),
(468, 93, 17, NULL, NULL, NULL, '4'),
(469, 93, 24, NULL, NULL, NULL, '5'),
(470, 93, 22, NULL, NULL, NULL, '6'),
(471, 93, 75, NULL, NULL, NULL, '12'),
(472, 94, 4, NULL, NULL, NULL, '1'),
(473, 94, 3, NULL, NULL, NULL, '2'),
(474, 94, 8, NULL, NULL, NULL, '3'),
(475, 94, 9, NULL, NULL, NULL, '3'),
(476, 94, 17, NULL, NULL, NULL, '4'),
(477, 94, 24, NULL, NULL, NULL, '5'),
(478, 94, 25, NULL, NULL, NULL, '5'),
(479, 94, 21, NULL, NULL, NULL, '6'),
(480, 94, 75, NULL, NULL, NULL, '12'),
(481, 95, 4, NULL, NULL, NULL, '1'),
(482, 95, 3, NULL, NULL, NULL, '2'),
(483, 95, 8, NULL, NULL, NULL, '3'),
(484, 95, 9, NULL, NULL, NULL, '3'),
(485, 95, 17, NULL, NULL, NULL, '4'),
(486, 95, 24, NULL, NULL, NULL, '5'),
(487, 95, 25, NULL, NULL, NULL, '5'),
(488, 95, 21, NULL, NULL, NULL, '6'),
(489, 95, 75, NULL, NULL, NULL, '12'),
(490, 96, 5, NULL, NULL, NULL, '1'),
(491, 96, 3, NULL, NULL, NULL, '2'),
(492, 96, 9, NULL, NULL, NULL, '3'),
(493, 96, 12, NULL, NULL, NULL, '3'),
(494, 96, 13, NULL, NULL, NULL, '3'),
(495, 96, 17, NULL, NULL, NULL, '4'),
(496, 96, 24, NULL, NULL, NULL, '5'),
(497, 96, 22, NULL, NULL, NULL, '6'),
(498, 96, 75, NULL, NULL, NULL, '12'),
(499, 97, 5, NULL, NULL, NULL, '1'),
(500, 97, 3, NULL, NULL, NULL, '2'),
(501, 97, 9, NULL, NULL, NULL, '3'),
(502, 97, 12, NULL, NULL, NULL, '3'),
(503, 97, 13, NULL, NULL, NULL, '3'),
(504, 97, 17, NULL, NULL, NULL, '4'),
(505, 97, 24, NULL, NULL, NULL, '5'),
(506, 97, 22, NULL, NULL, NULL, '6'),
(507, 97, 75, NULL, NULL, NULL, '12'),
(508, 98, 5, NULL, NULL, NULL, '1'),
(509, 98, 3, NULL, NULL, NULL, '2'),
(510, 98, 9, NULL, NULL, NULL, '3'),
(511, 98, 12, NULL, NULL, NULL, '3'),
(512, 98, 13, NULL, NULL, NULL, '3'),
(513, 98, 17, NULL, NULL, NULL, '4'),
(514, 98, 24, NULL, NULL, NULL, '5'),
(515, 98, 22, NULL, NULL, NULL, '6'),
(516, 98, 75, NULL, NULL, NULL, '12'),
(517, 99, 5, NULL, NULL, NULL, '1'),
(518, 99, 3, NULL, NULL, NULL, '2'),
(519, 99, 9, NULL, NULL, NULL, '3'),
(520, 99, 12, NULL, NULL, NULL, '3'),
(521, 99, 13, NULL, NULL, NULL, '3'),
(522, 99, 17, NULL, NULL, NULL, '4'),
(523, 99, 24, NULL, NULL, NULL, '5'),
(524, 99, 22, NULL, NULL, NULL, '6'),
(525, 99, 75, NULL, NULL, NULL, '12'),
(526, 100, 5, NULL, NULL, NULL, '1'),
(527, 100, 3, NULL, NULL, NULL, '2'),
(528, 100, 9, NULL, NULL, NULL, '3'),
(529, 100, 12, NULL, NULL, NULL, '3'),
(530, 100, 13, NULL, NULL, NULL, '3'),
(531, 100, 17, NULL, NULL, NULL, '4'),
(532, 100, 24, NULL, NULL, NULL, '5'),
(533, 100, 22, NULL, NULL, NULL, '6'),
(534, 100, 75, NULL, NULL, NULL, '12'),
(535, 101, 5, NULL, NULL, NULL, '1'),
(536, 101, 3, NULL, NULL, NULL, '2'),
(537, 101, 9, NULL, NULL, NULL, '3'),
(538, 101, 12, NULL, NULL, NULL, '3'),
(539, 101, 13, NULL, NULL, NULL, '3'),
(540, 101, 17, NULL, NULL, NULL, '4'),
(541, 101, 24, NULL, NULL, NULL, '5'),
(542, 101, 22, NULL, NULL, NULL, '6'),
(543, 101, 75, NULL, NULL, NULL, '12'),
(544, 102, 5, NULL, NULL, NULL, '1'),
(545, 102, 3, NULL, NULL, NULL, '2'),
(546, 102, 9, NULL, NULL, NULL, '3'),
(547, 102, 12, NULL, NULL, NULL, '3'),
(548, 102, 13, NULL, NULL, NULL, '3'),
(549, 102, 17, NULL, NULL, NULL, '4'),
(550, 102, 24, NULL, NULL, NULL, '5'),
(551, 102, 22, NULL, NULL, NULL, '6'),
(552, 102, 75, NULL, NULL, NULL, '12'),
(553, 103, 5, NULL, NULL, NULL, '1'),
(554, 103, 3, NULL, NULL, NULL, '2'),
(555, 103, 9, NULL, NULL, NULL, '3'),
(556, 103, 12, NULL, NULL, NULL, '3'),
(557, 103, 13, NULL, NULL, NULL, '3'),
(558, 103, 17, NULL, NULL, NULL, '4'),
(559, 103, 24, NULL, NULL, NULL, '5'),
(560, 103, 22, NULL, NULL, NULL, '6'),
(561, 103, 75, NULL, NULL, NULL, '12'),
(562, 104, 5, NULL, NULL, NULL, '1'),
(563, 104, 3, NULL, NULL, NULL, '2'),
(564, 104, 12, NULL, NULL, NULL, '3'),
(565, 104, 13, NULL, NULL, NULL, '3'),
(566, 104, 14, NULL, NULL, NULL, '3'),
(567, 104, 18, NULL, NULL, NULL, '4'),
(568, 104, 24, NULL, NULL, NULL, '5'),
(569, 104, 25, NULL, NULL, NULL, '5'),
(570, 104, 21, NULL, NULL, NULL, '6'),
(571, 104, 75, NULL, NULL, NULL, '12'),
(572, 105, 5, NULL, NULL, NULL, '1'),
(573, 105, 3, NULL, NULL, NULL, '2'),
(574, 105, 12, NULL, NULL, NULL, '3'),
(575, 105, 13, NULL, NULL, NULL, '3'),
(576, 105, 14, NULL, NULL, NULL, '3'),
(577, 105, 18, NULL, NULL, NULL, '4'),
(578, 105, 24, NULL, NULL, NULL, '5'),
(579, 105, 25, NULL, NULL, NULL, '5'),
(580, 105, 21, NULL, NULL, NULL, '6'),
(581, 105, 75, NULL, NULL, NULL, '12'),
(582, 106, 5, NULL, NULL, NULL, '1'),
(583, 106, 3, NULL, NULL, NULL, '2'),
(584, 106, 12, NULL, NULL, NULL, '3'),
(585, 106, 13, NULL, NULL, NULL, '3'),
(586, 106, 14, NULL, NULL, NULL, '3'),
(587, 106, 18, NULL, NULL, NULL, '4'),
(588, 106, 24, NULL, NULL, NULL, '5'),
(589, 106, 25, NULL, NULL, NULL, '5'),
(590, 106, 21, NULL, NULL, NULL, '6'),
(591, 106, 75, NULL, NULL, NULL, '12'),
(592, 107, 5, NULL, NULL, NULL, '1'),
(593, 107, 3, NULL, NULL, NULL, '2'),
(594, 107, 13, NULL, NULL, NULL, '3'),
(595, 107, 14, NULL, NULL, NULL, '3'),
(596, 107, 18, NULL, NULL, NULL, '4'),
(597, 107, 25, NULL, NULL, NULL, '5'),
(598, 107, 22, NULL, NULL, NULL, '6'),
(599, 107, 75, NULL, NULL, NULL, '12'),
(600, 108, 5, NULL, NULL, NULL, '1'),
(601, 108, 3, NULL, NULL, NULL, '2'),
(602, 108, 13, NULL, NULL, NULL, '3'),
(603, 108, 14, NULL, NULL, NULL, '3'),
(604, 108, 18, NULL, NULL, NULL, '4'),
(605, 108, 25, NULL, NULL, NULL, '5'),
(606, 108, 22, NULL, NULL, NULL, '6'),
(607, 108, 75, NULL, NULL, NULL, '12'),
(608, 109, 5, NULL, NULL, NULL, '1'),
(609, 109, 3, NULL, NULL, NULL, '2'),
(610, 109, 13, NULL, NULL, NULL, '3'),
(611, 109, 14, NULL, NULL, NULL, '3'),
(612, 109, 18, NULL, NULL, NULL, '4'),
(613, 109, 25, NULL, NULL, NULL, '5'),
(614, 109, 22, NULL, NULL, NULL, '6'),
(615, 109, 75, NULL, NULL, NULL, '12'),
(616, 110, 5, NULL, NULL, NULL, '1'),
(617, 110, 3, NULL, NULL, NULL, '2'),
(618, 110, 13, NULL, NULL, NULL, '3'),
(619, 110, 14, NULL, NULL, NULL, '3'),
(620, 110, 18, NULL, NULL, NULL, '4'),
(621, 110, 25, NULL, NULL, NULL, '5'),
(622, 110, 22, NULL, NULL, NULL, '6'),
(623, 110, 75, NULL, NULL, NULL, '12'),
(624, 111, 5, NULL, NULL, NULL, '1'),
(625, 111, 3, NULL, NULL, NULL, '2'),
(626, 111, 13, NULL, NULL, NULL, '3'),
(627, 111, 14, NULL, NULL, NULL, '3'),
(628, 111, 18, NULL, NULL, NULL, '4'),
(629, 111, 25, NULL, NULL, NULL, '5'),
(630, 111, 22, NULL, NULL, NULL, '6'),
(631, 111, 75, NULL, NULL, NULL, '12'),
(632, 112, 5, NULL, NULL, NULL, '1'),
(633, 112, 3, NULL, NULL, NULL, '2'),
(634, 112, 13, NULL, NULL, NULL, '3'),
(635, 112, 14, NULL, NULL, NULL, '3'),
(636, 112, 18, NULL, NULL, NULL, '4'),
(637, 112, 25, NULL, NULL, NULL, '5'),
(638, 112, 22, NULL, NULL, NULL, '6'),
(639, 112, 75, NULL, NULL, NULL, '12'),
(640, 113, 5, NULL, NULL, NULL, '1'),
(641, 113, 3, NULL, NULL, NULL, '2'),
(642, 113, 13, NULL, NULL, NULL, '3'),
(643, 113, 14, NULL, NULL, NULL, '3'),
(644, 113, 18, NULL, NULL, NULL, '4'),
(645, 113, 25, NULL, NULL, NULL, '5'),
(646, 113, 22, NULL, NULL, NULL, '6'),
(647, 113, 75, NULL, NULL, NULL, '12'),
(648, 114, 5, NULL, NULL, NULL, '1'),
(649, 114, 3, NULL, NULL, NULL, '2'),
(650, 114, 13, NULL, NULL, NULL, '3'),
(651, 114, 14, NULL, NULL, NULL, '3'),
(652, 114, 18, NULL, NULL, NULL, '4'),
(653, 114, 25, NULL, NULL, NULL, '5'),
(654, 114, 22, NULL, NULL, NULL, '6'),
(655, 114, 75, NULL, NULL, NULL, '12'),
(656, 115, 5, NULL, NULL, NULL, '1'),
(657, 115, 3, NULL, NULL, NULL, '2'),
(658, 115, 13, NULL, NULL, NULL, '3'),
(659, 115, 14, NULL, NULL, NULL, '3'),
(660, 115, 18, NULL, NULL, NULL, '4'),
(661, 115, 25, NULL, NULL, NULL, '5'),
(662, 115, 22, NULL, NULL, NULL, '6'),
(663, 115, 75, NULL, NULL, NULL, '12'),
(664, 116, 5, NULL, NULL, NULL, '1'),
(665, 116, 3, NULL, NULL, NULL, '2'),
(666, 116, 13, NULL, NULL, NULL, '3'),
(667, 116, 14, NULL, NULL, NULL, '3'),
(668, 116, 18, NULL, NULL, NULL, '4'),
(669, 116, 25, NULL, NULL, NULL, '5'),
(670, 116, 22, NULL, NULL, NULL, '6'),
(671, 116, 75, NULL, NULL, NULL, '12'),
(672, 117, 5, NULL, NULL, NULL, '1'),
(673, 117, 3, NULL, NULL, NULL, '2'),
(674, 117, 13, NULL, NULL, NULL, '3'),
(675, 117, 14, NULL, NULL, NULL, '3'),
(676, 117, 18, NULL, NULL, NULL, '4'),
(677, 117, 25, NULL, NULL, NULL, '5'),
(678, 117, 22, NULL, NULL, NULL, '6'),
(679, 117, 75, NULL, NULL, NULL, '12'),
(680, 118, 5, NULL, NULL, NULL, '1'),
(681, 118, 3, NULL, NULL, NULL, '2'),
(682, 118, 13, NULL, NULL, NULL, '3'),
(683, 118, 14, NULL, NULL, NULL, '3'),
(684, 118, 18, NULL, NULL, NULL, '4'),
(685, 118, 25, NULL, NULL, NULL, '5'),
(686, 118, 22, NULL, NULL, NULL, '6'),
(687, 118, 75, NULL, NULL, NULL, '12'),
(688, 119, 4, NULL, NULL, NULL, '1'),
(689, 119, 3, NULL, NULL, NULL, '2'),
(690, 119, 12, NULL, NULL, NULL, '3'),
(691, 119, 13, NULL, NULL, NULL, '3'),
(692, 119, 14, NULL, NULL, NULL, '3'),
(693, 119, 17, NULL, NULL, NULL, '4'),
(694, 119, 24, NULL, NULL, NULL, '5'),
(695, 119, 26, NULL, NULL, NULL, '5'),
(696, 119, 22, NULL, NULL, NULL, '6'),
(697, 119, 75, NULL, NULL, NULL, '12'),
(698, 120, 4, NULL, NULL, NULL, '1'),
(699, 120, 3, NULL, NULL, NULL, '2'),
(700, 120, 12, NULL, NULL, NULL, '3'),
(701, 120, 13, NULL, NULL, NULL, '3'),
(702, 120, 14, NULL, NULL, NULL, '3'),
(703, 120, 17, NULL, NULL, NULL, '4'),
(704, 120, 24, NULL, NULL, NULL, '5'),
(705, 120, 26, NULL, NULL, NULL, '5'),
(706, 120, 22, NULL, NULL, NULL, '6'),
(707, 120, 75, NULL, NULL, NULL, '12'),
(708, 121, 4, NULL, NULL, NULL, '1'),
(709, 121, 3, NULL, NULL, NULL, '2'),
(710, 121, 12, NULL, NULL, NULL, '3'),
(711, 121, 13, NULL, NULL, NULL, '3'),
(712, 121, 14, NULL, NULL, NULL, '3'),
(713, 121, 17, NULL, NULL, NULL, '4'),
(714, 121, 24, NULL, NULL, NULL, '5'),
(715, 121, 26, NULL, NULL, NULL, '5'),
(716, 121, 22, NULL, NULL, NULL, '6'),
(717, 121, 75, NULL, NULL, NULL, '12'),
(718, 122, 4, NULL, NULL, NULL, '1'),
(719, 122, 3, NULL, NULL, NULL, '2'),
(720, 122, 12, NULL, NULL, NULL, '3'),
(721, 122, 13, NULL, NULL, NULL, '3'),
(722, 122, 14, NULL, NULL, NULL, '3'),
(723, 122, 17, NULL, NULL, NULL, '4'),
(724, 122, 24, NULL, NULL, NULL, '5'),
(725, 122, 26, NULL, NULL, NULL, '5'),
(726, 122, 22, NULL, NULL, NULL, '6'),
(727, 122, 75, NULL, NULL, NULL, '12'),
(728, 123, 4, NULL, NULL, NULL, '1'),
(729, 123, 3, NULL, NULL, NULL, '2'),
(730, 123, 12, NULL, NULL, NULL, '3'),
(731, 123, 13, NULL, NULL, NULL, '3'),
(732, 123, 14, NULL, NULL, NULL, '3'),
(733, 123, 17, NULL, NULL, NULL, '4'),
(734, 123, 24, NULL, NULL, NULL, '5'),
(735, 123, 26, NULL, NULL, NULL, '5'),
(736, 123, 22, NULL, NULL, NULL, '6'),
(737, 123, 75, NULL, NULL, NULL, '12'),
(738, 124, 4, NULL, NULL, NULL, '1'),
(739, 124, 3, NULL, NULL, NULL, '2'),
(740, 124, 12, NULL, NULL, NULL, '3'),
(741, 124, 13, NULL, NULL, NULL, '3'),
(742, 124, 14, NULL, NULL, NULL, '3'),
(743, 124, 17, NULL, NULL, NULL, '4'),
(744, 124, 24, NULL, NULL, NULL, '5'),
(745, 124, 26, NULL, NULL, NULL, '5'),
(746, 124, 22, NULL, NULL, NULL, '6'),
(747, 124, 75, NULL, NULL, NULL, '12'),
(748, 125, 4, NULL, NULL, NULL, '1'),
(749, 125, 3, NULL, NULL, NULL, '2'),
(750, 125, 12, NULL, NULL, NULL, '3'),
(751, 125, 13, NULL, NULL, NULL, '3'),
(752, 125, 14, NULL, NULL, NULL, '3'),
(753, 125, 17, NULL, NULL, NULL, '4'),
(754, 125, 24, NULL, NULL, NULL, '5'),
(755, 125, 26, NULL, NULL, NULL, '5'),
(756, 125, 22, NULL, NULL, NULL, '6'),
(757, 125, 75, NULL, NULL, NULL, '12'),
(758, 126, 5, NULL, NULL, NULL, '1'),
(759, 126, 3, NULL, NULL, NULL, '2'),
(760, 126, 13, NULL, NULL, NULL, '3'),
(761, 126, 14, NULL, NULL, NULL, '3'),
(762, 126, 17, NULL, NULL, NULL, '4'),
(763, 126, 24, NULL, NULL, NULL, '5'),
(764, 126, 22, NULL, NULL, NULL, '6'),
(765, 126, 75, NULL, NULL, NULL, '12'),
(766, 127, 5, NULL, NULL, NULL, '1'),
(767, 127, 3, NULL, NULL, NULL, '2'),
(768, 127, 13, NULL, NULL, NULL, '3'),
(769, 127, 14, NULL, NULL, NULL, '3'),
(770, 127, 17, NULL, NULL, NULL, '4'),
(771, 127, 24, NULL, NULL, NULL, '5'),
(772, 127, 22, NULL, NULL, NULL, '6'),
(773, 127, 75, NULL, NULL, NULL, '12'),
(774, 128, 5, NULL, NULL, NULL, '1'),
(775, 128, 3, NULL, NULL, NULL, '2'),
(776, 128, 13, NULL, NULL, NULL, '3'),
(777, 128, 14, NULL, NULL, NULL, '3'),
(778, 128, 17, NULL, NULL, NULL, '4'),
(779, 128, 24, NULL, NULL, NULL, '5'),
(780, 128, 22, NULL, NULL, NULL, '6'),
(781, 128, 75, NULL, NULL, NULL, '12'),
(782, 129, 5, NULL, NULL, NULL, '1'),
(783, 129, 3, NULL, NULL, NULL, '2'),
(784, 129, 13, NULL, NULL, NULL, '3'),
(785, 129, 14, NULL, NULL, NULL, '3'),
(786, 129, 17, NULL, NULL, NULL, '4'),
(787, 129, 24, NULL, NULL, NULL, '5'),
(788, 129, 22, NULL, NULL, NULL, '6'),
(789, 129, 75, NULL, NULL, NULL, '12'),
(790, 130, 5, NULL, NULL, NULL, '1'),
(791, 130, 3, NULL, NULL, NULL, '2'),
(792, 130, 13, NULL, NULL, NULL, '3'),
(793, 130, 14, NULL, NULL, NULL, '3'),
(794, 130, 17, NULL, NULL, NULL, '4'),
(795, 130, 24, NULL, NULL, NULL, '5'),
(796, 130, 22, NULL, NULL, NULL, '6'),
(797, 130, 75, NULL, NULL, NULL, '12'),
(798, 131, 5, NULL, NULL, NULL, '1'),
(799, 131, 3, NULL, NULL, NULL, '2'),
(800, 131, 13, NULL, NULL, NULL, '3'),
(801, 131, 14, NULL, NULL, NULL, '3'),
(802, 131, 17, NULL, NULL, NULL, '4'),
(803, 131, 24, NULL, NULL, NULL, '5'),
(804, 131, 22, NULL, NULL, NULL, '6'),
(805, 131, 75, NULL, NULL, NULL, '12'),
(806, 132, 5, NULL, NULL, NULL, '1'),
(807, 132, 3, NULL, NULL, NULL, '2'),
(808, 132, 13, NULL, NULL, NULL, '3'),
(809, 132, 14, NULL, NULL, NULL, '3'),
(810, 132, 17, NULL, NULL, NULL, '4'),
(811, 132, 24, NULL, NULL, NULL, '5'),
(812, 132, 22, NULL, NULL, NULL, '6'),
(813, 132, 75, NULL, NULL, NULL, '12'),
(814, 133, 5, NULL, NULL, NULL, '1'),
(815, 133, 3, NULL, NULL, NULL, '2'),
(816, 133, 13, NULL, NULL, NULL, '3'),
(817, 133, 14, NULL, NULL, NULL, '3'),
(818, 133, 17, NULL, NULL, NULL, '4'),
(819, 133, 24, NULL, NULL, NULL, '5'),
(820, 133, 22, NULL, NULL, NULL, '6'),
(821, 133, 75, NULL, NULL, NULL, '12'),
(822, 134, 5, NULL, NULL, NULL, '1'),
(823, 134, 3, NULL, NULL, NULL, '2'),
(824, 134, 13, NULL, NULL, NULL, '3'),
(825, 134, 14, NULL, NULL, NULL, '3'),
(826, 134, 17, NULL, NULL, NULL, '4'),
(827, 134, 24, NULL, NULL, NULL, '5'),
(828, 134, 22, NULL, NULL, NULL, '6'),
(829, 134, 75, NULL, NULL, NULL, '12'),
(830, 135, 5, NULL, NULL, NULL, '1'),
(831, 135, 3, NULL, NULL, NULL, '2'),
(832, 135, 13, NULL, NULL, NULL, '3'),
(833, 135, 14, NULL, NULL, NULL, '3'),
(834, 135, 17, NULL, NULL, NULL, '4'),
(835, 135, 24, NULL, NULL, NULL, '5'),
(836, 135, 22, NULL, NULL, NULL, '6'),
(837, 135, 75, NULL, NULL, NULL, '12'),
(838, 136, 5, NULL, NULL, NULL, '1'),
(839, 136, 3, NULL, NULL, NULL, '2'),
(840, 136, 13, NULL, NULL, NULL, '3'),
(841, 136, 14, NULL, NULL, NULL, '3'),
(842, 136, 17, NULL, NULL, NULL, '4'),
(843, 136, 24, NULL, NULL, NULL, '5'),
(844, 136, 22, NULL, NULL, NULL, '6'),
(845, 136, 75, NULL, NULL, NULL, '12'),
(846, 137, 5, NULL, NULL, NULL, '1'),
(847, 137, 3, NULL, NULL, NULL, '2'),
(848, 137, 13, NULL, NULL, NULL, '3'),
(849, 137, 14, NULL, NULL, NULL, '3'),
(850, 137, 17, NULL, NULL, NULL, '4'),
(851, 137, 24, NULL, NULL, NULL, '5'),
(852, 137, 22, NULL, NULL, NULL, '6'),
(853, 137, 75, NULL, NULL, NULL, '12'),
(854, 138, 5, NULL, NULL, NULL, '1'),
(855, 138, 3, NULL, NULL, NULL, '2'),
(856, 138, 13, NULL, NULL, NULL, '3'),
(857, 138, 14, NULL, NULL, NULL, '3'),
(858, 138, 17, NULL, NULL, NULL, '4'),
(859, 138, 24, NULL, NULL, NULL, '5'),
(860, 138, 22, NULL, NULL, NULL, '6'),
(861, 138, 75, NULL, NULL, NULL, '12'),
(862, 139, 5, NULL, NULL, NULL, '1'),
(863, 139, 3, NULL, NULL, NULL, '2'),
(864, 139, 13, NULL, NULL, NULL, '3'),
(865, 139, 14, NULL, NULL, NULL, '3'),
(866, 139, 17, NULL, NULL, NULL, '4'),
(867, 139, 24, NULL, NULL, NULL, '5'),
(868, 139, 22, NULL, NULL, NULL, '6'),
(869, 139, 75, NULL, NULL, NULL, '12'),
(870, 140, 5, NULL, NULL, NULL, '1'),
(871, 140, 3, NULL, NULL, NULL, '2'),
(872, 140, 13, NULL, NULL, NULL, '3'),
(873, 140, 14, NULL, NULL, NULL, '3'),
(874, 140, 17, NULL, NULL, NULL, '4'),
(875, 140, 24, NULL, NULL, NULL, '5'),
(876, 140, 22, NULL, NULL, NULL, '6'),
(877, 140, 75, NULL, NULL, NULL, '12'),
(878, 141, 5, NULL, NULL, NULL, '1'),
(879, 141, 3, NULL, NULL, NULL, '2'),
(880, 141, 13, NULL, NULL, NULL, '3'),
(881, 141, 14, NULL, NULL, NULL, '3'),
(882, 141, 17, NULL, NULL, NULL, '4'),
(883, 141, 24, NULL, NULL, NULL, '5'),
(884, 141, 22, NULL, NULL, NULL, '6'),
(885, 141, 75, NULL, NULL, NULL, '12'),
(886, 142, 5, NULL, NULL, NULL, '1'),
(887, 142, 3, NULL, NULL, NULL, '2'),
(888, 142, 13, NULL, NULL, NULL, '3'),
(889, 142, 14, NULL, NULL, NULL, '3'),
(890, 142, 17, NULL, NULL, NULL, '4'),
(891, 142, 24, NULL, NULL, NULL, '5'),
(892, 142, 22, NULL, NULL, NULL, '6'),
(893, 142, 75, NULL, NULL, NULL, '12'),
(894, 143, 5, NULL, NULL, NULL, '1'),
(895, 143, 3, NULL, NULL, NULL, '2'),
(896, 143, 13, NULL, NULL, NULL, '3'),
(897, 143, 14, NULL, NULL, NULL, '3'),
(898, 143, 17, NULL, NULL, NULL, '4'),
(899, 143, 24, NULL, NULL, NULL, '5'),
(900, 143, 22, NULL, NULL, NULL, '6'),
(901, 143, 75, NULL, NULL, NULL, '12'),
(902, 144, 5, NULL, NULL, NULL, '1'),
(903, 144, 3, NULL, NULL, NULL, '2'),
(904, 144, 13, NULL, NULL, NULL, '3'),
(905, 144, 14, NULL, NULL, NULL, '3'),
(906, 144, 17, NULL, NULL, NULL, '4'),
(907, 144, 24, NULL, NULL, NULL, '5'),
(908, 144, 22, NULL, NULL, NULL, '6'),
(909, 144, 75, NULL, NULL, NULL, '12'),
(910, 145, 5, NULL, NULL, NULL, '1'),
(911, 145, 3, NULL, NULL, NULL, '2'),
(912, 145, 13, NULL, NULL, NULL, '3'),
(913, 145, 14, NULL, NULL, NULL, '3'),
(914, 145, 17, NULL, NULL, NULL, '4'),
(915, 145, 24, NULL, NULL, NULL, '5'),
(916, 145, 22, NULL, NULL, NULL, '6'),
(917, 145, 75, NULL, NULL, NULL, '12'),
(918, 146, 5, NULL, NULL, NULL, '1'),
(919, 146, 3, NULL, NULL, NULL, '2'),
(920, 146, 13, NULL, NULL, NULL, '3'),
(921, 146, 14, NULL, NULL, NULL, '3'),
(922, 146, 17, NULL, NULL, NULL, '4'),
(923, 146, 24, NULL, NULL, NULL, '5'),
(924, 146, 22, NULL, NULL, NULL, '6'),
(925, 146, 75, NULL, NULL, NULL, '12'),
(926, 147, 5, NULL, NULL, NULL, '1'),
(927, 147, 3, NULL, NULL, NULL, '2'),
(928, 147, 13, NULL, NULL, NULL, '3'),
(929, 147, 14, NULL, NULL, NULL, '3'),
(930, 147, 17, NULL, NULL, NULL, '4'),
(931, 147, 24, NULL, NULL, NULL, '5'),
(932, 147, 22, NULL, NULL, NULL, '6'),
(933, 147, 75, NULL, NULL, NULL, '12'),
(934, 148, 5, NULL, NULL, NULL, '1'),
(935, 148, 3, NULL, NULL, NULL, '2'),
(936, 148, 13, NULL, NULL, NULL, '3'),
(937, 148, 14, NULL, NULL, NULL, '3'),
(938, 148, 17, NULL, NULL, NULL, '4'),
(939, 148, 24, NULL, NULL, NULL, '5'),
(940, 148, 22, NULL, NULL, NULL, '6'),
(941, 148, 75, NULL, NULL, NULL, '12'),
(942, 149, 5, NULL, NULL, NULL, '1'),
(943, 149, 3, NULL, NULL, NULL, '2'),
(944, 149, 13, NULL, NULL, NULL, '3'),
(945, 149, 14, NULL, NULL, NULL, '3'),
(946, 149, 17, NULL, NULL, NULL, '4'),
(947, 149, 24, NULL, NULL, NULL, '5'),
(948, 149, 22, NULL, NULL, NULL, '6'),
(949, 149, 75, NULL, NULL, NULL, '12'),
(950, 150, 5, NULL, NULL, NULL, '1'),
(951, 150, 3, NULL, NULL, NULL, '2'),
(952, 150, 13, NULL, NULL, NULL, '3'),
(953, 150, 14, NULL, NULL, NULL, '3'),
(954, 150, 17, NULL, NULL, NULL, '4'),
(955, 150, 24, NULL, NULL, NULL, '5'),
(956, 150, 22, NULL, NULL, NULL, '6'),
(957, 150, 75, NULL, NULL, NULL, '12'),
(958, 151, 5, NULL, NULL, NULL, '1'),
(959, 151, 3, NULL, NULL, NULL, '2'),
(960, 151, 13, NULL, NULL, NULL, '3'),
(961, 151, 14, NULL, NULL, NULL, '3'),
(962, 151, 17, NULL, NULL, NULL, '4'),
(963, 151, 24, NULL, NULL, NULL, '5'),
(964, 151, 22, NULL, NULL, NULL, '6'),
(965, 151, 75, NULL, NULL, NULL, '12'),
(966, 152, 5, NULL, NULL, NULL, '1'),
(967, 152, 3, NULL, NULL, NULL, '2'),
(968, 152, 13, NULL, NULL, NULL, '3'),
(969, 152, 14, NULL, NULL, NULL, '3'),
(970, 152, 17, NULL, NULL, NULL, '4'),
(971, 152, 24, NULL, NULL, NULL, '5'),
(972, 152, 22, NULL, NULL, NULL, '6'),
(973, 152, 75, NULL, NULL, NULL, '12'),
(974, 153, 5, NULL, NULL, NULL, '1'),
(975, 153, 3, NULL, NULL, NULL, '2'),
(976, 153, 13, NULL, NULL, NULL, '3'),
(977, 153, 14, NULL, NULL, NULL, '3'),
(978, 153, 17, NULL, NULL, NULL, '4'),
(979, 153, 24, NULL, NULL, NULL, '5'),
(980, 153, 22, NULL, NULL, NULL, '6'),
(981, 153, 75, NULL, NULL, NULL, '12'),
(982, 154, 5, NULL, NULL, NULL, '1'),
(983, 154, 3, NULL, NULL, NULL, '2'),
(984, 154, 13, NULL, NULL, NULL, '3'),
(985, 154, 14, NULL, NULL, NULL, '3'),
(986, 154, 17, NULL, NULL, NULL, '4'),
(987, 154, 24, NULL, NULL, NULL, '5'),
(988, 154, 22, NULL, NULL, NULL, '6'),
(989, 154, 75, NULL, NULL, NULL, '12'),
(990, 155, 5, NULL, NULL, NULL, '1'),
(991, 155, 3, NULL, NULL, NULL, '2'),
(992, 155, 13, NULL, NULL, NULL, '3'),
(993, 155, 14, NULL, NULL, NULL, '3'),
(994, 155, 17, NULL, NULL, NULL, '4'),
(995, 155, 24, NULL, NULL, NULL, '5'),
(996, 155, 22, NULL, NULL, NULL, '6'),
(997, 155, 75, NULL, NULL, NULL, '12'),
(998, 156, 5, NULL, NULL, NULL, '1'),
(999, 156, 3, NULL, NULL, NULL, '2'),
(1000, 156, 13, NULL, NULL, NULL, '3'),
(1001, 156, 14, NULL, NULL, NULL, '3'),
(1002, 156, 17, NULL, NULL, NULL, '4'),
(1003, 156, 24, NULL, NULL, NULL, '5'),
(1004, 156, 22, NULL, NULL, NULL, '6'),
(1005, 156, 75, NULL, NULL, NULL, '12'),
(1006, 157, 5, NULL, NULL, NULL, '1'),
(1007, 157, 3, NULL, NULL, NULL, '2'),
(1008, 157, 13, NULL, NULL, NULL, '3'),
(1009, 157, 14, NULL, NULL, NULL, '3'),
(1010, 157, 17, NULL, NULL, NULL, '4'),
(1011, 157, 24, NULL, NULL, NULL, '5'),
(1012, 157, 22, NULL, NULL, NULL, '6'),
(1013, 157, 75, NULL, NULL, NULL, '12'),
(1014, 158, 5, NULL, NULL, NULL, '1'),
(1015, 158, 3, NULL, NULL, NULL, '2'),
(1016, 158, 13, NULL, NULL, NULL, '3'),
(1017, 158, 14, NULL, NULL, NULL, '3'),
(1018, 158, 17, NULL, NULL, NULL, '4'),
(1019, 158, 24, NULL, NULL, NULL, '5'),
(1020, 158, 22, NULL, NULL, NULL, '6'),
(1021, 158, 75, NULL, NULL, NULL, '12'),
(1022, 159, 5, NULL, NULL, NULL, '1'),
(1023, 159, 3, NULL, NULL, NULL, '2'),
(1024, 159, 13, NULL, NULL, NULL, '3'),
(1025, 159, 14, NULL, NULL, NULL, '3'),
(1026, 159, 17, NULL, NULL, NULL, '4'),
(1027, 159, 24, NULL, NULL, NULL, '5'),
(1028, 159, 22, NULL, NULL, NULL, '6'),
(1029, 159, 75, NULL, NULL, NULL, '12'),
(1030, 160, 5, NULL, NULL, NULL, '1'),
(1031, 160, 3, NULL, NULL, NULL, '2'),
(1032, 160, 13, NULL, NULL, NULL, '3'),
(1033, 160, 14, NULL, NULL, NULL, '3'),
(1034, 160, 17, NULL, NULL, NULL, '4'),
(1035, 160, 24, NULL, NULL, NULL, '5'),
(1036, 160, 22, NULL, NULL, NULL, '6'),
(1037, 160, 75, NULL, NULL, NULL, '12'),
(1038, 161, 5, NULL, NULL, NULL, '1'),
(1039, 161, 3, NULL, NULL, NULL, '2'),
(1040, 161, 13, NULL, NULL, NULL, '3'),
(1041, 161, 14, NULL, NULL, NULL, '3'),
(1042, 161, 17, NULL, NULL, NULL, '4'),
(1043, 161, 24, NULL, NULL, NULL, '5'),
(1044, 161, 22, NULL, NULL, NULL, '6'),
(1045, 161, 75, NULL, NULL, NULL, '12'),
(1046, 162, 5, NULL, NULL, NULL, '1'),
(1047, 162, 3, NULL, NULL, NULL, '2'),
(1048, 162, 13, NULL, NULL, NULL, '3'),
(1049, 162, 14, NULL, NULL, NULL, '3'),
(1050, 162, 17, NULL, NULL, NULL, '4'),
(1051, 162, 24, NULL, NULL, NULL, '5'),
(1052, 162, 22, NULL, NULL, NULL, '6'),
(1053, 162, 75, NULL, NULL, NULL, '12'),
(1054, 163, 5, NULL, NULL, NULL, '1'),
(1055, 163, 3, NULL, NULL, NULL, '2'),
(1056, 163, 13, NULL, NULL, NULL, '3'),
(1057, 163, 14, NULL, NULL, NULL, '3'),
(1058, 163, 17, NULL, NULL, NULL, '4'),
(1059, 163, 24, NULL, NULL, NULL, '5'),
(1060, 163, 22, NULL, NULL, NULL, '6'),
(1061, 163, 75, NULL, NULL, NULL, '12'),
(1062, 164, 5, NULL, NULL, NULL, '1'),
(1063, 164, 3, NULL, NULL, NULL, '2'),
(1064, 164, 13, NULL, NULL, NULL, '3'),
(1065, 164, 14, NULL, NULL, NULL, '3'),
(1066, 164, 17, NULL, NULL, NULL, '4'),
(1067, 164, 24, NULL, NULL, NULL, '5'),
(1068, 164, 22, NULL, NULL, NULL, '6'),
(1069, 164, 75, NULL, NULL, NULL, '12'),
(1070, 165, 5, NULL, NULL, NULL, '1'),
(1071, 165, 3, NULL, NULL, NULL, '2'),
(1072, 165, 13, NULL, NULL, NULL, '3'),
(1073, 165, 14, NULL, NULL, NULL, '3'),
(1074, 165, 17, NULL, NULL, NULL, '4'),
(1075, 165, 24, NULL, NULL, NULL, '5'),
(1076, 165, 22, NULL, NULL, NULL, '6'),
(1077, 165, 75, NULL, NULL, NULL, '12'),
(1078, 166, 5, NULL, NULL, NULL, '1'),
(1079, 166, 3, NULL, NULL, NULL, '2'),
(1080, 166, 13, NULL, NULL, NULL, '3'),
(1081, 166, 14, NULL, NULL, NULL, '3'),
(1082, 166, 17, NULL, NULL, NULL, '4'),
(1083, 166, 24, NULL, NULL, NULL, '5'),
(1084, 166, 22, NULL, NULL, NULL, '6'),
(1085, 166, 75, NULL, NULL, NULL, '12'),
(1086, 167, 5, NULL, NULL, NULL, '1'),
(1087, 167, 3, NULL, NULL, NULL, '2'),
(1088, 167, 13, NULL, NULL, NULL, '3'),
(1089, 167, 14, NULL, NULL, NULL, '3'),
(1090, 167, 17, NULL, NULL, NULL, '4'),
(1091, 167, 24, NULL, NULL, NULL, '5'),
(1092, 167, 22, NULL, NULL, NULL, '6'),
(1093, 167, 75, NULL, NULL, NULL, '12'),
(1094, 168, 5, NULL, NULL, NULL, '1'),
(1095, 168, 3, NULL, NULL, NULL, '2'),
(1096, 168, 13, NULL, NULL, NULL, '3'),
(1097, 168, 14, NULL, NULL, NULL, '3'),
(1098, 168, 17, NULL, NULL, NULL, '4'),
(1099, 168, 24, NULL, NULL, NULL, '5'),
(1100, 168, 22, NULL, NULL, NULL, '6'),
(1101, 168, 75, NULL, NULL, NULL, '12'),
(1102, 169, 5, NULL, NULL, NULL, '1'),
(1103, 169, 3, NULL, NULL, NULL, '2'),
(1104, 169, 13, NULL, NULL, NULL, '3'),
(1105, 169, 14, NULL, NULL, NULL, '3'),
(1106, 169, 17, NULL, NULL, NULL, '4'),
(1107, 169, 24, NULL, NULL, NULL, '5'),
(1108, 169, 22, NULL, NULL, NULL, '6'),
(1109, 169, 75, NULL, NULL, NULL, '12'),
(1110, 170, 5, NULL, NULL, NULL, '1'),
(1111, 170, 3, NULL, NULL, NULL, '2'),
(1112, 170, 13, NULL, NULL, NULL, '3'),
(1113, 170, 14, NULL, NULL, NULL, '3'),
(1114, 170, 17, NULL, NULL, NULL, '4'),
(1115, 170, 24, NULL, NULL, NULL, '5'),
(1116, 170, 22, NULL, NULL, NULL, '6'),
(1117, 170, 75, NULL, NULL, NULL, '12'),
(1118, 171, 5, NULL, NULL, NULL, '1'),
(1119, 171, 3, NULL, NULL, NULL, '2'),
(1120, 171, 13, NULL, NULL, NULL, '3'),
(1121, 171, 14, NULL, NULL, NULL, '3'),
(1122, 171, 17, NULL, NULL, NULL, '4'),
(1123, 171, 24, NULL, NULL, NULL, '5'),
(1124, 171, 22, NULL, NULL, NULL, '6'),
(1125, 171, 75, NULL, NULL, NULL, '12'),
(1126, 172, 5, NULL, NULL, NULL, '1'),
(1127, 172, 3, NULL, NULL, NULL, '2'),
(1128, 172, 13, NULL, NULL, NULL, '3'),
(1129, 172, 14, NULL, NULL, NULL, '3'),
(1130, 172, 17, NULL, NULL, NULL, '4'),
(1131, 172, 24, NULL, NULL, NULL, '5'),
(1132, 172, 22, NULL, NULL, NULL, '6'),
(1133, 172, 75, NULL, NULL, NULL, '12'),
(1134, 173, 5, NULL, NULL, NULL, '1'),
(1135, 173, 3, NULL, NULL, NULL, '2'),
(1136, 173, 13, NULL, NULL, NULL, '3'),
(1137, 173, 14, NULL, NULL, NULL, '3'),
(1138, 173, 17, NULL, NULL, NULL, '4'),
(1139, 173, 24, NULL, NULL, NULL, '5'),
(1140, 173, 22, NULL, NULL, NULL, '6'),
(1141, 173, 75, NULL, NULL, NULL, '12'),
(1142, 174, 5, NULL, NULL, NULL, '1'),
(1143, 174, 3, NULL, NULL, NULL, '2'),
(1144, 174, 13, NULL, NULL, NULL, '3'),
(1145, 174, 14, NULL, NULL, NULL, '3'),
(1146, 174, 17, NULL, NULL, NULL, '4'),
(1147, 174, 24, NULL, NULL, NULL, '5'),
(1148, 174, 22, NULL, NULL, NULL, '6'),
(1149, 174, 75, NULL, NULL, NULL, '12'),
(1150, 175, 5, NULL, NULL, NULL, '1'),
(1151, 175, 3, NULL, NULL, NULL, '2'),
(1152, 175, 13, NULL, NULL, NULL, '3'),
(1153, 175, 14, NULL, NULL, NULL, '3'),
(1154, 175, 17, NULL, NULL, NULL, '4'),
(1155, 175, 24, NULL, NULL, NULL, '5'),
(1156, 175, 22, NULL, NULL, NULL, '6'),
(1157, 175, 75, NULL, NULL, NULL, '12'),
(1158, 176, 5, NULL, NULL, NULL, '1'),
(1159, 176, 3, NULL, NULL, NULL, '2'),
(1160, 176, 13, NULL, NULL, NULL, '3'),
(1161, 176, 14, NULL, NULL, NULL, '3'),
(1162, 176, 17, NULL, NULL, NULL, '4'),
(1163, 176, 24, NULL, NULL, NULL, '5'),
(1164, 176, 22, NULL, NULL, NULL, '6'),
(1165, 176, 75, NULL, NULL, NULL, '12'),
(1166, 177, 5, NULL, NULL, NULL, '1'),
(1167, 177, 3, NULL, NULL, NULL, '2'),
(1168, 177, 13, NULL, NULL, NULL, '3'),
(1169, 177, 14, NULL, NULL, NULL, '3'),
(1170, 177, 17, NULL, NULL, NULL, '4'),
(1171, 177, 24, NULL, NULL, NULL, '5'),
(1172, 177, 22, NULL, NULL, NULL, '6'),
(1173, 177, 75, NULL, NULL, NULL, '12'),
(1174, 178, 5, NULL, NULL, NULL, '1'),
(1175, 178, 3, NULL, NULL, NULL, '2'),
(1176, 178, 13, NULL, NULL, NULL, '3'),
(1177, 178, 14, NULL, NULL, NULL, '3'),
(1178, 178, 17, NULL, NULL, NULL, '4'),
(1179, 178, 24, NULL, NULL, NULL, '5'),
(1180, 178, 22, NULL, NULL, NULL, '6'),
(1181, 178, 75, NULL, NULL, NULL, '12'),
(1182, 179, 5, NULL, NULL, NULL, '1'),
(1183, 179, 3, NULL, NULL, NULL, '2'),
(1184, 179, 13, NULL, NULL, NULL, '3'),
(1185, 179, 14, NULL, NULL, NULL, '3'),
(1186, 179, 17, NULL, NULL, NULL, '4'),
(1187, 179, 24, NULL, NULL, NULL, '5'),
(1188, 179, 22, NULL, NULL, NULL, '6'),
(1189, 179, 75, NULL, NULL, NULL, '12'),
(1190, 180, 5, NULL, NULL, NULL, '1'),
(1191, 180, 3, NULL, NULL, NULL, '2'),
(1192, 180, 13, NULL, NULL, NULL, '3'),
(1193, 180, 14, NULL, NULL, NULL, '3'),
(1194, 180, 17, NULL, NULL, NULL, '4'),
(1195, 180, 24, NULL, NULL, NULL, '5'),
(1196, 180, 22, NULL, NULL, NULL, '6'),
(1197, 180, 75, NULL, NULL, NULL, '12'),
(1198, 181, 5, NULL, NULL, NULL, '1'),
(1199, 181, 3, NULL, NULL, NULL, '2'),
(1200, 181, 13, NULL, NULL, NULL, '3'),
(1201, 181, 14, NULL, NULL, NULL, '3'),
(1202, 181, 17, NULL, NULL, NULL, '4'),
(1203, 181, 24, NULL, NULL, NULL, '5'),
(1204, 181, 22, NULL, NULL, NULL, '6'),
(1205, 181, 75, NULL, NULL, NULL, '12'),
(1206, 182, 5, NULL, NULL, NULL, '1'),
(1207, 182, 3, NULL, NULL, NULL, '2'),
(1208, 182, 13, NULL, NULL, NULL, '3'),
(1209, 182, 14, NULL, NULL, NULL, '3'),
(1210, 182, 17, NULL, NULL, NULL, '4'),
(1211, 182, 24, NULL, NULL, NULL, '5'),
(1212, 182, 22, NULL, NULL, NULL, '6'),
(1213, 182, 75, NULL, NULL, NULL, '12'),
(1214, 183, 5, NULL, NULL, NULL, '1'),
(1215, 183, 3, NULL, NULL, NULL, '2'),
(1216, 183, 13, NULL, NULL, NULL, '3'),
(1217, 183, 14, NULL, NULL, NULL, '3'),
(1218, 183, 17, NULL, NULL, NULL, '4'),
(1219, 183, 24, NULL, NULL, NULL, '5'),
(1220, 183, 22, NULL, NULL, NULL, '6'),
(1221, 183, 75, NULL, NULL, NULL, '12'),
(1222, 184, 5, NULL, NULL, NULL, '1'),
(1223, 184, 3, NULL, NULL, NULL, '2'),
(1224, 184, 13, NULL, NULL, NULL, '3'),
(1225, 184, 14, NULL, NULL, NULL, '3'),
(1226, 184, 17, NULL, NULL, NULL, '4'),
(1227, 184, 24, NULL, NULL, NULL, '5'),
(1228, 184, 22, NULL, NULL, NULL, '6'),
(1229, 184, 75, NULL, NULL, NULL, '12'),
(1230, 185, 5, NULL, NULL, NULL, '1'),
(1231, 185, 3, NULL, NULL, NULL, '2'),
(1232, 185, 13, NULL, NULL, NULL, '3'),
(1233, 185, 14, NULL, NULL, NULL, '3'),
(1234, 185, 17, NULL, NULL, NULL, '4'),
(1235, 185, 24, NULL, NULL, NULL, '5'),
(1236, 185, 22, NULL, NULL, NULL, '6'),
(1237, 185, 75, NULL, NULL, NULL, '12'),
(1238, 186, 5, NULL, NULL, NULL, '1'),
(1239, 186, 3, NULL, NULL, NULL, '2'),
(1240, 186, 13, NULL, NULL, NULL, '3'),
(1241, 186, 14, NULL, NULL, NULL, '3'),
(1242, 186, 17, NULL, NULL, NULL, '4'),
(1243, 186, 24, NULL, NULL, NULL, '5'),
(1244, 186, 22, NULL, NULL, NULL, '6'),
(1245, 186, 75, NULL, NULL, NULL, '12'),
(1246, 187, 5, NULL, NULL, NULL, '1'),
(1247, 187, 3, NULL, NULL, NULL, '2'),
(1248, 187, 13, NULL, NULL, NULL, '3'),
(1249, 187, 14, NULL, NULL, NULL, '3'),
(1250, 187, 17, NULL, NULL, NULL, '4'),
(1251, 187, 24, NULL, NULL, NULL, '5'),
(1252, 187, 22, NULL, NULL, NULL, '6'),
(1253, 187, 75, NULL, NULL, NULL, '12'),
(1254, 188, 5, NULL, NULL, NULL, '1'),
(1255, 188, 3, NULL, NULL, NULL, '2'),
(1256, 188, 13, NULL, NULL, NULL, '3'),
(1257, 188, 14, NULL, NULL, NULL, '3'),
(1258, 188, 17, NULL, NULL, NULL, '4'),
(1259, 188, 24, NULL, NULL, NULL, '5'),
(1260, 188, 22, NULL, NULL, NULL, '6'),
(1261, 188, 75, NULL, NULL, NULL, '12'),
(1262, 189, 5, NULL, NULL, NULL, '1'),
(1263, 189, 3, NULL, NULL, NULL, '2'),
(1264, 189, 13, NULL, NULL, NULL, '3'),
(1265, 189, 14, NULL, NULL, NULL, '3'),
(1266, 189, 17, NULL, NULL, NULL, '4'),
(1267, 189, 24, NULL, NULL, NULL, '5'),
(1268, 189, 22, NULL, NULL, NULL, '6'),
(1269, 189, 75, NULL, NULL, NULL, '12'),
(1270, 190, 5, NULL, NULL, NULL, '1'),
(1271, 190, 3, NULL, NULL, NULL, '2'),
(1272, 190, 13, NULL, NULL, NULL, '3'),
(1273, 190, 14, NULL, NULL, NULL, '3'),
(1274, 190, 17, NULL, NULL, NULL, '4'),
(1275, 190, 24, NULL, NULL, NULL, '5'),
(1276, 190, 22, NULL, NULL, NULL, '6'),
(1277, 190, 75, NULL, NULL, NULL, '12'),
(1278, 191, 5, NULL, NULL, NULL, '1'),
(1279, 191, 3, NULL, NULL, NULL, '2'),
(1280, 191, 13, NULL, NULL, NULL, '3'),
(1281, 191, 14, NULL, NULL, NULL, '3'),
(1282, 191, 17, NULL, NULL, NULL, '4'),
(1283, 191, 24, NULL, NULL, NULL, '5'),
(1284, 191, 22, NULL, NULL, NULL, '6'),
(1285, 191, 75, NULL, NULL, NULL, '12'),
(1286, 192, 5, NULL, NULL, NULL, '1'),
(1287, 192, 3, NULL, NULL, NULL, '2'),
(1288, 192, 13, NULL, NULL, NULL, '3'),
(1289, 192, 14, NULL, NULL, NULL, '3'),
(1290, 192, 17, NULL, NULL, NULL, '4'),
(1291, 192, 24, NULL, NULL, NULL, '5'),
(1292, 192, 22, NULL, NULL, NULL, '6'),
(1293, 192, 75, NULL, NULL, NULL, '12'),
(1294, 193, 5, NULL, NULL, NULL, '1'),
(1295, 193, 3, NULL, NULL, NULL, '2'),
(1296, 193, 13, NULL, NULL, NULL, '3'),
(1297, 193, 14, NULL, NULL, NULL, '3'),
(1298, 193, 17, NULL, NULL, NULL, '4'),
(1299, 193, 24, NULL, NULL, NULL, '5'),
(1300, 193, 22, NULL, NULL, NULL, '6'),
(1301, 193, 75, NULL, NULL, NULL, '12'),
(1302, 194, 5, NULL, NULL, NULL, '1'),
(1303, 194, 3, NULL, NULL, NULL, '2'),
(1304, 194, 13, NULL, NULL, NULL, '3'),
(1305, 194, 14, NULL, NULL, NULL, '3'),
(1306, 194, 17, NULL, NULL, NULL, '4'),
(1307, 194, 24, NULL, NULL, NULL, '5'),
(1308, 194, 22, NULL, NULL, NULL, '6'),
(1309, 194, 75, NULL, NULL, NULL, '12'),
(1310, 195, 5, NULL, NULL, NULL, '1'),
(1311, 195, 3, NULL, NULL, NULL, '2'),
(1312, 195, 13, NULL, NULL, NULL, '3'),
(1313, 195, 14, NULL, NULL, NULL, '3'),
(1314, 195, 17, NULL, NULL, NULL, '4'),
(1315, 195, 24, NULL, NULL, NULL, '5'),
(1316, 195, 22, NULL, NULL, NULL, '6'),
(1317, 195, 75, NULL, NULL, NULL, '12'),
(1318, 196, 5, NULL, NULL, NULL, '1'),
(1319, 196, 3, NULL, NULL, NULL, '2'),
(1320, 196, 13, NULL, NULL, NULL, '3'),
(1321, 196, 14, NULL, NULL, NULL, '3'),
(1322, 196, 17, NULL, NULL, NULL, '4'),
(1323, 196, 24, NULL, NULL, NULL, '5'),
(1324, 196, 22, NULL, NULL, NULL, '6'),
(1325, 196, 75, NULL, NULL, NULL, '12'),
(1326, 197, 5, NULL, NULL, NULL, '1'),
(1327, 197, 3, NULL, NULL, NULL, '2'),
(1328, 197, 13, NULL, NULL, NULL, '3'),
(1329, 197, 14, NULL, NULL, NULL, '3'),
(1330, 197, 17, NULL, NULL, NULL, '4'),
(1331, 197, 24, NULL, NULL, NULL, '5'),
(1332, 197, 22, NULL, NULL, NULL, '6'),
(1333, 197, 75, NULL, NULL, NULL, '12'),
(1334, 198, 5, NULL, NULL, NULL, '1'),
(1335, 198, 3, NULL, NULL, NULL, '2'),
(1336, 198, 13, NULL, NULL, NULL, '3'),
(1337, 198, 14, NULL, NULL, NULL, '3'),
(1338, 198, 17, NULL, NULL, NULL, '4'),
(1339, 198, 24, NULL, NULL, NULL, '5'),
(1340, 198, 22, NULL, NULL, NULL, '6'),
(1341, 198, 75, NULL, NULL, NULL, '12'),
(1342, 199, 5, NULL, NULL, NULL, '1'),
(1343, 199, 3, NULL, NULL, NULL, '2'),
(1344, 199, 13, NULL, NULL, NULL, '3'),
(1345, 199, 14, NULL, NULL, NULL, '3'),
(1346, 199, 17, NULL, NULL, NULL, '4'),
(1347, 199, 24, NULL, NULL, NULL, '5'),
(1348, 199, 22, NULL, NULL, NULL, '6'),
(1349, 199, 75, NULL, NULL, NULL, '12'),
(1350, 200, 5, NULL, NULL, NULL, '1'),
(1351, 200, 3, NULL, NULL, NULL, '2'),
(1352, 200, 13, NULL, NULL, NULL, '3'),
(1353, 200, 14, NULL, NULL, NULL, '3'),
(1354, 200, 17, NULL, NULL, NULL, '4'),
(1355, 200, 24, NULL, NULL, NULL, '5'),
(1356, 200, 22, NULL, NULL, NULL, '6'),
(1357, 200, 75, NULL, NULL, NULL, '12'),
(1358, 201, 5, NULL, NULL, NULL, '1'),
(1359, 201, 3, NULL, NULL, NULL, '2'),
(1360, 201, 13, NULL, NULL, NULL, '3'),
(1361, 201, 14, NULL, NULL, NULL, '3'),
(1362, 201, 17, NULL, NULL, NULL, '4'),
(1363, 201, 24, NULL, NULL, NULL, '5');
INSERT INTO `answer_user` (`id`, `user_id`, `answer_id`, `value_of_answer`, `created_at`, `updated_at`, `question_id`) VALUES
(1364, 201, 22, NULL, NULL, NULL, '6'),
(1365, 201, 75, NULL, NULL, NULL, '12'),
(1366, 202, 5, NULL, NULL, NULL, '1'),
(1367, 202, 3, NULL, NULL, NULL, '2'),
(1368, 202, 13, NULL, NULL, NULL, '3'),
(1369, 202, 14, NULL, NULL, NULL, '3'),
(1370, 202, 17, NULL, NULL, NULL, '4'),
(1371, 202, 24, NULL, NULL, NULL, '5'),
(1372, 202, 22, NULL, NULL, NULL, '6'),
(1373, 202, 75, NULL, NULL, NULL, '12'),
(1374, 203, 5, NULL, NULL, NULL, '1'),
(1375, 203, 3, NULL, NULL, NULL, '2'),
(1376, 203, 13, NULL, NULL, NULL, '3'),
(1377, 203, 14, NULL, NULL, NULL, '3'),
(1378, 203, 17, NULL, NULL, NULL, '4'),
(1379, 203, 24, NULL, NULL, NULL, '5'),
(1380, 203, 22, NULL, NULL, NULL, '6'),
(1381, 203, 75, NULL, NULL, NULL, '12'),
(1382, 204, 5, NULL, NULL, NULL, '1'),
(1383, 204, 3, NULL, NULL, NULL, '2'),
(1384, 204, 13, NULL, NULL, NULL, '3'),
(1385, 204, 14, NULL, NULL, NULL, '3'),
(1386, 204, 17, NULL, NULL, NULL, '4'),
(1387, 204, 24, NULL, NULL, NULL, '5'),
(1388, 204, 22, NULL, NULL, NULL, '6'),
(1389, 204, 75, NULL, NULL, NULL, '12'),
(1390, 205, 5, NULL, NULL, NULL, '1'),
(1391, 205, 3, NULL, NULL, NULL, '2'),
(1392, 205, 13, NULL, NULL, NULL, '3'),
(1393, 205, 14, NULL, NULL, NULL, '3'),
(1394, 205, 17, NULL, NULL, NULL, '4'),
(1395, 205, 24, NULL, NULL, NULL, '5'),
(1396, 205, 22, NULL, NULL, NULL, '6'),
(1397, 205, 75, NULL, NULL, NULL, '12'),
(1398, 206, 5, NULL, NULL, NULL, '1'),
(1399, 206, 3, NULL, NULL, NULL, '2'),
(1400, 206, 13, NULL, NULL, NULL, '3'),
(1401, 206, 14, NULL, NULL, NULL, '3'),
(1402, 206, 17, NULL, NULL, NULL, '4'),
(1403, 206, 24, NULL, NULL, NULL, '5'),
(1404, 206, 22, NULL, NULL, NULL, '6'),
(1405, 206, 75, NULL, NULL, NULL, '12'),
(1406, 207, 5, NULL, NULL, NULL, '1'),
(1407, 207, 3, NULL, NULL, NULL, '2'),
(1408, 207, 12, NULL, NULL, NULL, '3'),
(1409, 207, 13, NULL, NULL, NULL, '3'),
(1410, 207, 14, NULL, NULL, NULL, '3'),
(1411, 207, 17, NULL, NULL, NULL, '4'),
(1412, 207, 24, NULL, NULL, NULL, '5'),
(1413, 207, 25, NULL, NULL, NULL, '5'),
(1414, 207, 26, NULL, NULL, NULL, '5'),
(1415, 207, 22, NULL, NULL, NULL, '6'),
(1416, 207, 75, NULL, NULL, NULL, '12'),
(1417, 208, 5, NULL, NULL, NULL, '1'),
(1418, 208, 3, NULL, NULL, NULL, '2'),
(1419, 208, 12, NULL, NULL, NULL, '3'),
(1420, 208, 13, NULL, NULL, NULL, '3'),
(1421, 208, 14, NULL, NULL, NULL, '3'),
(1422, 208, 17, NULL, NULL, NULL, '4'),
(1423, 208, 24, NULL, NULL, NULL, '5'),
(1424, 208, 25, NULL, NULL, NULL, '5'),
(1425, 208, 26, NULL, NULL, NULL, '5'),
(1426, 208, 22, NULL, NULL, NULL, '6'),
(1427, 208, 75, NULL, NULL, NULL, '12'),
(1428, 209, 5, NULL, NULL, NULL, '1'),
(1429, 209, 3, NULL, NULL, NULL, '2'),
(1430, 209, 12, NULL, NULL, NULL, '3'),
(1431, 209, 13, NULL, NULL, NULL, '3'),
(1432, 209, 14, NULL, NULL, NULL, '3'),
(1433, 209, 17, NULL, NULL, NULL, '4'),
(1434, 209, 24, NULL, NULL, NULL, '5'),
(1435, 209, 25, NULL, NULL, NULL, '5'),
(1436, 209, 26, NULL, NULL, NULL, '5'),
(1437, 209, 22, NULL, NULL, NULL, '6'),
(1438, 209, 75, NULL, NULL, NULL, '12'),
(1439, 210, 5, NULL, NULL, NULL, '1'),
(1440, 210, 3, NULL, NULL, NULL, '2'),
(1441, 210, 12, NULL, NULL, NULL, '3'),
(1442, 210, 13, NULL, NULL, NULL, '3'),
(1443, 210, 14, NULL, NULL, NULL, '3'),
(1444, 210, 17, NULL, NULL, NULL, '4'),
(1445, 210, 24, NULL, NULL, NULL, '5'),
(1446, 210, 25, NULL, NULL, NULL, '5'),
(1447, 210, 26, NULL, NULL, NULL, '5'),
(1448, 210, 22, NULL, NULL, NULL, '6'),
(1449, 210, 75, NULL, NULL, NULL, '12'),
(1450, 211, 5, NULL, NULL, NULL, '1'),
(1451, 211, 3, NULL, NULL, NULL, '2'),
(1452, 211, 12, NULL, NULL, NULL, '3'),
(1453, 211, 13, NULL, NULL, NULL, '3'),
(1454, 211, 14, NULL, NULL, NULL, '3'),
(1455, 211, 17, NULL, NULL, NULL, '4'),
(1456, 211, 24, NULL, NULL, NULL, '5'),
(1457, 211, 25, NULL, NULL, NULL, '5'),
(1458, 211, 26, NULL, NULL, NULL, '5'),
(1459, 211, 22, NULL, NULL, NULL, '6'),
(1460, 211, 75, NULL, NULL, NULL, '12'),
(1461, 212, 5, NULL, NULL, NULL, '1'),
(1462, 212, 3, NULL, NULL, NULL, '2'),
(1463, 212, 12, NULL, NULL, NULL, '3'),
(1464, 212, 13, NULL, NULL, NULL, '3'),
(1465, 212, 17, NULL, NULL, NULL, '4'),
(1466, 212, 24, NULL, NULL, NULL, '5'),
(1467, 212, 25, NULL, NULL, NULL, '5'),
(1468, 212, 22, NULL, NULL, NULL, '6'),
(1469, 212, 75, NULL, NULL, NULL, '12'),
(1470, 213, 5, NULL, NULL, NULL, '1'),
(1471, 213, 3, NULL, NULL, NULL, '2'),
(1472, 213, 12, NULL, NULL, NULL, '3'),
(1473, 213, 13, NULL, NULL, NULL, '3'),
(1474, 213, 17, NULL, NULL, NULL, '4'),
(1475, 213, 24, NULL, NULL, NULL, '5'),
(1476, 213, 25, NULL, NULL, NULL, '5'),
(1477, 213, 22, NULL, NULL, NULL, '6'),
(1478, 213, 75, NULL, NULL, NULL, '12'),
(1479, 214, 5, NULL, NULL, NULL, '1'),
(1480, 214, 3, NULL, NULL, NULL, '2'),
(1481, 214, 12, NULL, NULL, NULL, '3'),
(1482, 214, 13, NULL, NULL, NULL, '3'),
(1483, 214, 17, NULL, NULL, NULL, '4'),
(1484, 214, 24, NULL, NULL, NULL, '5'),
(1485, 214, 25, NULL, NULL, NULL, '5'),
(1486, 214, 22, NULL, NULL, NULL, '6'),
(1487, 214, 75, NULL, NULL, NULL, '12'),
(1488, 215, 5, NULL, NULL, NULL, '1'),
(1489, 215, 3, NULL, NULL, NULL, '2'),
(1490, 215, 12, NULL, NULL, NULL, '3'),
(1491, 215, 13, NULL, NULL, NULL, '3'),
(1492, 215, 17, NULL, NULL, NULL, '4'),
(1493, 215, 24, NULL, NULL, NULL, '5'),
(1494, 215, 25, NULL, NULL, NULL, '5'),
(1495, 215, 22, NULL, NULL, NULL, '6'),
(1496, 215, 75, NULL, NULL, NULL, '12'),
(1497, 216, 5, NULL, NULL, NULL, '1'),
(1498, 216, 3, NULL, NULL, NULL, '2'),
(1499, 216, 12, NULL, NULL, NULL, '3'),
(1500, 216, 13, NULL, NULL, NULL, '3'),
(1501, 216, 17, NULL, NULL, NULL, '4'),
(1502, 216, 24, NULL, NULL, NULL, '5'),
(1503, 216, 25, NULL, NULL, NULL, '5'),
(1504, 216, 22, NULL, NULL, NULL, '6'),
(1505, 216, 75, NULL, NULL, NULL, '12'),
(1506, 217, 5, NULL, NULL, NULL, '1'),
(1507, 217, 3, NULL, NULL, NULL, '2'),
(1508, 217, 12, NULL, NULL, NULL, '3'),
(1509, 217, 13, NULL, NULL, NULL, '3'),
(1510, 217, 17, NULL, NULL, NULL, '4'),
(1511, 217, 24, NULL, NULL, NULL, '5'),
(1512, 217, 25, NULL, NULL, NULL, '5'),
(1513, 217, 22, NULL, NULL, NULL, '6'),
(1514, 217, 75, NULL, NULL, NULL, '12'),
(1515, 218, 5, NULL, NULL, NULL, '1'),
(1516, 218, 3, NULL, NULL, NULL, '2'),
(1517, 218, 12, NULL, NULL, NULL, '3'),
(1518, 218, 13, NULL, NULL, NULL, '3'),
(1519, 218, 17, NULL, NULL, NULL, '4'),
(1520, 218, 24, NULL, NULL, NULL, '5'),
(1521, 218, 25, NULL, NULL, NULL, '5'),
(1522, 218, 22, NULL, NULL, NULL, '6'),
(1523, 218, 75, NULL, NULL, NULL, '12'),
(1524, 219, 5, NULL, NULL, NULL, '1'),
(1525, 219, 3, NULL, NULL, NULL, '2'),
(1526, 219, 12, NULL, NULL, NULL, '3'),
(1527, 219, 13, NULL, NULL, NULL, '3'),
(1528, 219, 17, NULL, NULL, NULL, '4'),
(1529, 219, 24, NULL, NULL, NULL, '5'),
(1530, 219, 25, NULL, NULL, NULL, '5'),
(1531, 219, 22, NULL, NULL, NULL, '6'),
(1532, 219, 75, NULL, NULL, NULL, '12'),
(1533, 220, 5, NULL, NULL, NULL, '1'),
(1534, 220, 3, NULL, NULL, NULL, '2'),
(1535, 220, 12, NULL, NULL, NULL, '3'),
(1536, 220, 13, NULL, NULL, NULL, '3'),
(1537, 220, 17, NULL, NULL, NULL, '4'),
(1538, 220, 24, NULL, NULL, NULL, '5'),
(1539, 220, 25, NULL, NULL, NULL, '5'),
(1540, 220, 22, NULL, NULL, NULL, '6'),
(1541, 220, 75, NULL, NULL, NULL, '12'),
(1542, 221, 5, NULL, NULL, NULL, '1'),
(1543, 221, 3, NULL, NULL, NULL, '2'),
(1544, 221, 12, NULL, NULL, NULL, '3'),
(1545, 221, 13, NULL, NULL, NULL, '3'),
(1546, 221, 17, NULL, NULL, NULL, '4'),
(1547, 221, 24, NULL, NULL, NULL, '5'),
(1548, 221, 25, NULL, NULL, NULL, '5'),
(1549, 221, 22, NULL, NULL, NULL, '6'),
(1550, 221, 75, NULL, NULL, NULL, '12'),
(1551, 222, 5, NULL, NULL, NULL, '1'),
(1552, 222, 3, NULL, NULL, NULL, '2'),
(1553, 222, 12, NULL, NULL, NULL, '3'),
(1554, 222, 13, NULL, NULL, NULL, '3'),
(1555, 222, 17, NULL, NULL, NULL, '4'),
(1556, 222, 24, NULL, NULL, NULL, '5'),
(1557, 222, 25, NULL, NULL, NULL, '5'),
(1558, 222, 22, NULL, NULL, NULL, '6'),
(1559, 222, 75, NULL, NULL, NULL, '12'),
(1560, 223, 5, NULL, NULL, NULL, '1'),
(1561, 223, 3, NULL, NULL, NULL, '2'),
(1562, 223, 12, NULL, NULL, NULL, '3'),
(1563, 223, 13, NULL, NULL, NULL, '3'),
(1564, 223, 17, NULL, NULL, NULL, '4'),
(1565, 223, 24, NULL, NULL, NULL, '5'),
(1566, 223, 25, NULL, NULL, NULL, '5'),
(1567, 223, 22, NULL, NULL, NULL, '6'),
(1568, 223, 75, NULL, NULL, NULL, '12'),
(1569, 224, 5, NULL, NULL, NULL, '1'),
(1570, 224, 3, NULL, NULL, NULL, '2'),
(1571, 224, 12, NULL, NULL, NULL, '3'),
(1572, 224, 13, NULL, NULL, NULL, '3'),
(1573, 224, 17, NULL, NULL, NULL, '4'),
(1574, 224, 24, NULL, NULL, NULL, '5'),
(1575, 224, 25, NULL, NULL, NULL, '5'),
(1576, 224, 22, NULL, NULL, NULL, '6'),
(1577, 224, 75, NULL, NULL, NULL, '12'),
(1578, 225, 5, NULL, NULL, NULL, '1'),
(1579, 225, 3, NULL, NULL, NULL, '2'),
(1580, 225, 12, NULL, NULL, NULL, '3'),
(1581, 225, 13, NULL, NULL, NULL, '3'),
(1582, 225, 17, NULL, NULL, NULL, '4'),
(1583, 225, 24, NULL, NULL, NULL, '5'),
(1584, 225, 25, NULL, NULL, NULL, '5'),
(1585, 225, 22, NULL, NULL, NULL, '6'),
(1586, 225, 75, NULL, NULL, NULL, '12'),
(1587, 226, 5, NULL, NULL, NULL, '1'),
(1588, 226, 3, NULL, NULL, NULL, '2'),
(1589, 226, 12, NULL, NULL, NULL, '3'),
(1590, 226, 13, NULL, NULL, NULL, '3'),
(1591, 226, 17, NULL, NULL, NULL, '4'),
(1592, 226, 24, NULL, NULL, NULL, '5'),
(1593, 226, 25, NULL, NULL, NULL, '5'),
(1594, 226, 22, NULL, NULL, NULL, '6'),
(1595, 226, 75, NULL, NULL, NULL, '12'),
(1596, 227, 5, NULL, NULL, NULL, '1'),
(1597, 227, 3, NULL, NULL, NULL, '2'),
(1598, 227, 12, NULL, NULL, NULL, '3'),
(1599, 227, 13, NULL, NULL, NULL, '3'),
(1600, 227, 17, NULL, NULL, NULL, '4'),
(1601, 227, 24, NULL, NULL, NULL, '5'),
(1602, 227, 25, NULL, NULL, NULL, '5'),
(1603, 227, 22, NULL, NULL, NULL, '6'),
(1604, 227, 75, NULL, NULL, NULL, '12'),
(1605, 228, 5, NULL, NULL, NULL, '1'),
(1606, 228, 3, NULL, NULL, NULL, '2'),
(1607, 228, 12, NULL, NULL, NULL, '3'),
(1608, 228, 13, NULL, NULL, NULL, '3'),
(1609, 228, 17, NULL, NULL, NULL, '4'),
(1610, 228, 24, NULL, NULL, NULL, '5'),
(1611, 228, 25, NULL, NULL, NULL, '5'),
(1612, 228, 22, NULL, NULL, NULL, '6'),
(1613, 228, 75, NULL, NULL, NULL, '12'),
(1614, 229, 5, NULL, NULL, NULL, '1'),
(1615, 229, 3, NULL, NULL, NULL, '2'),
(1616, 229, 12, NULL, NULL, NULL, '3'),
(1617, 229, 13, NULL, NULL, NULL, '3'),
(1618, 229, 17, NULL, NULL, NULL, '4'),
(1619, 229, 24, NULL, NULL, NULL, '5'),
(1620, 229, 25, NULL, NULL, NULL, '5'),
(1621, 229, 22, NULL, NULL, NULL, '6'),
(1622, 229, 75, NULL, NULL, NULL, '12'),
(1623, 230, 5, NULL, NULL, NULL, '1'),
(1624, 230, 3, NULL, NULL, NULL, '2'),
(1625, 230, 12, NULL, NULL, NULL, '3'),
(1626, 230, 13, NULL, NULL, NULL, '3'),
(1627, 230, 17, NULL, NULL, NULL, '4'),
(1628, 230, 24, NULL, NULL, NULL, '5'),
(1629, 230, 25, NULL, NULL, NULL, '5'),
(1630, 230, 22, NULL, NULL, NULL, '6'),
(1631, 230, 75, NULL, NULL, NULL, '12'),
(1632, 231, 5, NULL, NULL, NULL, '1'),
(1633, 231, 3, NULL, NULL, NULL, '2'),
(1634, 231, 12, NULL, NULL, NULL, '3'),
(1635, 231, 13, NULL, NULL, NULL, '3'),
(1636, 231, 17, NULL, NULL, NULL, '4'),
(1637, 231, 24, NULL, NULL, NULL, '5'),
(1638, 231, 25, NULL, NULL, NULL, '5'),
(1639, 231, 22, NULL, NULL, NULL, '6'),
(1640, 231, 75, NULL, NULL, NULL, '12'),
(1641, 232, 5, NULL, NULL, NULL, '1'),
(1642, 232, 3, NULL, NULL, NULL, '2'),
(1643, 232, 12, NULL, NULL, NULL, '3'),
(1644, 232, 13, NULL, NULL, NULL, '3'),
(1645, 232, 17, NULL, NULL, NULL, '4'),
(1646, 232, 24, NULL, NULL, NULL, '5'),
(1647, 232, 25, NULL, NULL, NULL, '5'),
(1648, 232, 22, NULL, NULL, NULL, '6'),
(1649, 232, 75, NULL, NULL, NULL, '12'),
(1650, 233, 5, NULL, NULL, NULL, '1'),
(1651, 233, 3, NULL, NULL, NULL, '2'),
(1652, 233, 12, NULL, NULL, NULL, '3'),
(1653, 233, 13, NULL, NULL, NULL, '3'),
(1654, 233, 17, NULL, NULL, NULL, '4'),
(1655, 233, 24, NULL, NULL, NULL, '5'),
(1656, 233, 25, NULL, NULL, NULL, '5'),
(1657, 233, 22, NULL, NULL, NULL, '6'),
(1658, 233, 75, NULL, NULL, NULL, '12'),
(1659, 234, 5, NULL, NULL, NULL, '1'),
(1660, 234, 3, NULL, NULL, NULL, '2'),
(1661, 234, 12, NULL, NULL, NULL, '3'),
(1662, 234, 13, NULL, NULL, NULL, '3'),
(1663, 234, 17, NULL, NULL, NULL, '4'),
(1664, 234, 24, NULL, NULL, NULL, '5'),
(1665, 234, 25, NULL, NULL, NULL, '5'),
(1666, 234, 22, NULL, NULL, NULL, '6'),
(1667, 234, 75, NULL, NULL, NULL, '12'),
(1668, 235, 5, NULL, NULL, NULL, '1'),
(1669, 235, 3, NULL, NULL, NULL, '2'),
(1670, 235, 12, NULL, NULL, NULL, '3'),
(1671, 235, 13, NULL, NULL, NULL, '3'),
(1672, 235, 17, NULL, NULL, NULL, '4'),
(1673, 235, 24, NULL, NULL, NULL, '5'),
(1674, 235, 25, NULL, NULL, NULL, '5'),
(1675, 235, 22, NULL, NULL, NULL, '6'),
(1676, 235, 75, NULL, NULL, NULL, '12'),
(1677, 236, 5, NULL, NULL, NULL, '1'),
(1678, 236, 3, NULL, NULL, NULL, '2'),
(1679, 236, 12, NULL, NULL, NULL, '3'),
(1680, 236, 13, NULL, NULL, NULL, '3'),
(1681, 236, 17, NULL, NULL, NULL, '4'),
(1682, 236, 24, NULL, NULL, NULL, '5'),
(1683, 236, 25, NULL, NULL, NULL, '5'),
(1684, 236, 22, NULL, NULL, NULL, '6'),
(1685, 236, 75, NULL, NULL, NULL, '12'),
(1686, 237, 5, NULL, NULL, NULL, '1'),
(1687, 237, 3, NULL, NULL, NULL, '2'),
(1688, 237, 12, NULL, NULL, NULL, '3'),
(1689, 237, 13, NULL, NULL, NULL, '3'),
(1690, 237, 17, NULL, NULL, NULL, '4'),
(1691, 237, 24, NULL, NULL, NULL, '5'),
(1692, 237, 25, NULL, NULL, NULL, '5'),
(1693, 237, 22, NULL, NULL, NULL, '6'),
(1694, 237, 75, NULL, NULL, NULL, '12'),
(1695, 238, 5, NULL, NULL, NULL, '1'),
(1696, 238, 3, NULL, NULL, NULL, '2'),
(1697, 238, 12, NULL, NULL, NULL, '3'),
(1698, 238, 13, NULL, NULL, NULL, '3'),
(1699, 238, 17, NULL, NULL, NULL, '4'),
(1700, 238, 24, NULL, NULL, NULL, '5'),
(1701, 238, 25, NULL, NULL, NULL, '5'),
(1702, 238, 22, NULL, NULL, NULL, '6'),
(1703, 238, 75, NULL, NULL, NULL, '12'),
(1704, 239, 5, NULL, NULL, NULL, '1'),
(1705, 239, 3, NULL, NULL, NULL, '2'),
(1706, 239, 12, NULL, NULL, NULL, '3'),
(1707, 239, 13, NULL, NULL, NULL, '3'),
(1708, 239, 17, NULL, NULL, NULL, '4'),
(1709, 239, 24, NULL, NULL, NULL, '5'),
(1710, 239, 25, NULL, NULL, NULL, '5'),
(1711, 239, 22, NULL, NULL, NULL, '6'),
(1712, 239, 75, NULL, NULL, NULL, '12'),
(1713, 240, 5, NULL, NULL, NULL, '1'),
(1714, 240, 3, NULL, NULL, NULL, '2'),
(1715, 240, 12, NULL, NULL, NULL, '3'),
(1716, 240, 13, NULL, NULL, NULL, '3'),
(1717, 240, 17, NULL, NULL, NULL, '4'),
(1718, 240, 24, NULL, NULL, NULL, '5'),
(1719, 240, 25, NULL, NULL, NULL, '5'),
(1720, 240, 22, NULL, NULL, NULL, '6'),
(1721, 240, 75, NULL, NULL, NULL, '12'),
(1722, 241, 5, NULL, NULL, NULL, '1'),
(1723, 241, 3, NULL, NULL, NULL, '2'),
(1724, 241, 12, NULL, NULL, NULL, '3'),
(1725, 241, 13, NULL, NULL, NULL, '3'),
(1726, 241, 17, NULL, NULL, NULL, '4'),
(1727, 241, 24, NULL, NULL, NULL, '5'),
(1728, 241, 25, NULL, NULL, NULL, '5'),
(1729, 241, 22, NULL, NULL, NULL, '6'),
(1730, 241, 75, NULL, NULL, NULL, '12'),
(1731, 242, 5, NULL, NULL, NULL, '1'),
(1732, 242, 3, NULL, NULL, NULL, '2'),
(1733, 242, 12, NULL, NULL, NULL, '3'),
(1734, 242, 13, NULL, NULL, NULL, '3'),
(1735, 242, 17, NULL, NULL, NULL, '4'),
(1736, 242, 24, NULL, NULL, NULL, '5'),
(1737, 242, 25, NULL, NULL, NULL, '5'),
(1738, 242, 22, NULL, NULL, NULL, '6'),
(1739, 242, 75, NULL, NULL, NULL, '12'),
(1740, 243, 5, NULL, NULL, NULL, '1'),
(1741, 243, 3, NULL, NULL, NULL, '2'),
(1742, 243, 12, NULL, NULL, NULL, '3'),
(1743, 243, 13, NULL, NULL, NULL, '3'),
(1744, 243, 17, NULL, NULL, NULL, '4'),
(1745, 243, 24, NULL, NULL, NULL, '5'),
(1746, 243, 25, NULL, NULL, NULL, '5'),
(1747, 243, 22, NULL, NULL, NULL, '6'),
(1748, 243, 75, NULL, NULL, NULL, '12'),
(1749, 244, 5, NULL, NULL, NULL, '1'),
(1750, 244, 3, NULL, NULL, NULL, '2'),
(1751, 244, 12, NULL, NULL, NULL, '3'),
(1752, 244, 13, NULL, NULL, NULL, '3'),
(1753, 244, 17, NULL, NULL, NULL, '4'),
(1754, 244, 24, NULL, NULL, NULL, '5'),
(1755, 244, 25, NULL, NULL, NULL, '5'),
(1756, 244, 22, NULL, NULL, NULL, '6'),
(1757, 244, 75, NULL, NULL, NULL, '12'),
(1758, 245, 5, NULL, NULL, NULL, '1'),
(1759, 245, 3, NULL, NULL, NULL, '2'),
(1760, 245, 12, NULL, NULL, NULL, '3'),
(1761, 245, 13, NULL, NULL, NULL, '3'),
(1762, 245, 17, NULL, NULL, NULL, '4'),
(1763, 245, 24, NULL, NULL, NULL, '5'),
(1764, 245, 25, NULL, NULL, NULL, '5'),
(1765, 245, 22, NULL, NULL, NULL, '6'),
(1766, 245, 75, NULL, NULL, NULL, '12'),
(1767, 246, 5, NULL, NULL, NULL, '1'),
(1768, 246, 3, NULL, NULL, NULL, '2'),
(1769, 246, 12, NULL, NULL, NULL, '3'),
(1770, 246, 13, NULL, NULL, NULL, '3'),
(1771, 246, 17, NULL, NULL, NULL, '4'),
(1772, 246, 24, NULL, NULL, NULL, '5'),
(1773, 246, 25, NULL, NULL, NULL, '5'),
(1774, 246, 22, NULL, NULL, NULL, '6'),
(1775, 246, 75, NULL, NULL, NULL, '12'),
(1776, 247, 5, NULL, NULL, NULL, '1'),
(1777, 247, 3, NULL, NULL, NULL, '2'),
(1778, 247, 12, NULL, NULL, NULL, '3'),
(1779, 247, 13, NULL, NULL, NULL, '3'),
(1780, 247, 17, NULL, NULL, NULL, '4'),
(1781, 247, 24, NULL, NULL, NULL, '5'),
(1782, 247, 25, NULL, NULL, NULL, '5'),
(1783, 247, 22, NULL, NULL, NULL, '6'),
(1784, 247, 75, NULL, NULL, NULL, '12'),
(1785, 248, 5, NULL, NULL, NULL, '1'),
(1786, 248, 3, NULL, NULL, NULL, '2'),
(1787, 248, 12, NULL, NULL, NULL, '3'),
(1788, 248, 13, NULL, NULL, NULL, '3'),
(1789, 248, 17, NULL, NULL, NULL, '4'),
(1790, 248, 24, NULL, NULL, NULL, '5'),
(1791, 248, 25, NULL, NULL, NULL, '5'),
(1792, 248, 22, NULL, NULL, NULL, '6'),
(1793, 248, 75, NULL, NULL, NULL, '12'),
(1794, 249, 5, NULL, NULL, NULL, '1'),
(1795, 249, 3, NULL, NULL, NULL, '2'),
(1796, 249, 12, NULL, NULL, NULL, '3'),
(1797, 249, 13, NULL, NULL, NULL, '3'),
(1798, 249, 17, NULL, NULL, NULL, '4'),
(1799, 249, 24, NULL, NULL, NULL, '5'),
(1800, 249, 25, NULL, NULL, NULL, '5'),
(1801, 249, 22, NULL, NULL, NULL, '6'),
(1802, 249, 75, NULL, NULL, NULL, '12'),
(1803, 250, 5, NULL, NULL, NULL, '1'),
(1804, 250, 3, NULL, NULL, NULL, '2'),
(1805, 250, 12, NULL, NULL, NULL, '3'),
(1806, 250, 13, NULL, NULL, NULL, '3'),
(1807, 250, 17, NULL, NULL, NULL, '4'),
(1808, 250, 24, NULL, NULL, NULL, '5'),
(1809, 250, 25, NULL, NULL, NULL, '5'),
(1810, 250, 22, NULL, NULL, NULL, '6'),
(1811, 250, 75, NULL, NULL, NULL, '12'),
(1812, 251, 5, NULL, NULL, NULL, '1'),
(1813, 251, 3, NULL, NULL, NULL, '2'),
(1814, 251, 12, NULL, NULL, NULL, '3'),
(1815, 251, 13, NULL, NULL, NULL, '3'),
(1816, 251, 17, NULL, NULL, NULL, '4'),
(1817, 251, 24, NULL, NULL, NULL, '5'),
(1818, 251, 25, NULL, NULL, NULL, '5'),
(1819, 251, 22, NULL, NULL, NULL, '6'),
(1820, 251, 75, NULL, NULL, NULL, '12'),
(1821, 252, 5, NULL, NULL, NULL, '1'),
(1822, 252, 3, NULL, NULL, NULL, '2'),
(1823, 252, 12, NULL, NULL, NULL, '3'),
(1824, 252, 13, NULL, NULL, NULL, '3'),
(1825, 252, 17, NULL, NULL, NULL, '4'),
(1826, 252, 24, NULL, NULL, NULL, '5'),
(1827, 252, 25, NULL, NULL, NULL, '5'),
(1828, 252, 22, NULL, NULL, NULL, '6'),
(1829, 252, 75, NULL, NULL, NULL, '12'),
(1830, 253, 5, NULL, NULL, NULL, '1'),
(1831, 253, 3, NULL, NULL, NULL, '2'),
(1832, 253, 12, NULL, NULL, NULL, '3'),
(1833, 253, 13, NULL, NULL, NULL, '3'),
(1834, 253, 17, NULL, NULL, NULL, '4'),
(1835, 253, 24, NULL, NULL, NULL, '5'),
(1836, 253, 25, NULL, NULL, NULL, '5'),
(1837, 253, 22, NULL, NULL, NULL, '6'),
(1838, 253, 75, NULL, NULL, NULL, '12'),
(1839, 254, 5, NULL, NULL, NULL, '1'),
(1840, 254, 3, NULL, NULL, NULL, '2'),
(1841, 254, 12, NULL, NULL, NULL, '3'),
(1842, 254, 13, NULL, NULL, NULL, '3'),
(1843, 254, 17, NULL, NULL, NULL, '4'),
(1844, 254, 24, NULL, NULL, NULL, '5'),
(1845, 254, 25, NULL, NULL, NULL, '5'),
(1846, 254, 22, NULL, NULL, NULL, '6'),
(1847, 254, 75, NULL, NULL, NULL, '12'),
(1848, 255, 5, NULL, NULL, NULL, '1'),
(1849, 255, 3, NULL, NULL, NULL, '2'),
(1850, 255, 12, NULL, NULL, NULL, '3'),
(1851, 255, 13, NULL, NULL, NULL, '3'),
(1852, 255, 17, NULL, NULL, NULL, '4'),
(1853, 255, 24, NULL, NULL, NULL, '5'),
(1854, 255, 25, NULL, NULL, NULL, '5'),
(1855, 255, 22, NULL, NULL, NULL, '6'),
(1856, 255, 75, NULL, NULL, NULL, '12'),
(1857, 256, 5, NULL, NULL, NULL, '1'),
(1858, 256, 3, NULL, NULL, NULL, '2'),
(1859, 256, 12, NULL, NULL, NULL, '3'),
(1860, 256, 13, NULL, NULL, NULL, '3'),
(1861, 256, 17, NULL, NULL, NULL, '4'),
(1862, 256, 24, NULL, NULL, NULL, '5'),
(1863, 256, 25, NULL, NULL, NULL, '5'),
(1864, 256, 22, NULL, NULL, NULL, '6'),
(1865, 256, 75, NULL, NULL, NULL, '12'),
(1866, 257, 5, NULL, NULL, NULL, '1'),
(1867, 257, 3, NULL, NULL, NULL, '2'),
(1868, 257, 12, NULL, NULL, NULL, '3'),
(1869, 257, 13, NULL, NULL, NULL, '3'),
(1870, 257, 17, NULL, NULL, NULL, '4'),
(1871, 257, 24, NULL, NULL, NULL, '5'),
(1872, 257, 25, NULL, NULL, NULL, '5'),
(1873, 257, 22, NULL, NULL, NULL, '6'),
(1874, 257, 75, NULL, NULL, NULL, '12'),
(1875, 258, 5, NULL, NULL, NULL, '1'),
(1876, 258, 3, NULL, NULL, NULL, '2'),
(1877, 258, 12, NULL, NULL, NULL, '3'),
(1878, 258, 13, NULL, NULL, NULL, '3'),
(1879, 258, 17, NULL, NULL, NULL, '4'),
(1880, 258, 24, NULL, NULL, NULL, '5'),
(1881, 258, 25, NULL, NULL, NULL, '5'),
(1882, 258, 22, NULL, NULL, NULL, '6'),
(1883, 258, 75, NULL, NULL, NULL, '12'),
(1884, 259, 5, NULL, NULL, NULL, '1'),
(1885, 259, 3, NULL, NULL, NULL, '2'),
(1886, 259, 12, NULL, NULL, NULL, '3'),
(1887, 259, 13, NULL, NULL, NULL, '3'),
(1888, 259, 17, NULL, NULL, NULL, '4'),
(1889, 259, 24, NULL, NULL, NULL, '5'),
(1890, 259, 25, NULL, NULL, NULL, '5'),
(1891, 259, 22, NULL, NULL, NULL, '6'),
(1892, 259, 75, NULL, NULL, NULL, '12'),
(1893, 260, 5, NULL, NULL, NULL, '1'),
(1894, 260, 3, NULL, NULL, NULL, '2'),
(1895, 260, 12, NULL, NULL, NULL, '3'),
(1896, 260, 13, NULL, NULL, NULL, '3'),
(1897, 260, 17, NULL, NULL, NULL, '4'),
(1898, 260, 24, NULL, NULL, NULL, '5'),
(1899, 260, 25, NULL, NULL, NULL, '5'),
(1900, 260, 22, NULL, NULL, NULL, '6'),
(1901, 260, 75, NULL, NULL, NULL, '12'),
(1902, 261, 5, NULL, NULL, NULL, '1'),
(1903, 261, 3, NULL, NULL, NULL, '2'),
(1904, 261, 12, NULL, NULL, NULL, '3'),
(1905, 261, 13, NULL, NULL, NULL, '3'),
(1906, 261, 17, NULL, NULL, NULL, '4'),
(1907, 261, 24, NULL, NULL, NULL, '5'),
(1908, 261, 25, NULL, NULL, NULL, '5'),
(1909, 261, 22, NULL, NULL, NULL, '6'),
(1910, 261, 75, NULL, NULL, NULL, '12'),
(1911, 262, 5, NULL, NULL, NULL, '1'),
(1912, 262, 3, NULL, NULL, NULL, '2'),
(1913, 262, 12, NULL, NULL, NULL, '3'),
(1914, 262, 13, NULL, NULL, NULL, '3'),
(1915, 262, 17, NULL, NULL, NULL, '4'),
(1916, 262, 24, NULL, NULL, NULL, '5'),
(1917, 262, 25, NULL, NULL, NULL, '5'),
(1918, 262, 22, NULL, NULL, NULL, '6'),
(1919, 262, 75, NULL, NULL, NULL, '12'),
(1920, 263, 5, NULL, NULL, NULL, '1'),
(1921, 263, 3, NULL, NULL, NULL, '2'),
(1922, 263, 12, NULL, NULL, NULL, '3'),
(1923, 263, 13, NULL, NULL, NULL, '3'),
(1924, 263, 17, NULL, NULL, NULL, '4'),
(1925, 263, 24, NULL, NULL, NULL, '5'),
(1926, 263, 25, NULL, NULL, NULL, '5'),
(1927, 263, 22, NULL, NULL, NULL, '6'),
(1928, 263, 75, NULL, NULL, NULL, '12'),
(1929, 264, 5, NULL, NULL, NULL, '1'),
(1930, 264, 3, NULL, NULL, NULL, '2'),
(1931, 264, 12, NULL, NULL, NULL, '3'),
(1932, 264, 13, NULL, NULL, NULL, '3'),
(1933, 264, 17, NULL, NULL, NULL, '4'),
(1934, 264, 24, NULL, NULL, NULL, '5'),
(1935, 264, 25, NULL, NULL, NULL, '5'),
(1936, 264, 22, NULL, NULL, NULL, '6'),
(1937, 264, 75, NULL, NULL, NULL, '12'),
(1938, 265, 5, NULL, NULL, NULL, '1'),
(1939, 265, 3, NULL, NULL, NULL, '2'),
(1940, 265, 12, NULL, NULL, NULL, '3'),
(1941, 265, 13, NULL, NULL, NULL, '3'),
(1942, 265, 17, NULL, NULL, NULL, '4'),
(1943, 265, 24, NULL, NULL, NULL, '5'),
(1944, 265, 25, NULL, NULL, NULL, '5'),
(1945, 265, 22, NULL, NULL, NULL, '6'),
(1946, 265, 75, NULL, NULL, NULL, '12'),
(1947, 266, 5, NULL, NULL, NULL, '1'),
(1948, 266, 3, NULL, NULL, NULL, '2'),
(1949, 266, 12, NULL, NULL, NULL, '3'),
(1950, 266, 13, NULL, NULL, NULL, '3'),
(1951, 266, 17, NULL, NULL, NULL, '4'),
(1952, 266, 24, NULL, NULL, NULL, '5'),
(1953, 266, 25, NULL, NULL, NULL, '5'),
(1954, 266, 22, NULL, NULL, NULL, '6'),
(1955, 266, 75, NULL, NULL, NULL, '12'),
(1956, 267, 5, NULL, NULL, NULL, '1'),
(1957, 267, 3, NULL, NULL, NULL, '2'),
(1958, 267, 12, NULL, NULL, NULL, '3'),
(1959, 267, 13, NULL, NULL, NULL, '3'),
(1960, 267, 17, NULL, NULL, NULL, '4'),
(1961, 267, 24, NULL, NULL, NULL, '5'),
(1962, 267, 25, NULL, NULL, NULL, '5'),
(1963, 267, 22, NULL, NULL, NULL, '6'),
(1964, 267, 75, NULL, NULL, NULL, '12'),
(1965, 268, 5, NULL, NULL, NULL, '1'),
(1966, 268, 3, NULL, NULL, NULL, '2'),
(1967, 268, 12, NULL, NULL, NULL, '3'),
(1968, 268, 13, NULL, NULL, NULL, '3'),
(1969, 268, 17, NULL, NULL, NULL, '4'),
(1970, 268, 24, NULL, NULL, NULL, '5'),
(1971, 268, 25, NULL, NULL, NULL, '5'),
(1972, 268, 22, NULL, NULL, NULL, '6'),
(1973, 268, 75, NULL, NULL, NULL, '12'),
(1974, 269, 5, NULL, NULL, NULL, '1'),
(1975, 269, 3, NULL, NULL, NULL, '2'),
(1976, 269, 12, NULL, NULL, NULL, '3'),
(1977, 269, 13, NULL, NULL, NULL, '3'),
(1978, 269, 17, NULL, NULL, NULL, '4'),
(1979, 269, 24, NULL, NULL, NULL, '5'),
(1980, 269, 25, NULL, NULL, NULL, '5'),
(1981, 269, 22, NULL, NULL, NULL, '6'),
(1982, 269, 75, NULL, NULL, NULL, '12'),
(1983, 270, 5, NULL, NULL, NULL, '1'),
(1984, 270, 3, NULL, NULL, NULL, '2'),
(1985, 270, 12, NULL, NULL, NULL, '3'),
(1986, 270, 13, NULL, NULL, NULL, '3'),
(1987, 270, 17, NULL, NULL, NULL, '4'),
(1988, 270, 24, NULL, NULL, NULL, '5'),
(1989, 270, 25, NULL, NULL, NULL, '5'),
(1990, 270, 22, NULL, NULL, NULL, '6'),
(1991, 270, 75, NULL, NULL, NULL, '12'),
(1992, 271, 5, NULL, NULL, NULL, '1'),
(1993, 271, 3, NULL, NULL, NULL, '2'),
(1994, 271, 12, NULL, NULL, NULL, '3'),
(1995, 271, 13, NULL, NULL, NULL, '3'),
(1996, 271, 17, NULL, NULL, NULL, '4'),
(1997, 271, 24, NULL, NULL, NULL, '5'),
(1998, 271, 25, NULL, NULL, NULL, '5'),
(1999, 271, 22, NULL, NULL, NULL, '6'),
(2000, 271, 75, NULL, NULL, NULL, '12'),
(2001, 272, 5, NULL, NULL, NULL, '1'),
(2002, 272, 3, NULL, NULL, NULL, '2'),
(2003, 272, 12, NULL, NULL, NULL, '3'),
(2004, 272, 13, NULL, NULL, NULL, '3'),
(2005, 272, 17, NULL, NULL, NULL, '4'),
(2006, 272, 24, NULL, NULL, NULL, '5'),
(2007, 272, 25, NULL, NULL, NULL, '5'),
(2008, 272, 22, NULL, NULL, NULL, '6'),
(2009, 272, 75, NULL, NULL, NULL, '12'),
(2010, 273, 5, NULL, NULL, NULL, '1'),
(2011, 273, 3, NULL, NULL, NULL, '2'),
(2012, 273, 12, NULL, NULL, NULL, '3'),
(2013, 273, 13, NULL, NULL, NULL, '3'),
(2014, 273, 17, NULL, NULL, NULL, '4'),
(2015, 273, 24, NULL, NULL, NULL, '5'),
(2016, 273, 25, NULL, NULL, NULL, '5'),
(2017, 273, 22, NULL, NULL, NULL, '6'),
(2018, 273, 75, NULL, NULL, NULL, '12'),
(2019, 274, 5, NULL, NULL, NULL, '1'),
(2020, 274, 3, NULL, NULL, NULL, '2'),
(2021, 274, 12, NULL, NULL, NULL, '3'),
(2022, 274, 13, NULL, NULL, NULL, '3'),
(2023, 274, 17, NULL, NULL, NULL, '4'),
(2024, 274, 24, NULL, NULL, NULL, '5'),
(2025, 274, 25, NULL, NULL, NULL, '5'),
(2026, 274, 22, NULL, NULL, NULL, '6'),
(2027, 274, 75, NULL, NULL, NULL, '12'),
(2028, 275, 5, NULL, NULL, NULL, '1'),
(2029, 275, 3, NULL, NULL, NULL, '2'),
(2030, 275, 12, NULL, NULL, NULL, '3'),
(2031, 275, 13, NULL, NULL, NULL, '3'),
(2032, 275, 17, NULL, NULL, NULL, '4'),
(2033, 275, 24, NULL, NULL, NULL, '5'),
(2034, 275, 25, NULL, NULL, NULL, '5'),
(2035, 275, 22, NULL, NULL, NULL, '6'),
(2036, 275, 75, NULL, NULL, NULL, '12'),
(2037, 276, 5, NULL, NULL, NULL, '1'),
(2038, 276, 3, NULL, NULL, NULL, '2'),
(2039, 276, 12, NULL, NULL, NULL, '3'),
(2040, 276, 13, NULL, NULL, NULL, '3'),
(2041, 276, 17, NULL, NULL, NULL, '4'),
(2042, 276, 24, NULL, NULL, NULL, '5'),
(2043, 276, 25, NULL, NULL, NULL, '5'),
(2044, 276, 22, NULL, NULL, NULL, '6'),
(2045, 276, 75, NULL, NULL, NULL, '12'),
(2046, 277, 5, NULL, NULL, NULL, '1'),
(2047, 277, 3, NULL, NULL, NULL, '2'),
(2048, 277, 12, NULL, NULL, NULL, '3'),
(2049, 277, 13, NULL, NULL, NULL, '3'),
(2050, 277, 17, NULL, NULL, NULL, '4'),
(2051, 277, 24, NULL, NULL, NULL, '5'),
(2052, 277, 25, NULL, NULL, NULL, '5'),
(2053, 277, 22, NULL, NULL, NULL, '6'),
(2054, 277, 75, NULL, NULL, NULL, '12'),
(2055, 278, 5, NULL, NULL, NULL, '1'),
(2056, 278, 3, NULL, NULL, NULL, '2'),
(2057, 278, 12, NULL, NULL, NULL, '3'),
(2058, 278, 13, NULL, NULL, NULL, '3'),
(2059, 278, 17, NULL, NULL, NULL, '4'),
(2060, 278, 24, NULL, NULL, NULL, '5'),
(2061, 278, 25, NULL, NULL, NULL, '5'),
(2062, 278, 22, NULL, NULL, NULL, '6'),
(2063, 278, 75, NULL, NULL, NULL, '12'),
(2064, 279, 5, NULL, NULL, NULL, '1'),
(2065, 279, 3, NULL, NULL, NULL, '2'),
(2066, 279, 12, NULL, NULL, NULL, '3'),
(2067, 279, 13, NULL, NULL, NULL, '3'),
(2068, 279, 17, NULL, NULL, NULL, '4'),
(2069, 279, 24, NULL, NULL, NULL, '5'),
(2070, 279, 25, NULL, NULL, NULL, '5'),
(2071, 279, 22, NULL, NULL, NULL, '6'),
(2072, 279, 75, NULL, NULL, NULL, '12'),
(2073, 280, 5, NULL, NULL, NULL, '1'),
(2074, 280, 3, NULL, NULL, NULL, '2'),
(2075, 280, 12, NULL, NULL, NULL, '3'),
(2076, 280, 13, NULL, NULL, NULL, '3'),
(2077, 280, 17, NULL, NULL, NULL, '4'),
(2078, 280, 24, NULL, NULL, NULL, '5'),
(2079, 280, 25, NULL, NULL, NULL, '5'),
(2080, 280, 22, NULL, NULL, NULL, '6'),
(2081, 280, 75, NULL, NULL, NULL, '12'),
(2082, 281, 5, NULL, NULL, NULL, '1'),
(2083, 281, 3, NULL, NULL, NULL, '2'),
(2084, 281, 12, NULL, NULL, NULL, '3'),
(2085, 281, 13, NULL, NULL, NULL, '3'),
(2086, 281, 17, NULL, NULL, NULL, '4'),
(2087, 281, 24, NULL, NULL, NULL, '5'),
(2088, 281, 25, NULL, NULL, NULL, '5'),
(2089, 281, 22, NULL, NULL, NULL, '6'),
(2090, 281, 75, NULL, NULL, NULL, '12'),
(2091, 282, 5, NULL, NULL, NULL, '1'),
(2092, 282, 3, NULL, NULL, NULL, '2'),
(2093, 282, 12, NULL, NULL, NULL, '3'),
(2094, 282, 13, NULL, NULL, NULL, '3'),
(2095, 282, 17, NULL, NULL, NULL, '4'),
(2096, 282, 24, NULL, NULL, NULL, '5'),
(2097, 282, 25, NULL, NULL, NULL, '5'),
(2098, 282, 22, NULL, NULL, NULL, '6'),
(2099, 282, 75, NULL, NULL, NULL, '12'),
(2100, 283, 5, NULL, NULL, NULL, '1'),
(2101, 283, 3, NULL, NULL, NULL, '2'),
(2102, 283, 12, NULL, NULL, NULL, '3'),
(2103, 283, 13, NULL, NULL, NULL, '3'),
(2104, 283, 17, NULL, NULL, NULL, '4'),
(2105, 283, 24, NULL, NULL, NULL, '5'),
(2106, 283, 25, NULL, NULL, NULL, '5'),
(2107, 283, 22, NULL, NULL, NULL, '6'),
(2108, 283, 75, NULL, NULL, NULL, '12'),
(2109, 284, 5, NULL, NULL, NULL, '1'),
(2110, 284, 3, NULL, NULL, NULL, '2'),
(2111, 284, 12, NULL, NULL, NULL, '3'),
(2112, 284, 13, NULL, NULL, NULL, '3'),
(2113, 284, 17, NULL, NULL, NULL, '4'),
(2114, 284, 24, NULL, NULL, NULL, '5'),
(2115, 284, 25, NULL, NULL, NULL, '5'),
(2116, 284, 22, NULL, NULL, NULL, '6'),
(2117, 284, 75, NULL, NULL, NULL, '12'),
(2118, 285, 5, NULL, NULL, NULL, '1'),
(2119, 285, 3, NULL, NULL, NULL, '2'),
(2120, 285, 12, NULL, NULL, NULL, '3'),
(2121, 285, 13, NULL, NULL, NULL, '3'),
(2122, 285, 17, NULL, NULL, NULL, '4'),
(2123, 285, 24, NULL, NULL, NULL, '5'),
(2124, 285, 25, NULL, NULL, NULL, '5'),
(2125, 285, 22, NULL, NULL, NULL, '6'),
(2126, 285, 75, NULL, NULL, NULL, '12'),
(2127, 286, 5, NULL, NULL, NULL, '1'),
(2128, 286, 3, NULL, NULL, NULL, '2'),
(2129, 286, 12, NULL, NULL, NULL, '3'),
(2130, 286, 13, NULL, NULL, NULL, '3'),
(2131, 286, 17, NULL, NULL, NULL, '4'),
(2132, 286, 24, NULL, NULL, NULL, '5'),
(2133, 286, 25, NULL, NULL, NULL, '5'),
(2134, 286, 22, NULL, NULL, NULL, '6'),
(2135, 286, 75, NULL, NULL, NULL, '12'),
(2136, 287, 5, NULL, NULL, NULL, '1'),
(2137, 287, 3, NULL, NULL, NULL, '2'),
(2138, 287, 12, NULL, NULL, NULL, '3'),
(2139, 287, 13, NULL, NULL, NULL, '3'),
(2140, 287, 17, NULL, NULL, NULL, '4'),
(2141, 287, 24, NULL, NULL, NULL, '5'),
(2142, 287, 25, NULL, NULL, NULL, '5'),
(2143, 287, 22, NULL, NULL, NULL, '6'),
(2144, 287, 75, NULL, NULL, NULL, '12'),
(2145, 288, 5, NULL, NULL, NULL, '1'),
(2146, 288, 3, NULL, NULL, NULL, '2'),
(2147, 288, 12, NULL, NULL, NULL, '3'),
(2148, 288, 13, NULL, NULL, NULL, '3'),
(2149, 288, 17, NULL, NULL, NULL, '4'),
(2150, 288, 24, NULL, NULL, NULL, '5'),
(2151, 288, 25, NULL, NULL, NULL, '5'),
(2152, 288, 22, NULL, NULL, NULL, '6'),
(2153, 288, 75, NULL, NULL, NULL, '12'),
(2154, 289, 5, NULL, NULL, NULL, '1'),
(2155, 289, 3, NULL, NULL, NULL, '2'),
(2156, 289, 12, NULL, NULL, NULL, '3'),
(2157, 289, 13, NULL, NULL, NULL, '3'),
(2158, 289, 17, NULL, NULL, NULL, '4'),
(2159, 289, 24, NULL, NULL, NULL, '5'),
(2160, 289, 25, NULL, NULL, NULL, '5'),
(2161, 289, 22, NULL, NULL, NULL, '6'),
(2162, 289, 75, NULL, NULL, NULL, '12'),
(2163, 290, 5, NULL, NULL, NULL, '1'),
(2164, 290, 3, NULL, NULL, NULL, '2'),
(2165, 290, 12, NULL, NULL, NULL, '3'),
(2166, 290, 13, NULL, NULL, NULL, '3'),
(2167, 290, 17, NULL, NULL, NULL, '4'),
(2168, 290, 24, NULL, NULL, NULL, '5'),
(2169, 290, 25, NULL, NULL, NULL, '5'),
(2170, 290, 22, NULL, NULL, NULL, '6'),
(2171, 290, 75, NULL, NULL, NULL, '12'),
(2172, 291, 5, NULL, NULL, NULL, '1'),
(2173, 291, 3, NULL, NULL, NULL, '2'),
(2174, 291, 12, NULL, NULL, NULL, '3'),
(2175, 291, 13, NULL, NULL, NULL, '3'),
(2176, 291, 17, NULL, NULL, NULL, '4'),
(2177, 291, 24, NULL, NULL, NULL, '5'),
(2178, 291, 25, NULL, NULL, NULL, '5'),
(2179, 291, 22, NULL, NULL, NULL, '6'),
(2180, 291, 75, NULL, NULL, NULL, '12'),
(2181, 292, 5, NULL, NULL, NULL, '1'),
(2182, 292, 3, NULL, NULL, NULL, '2'),
(2183, 292, 12, NULL, NULL, NULL, '3'),
(2184, 292, 13, NULL, NULL, NULL, '3'),
(2185, 292, 17, NULL, NULL, NULL, '4'),
(2186, 292, 24, NULL, NULL, NULL, '5'),
(2187, 292, 25, NULL, NULL, NULL, '5'),
(2188, 292, 22, NULL, NULL, NULL, '6'),
(2189, 292, 75, NULL, NULL, NULL, '12'),
(2190, 293, 5, NULL, NULL, NULL, '1'),
(2191, 293, 3, NULL, NULL, NULL, '2'),
(2192, 293, 12, NULL, NULL, NULL, '3'),
(2193, 293, 13, NULL, NULL, NULL, '3'),
(2194, 293, 17, NULL, NULL, NULL, '4'),
(2195, 293, 24, NULL, NULL, NULL, '5'),
(2196, 293, 25, NULL, NULL, NULL, '5'),
(2197, 293, 22, NULL, NULL, NULL, '6'),
(2198, 293, 75, NULL, NULL, NULL, '12'),
(2199, 294, 5, NULL, NULL, NULL, '1'),
(2200, 294, 3, NULL, NULL, NULL, '2'),
(2201, 294, 12, NULL, NULL, NULL, '3'),
(2202, 294, 13, NULL, NULL, NULL, '3'),
(2203, 294, 17, NULL, NULL, NULL, '4'),
(2204, 294, 24, NULL, NULL, NULL, '5'),
(2205, 294, 25, NULL, NULL, NULL, '5'),
(2206, 294, 22, NULL, NULL, NULL, '6'),
(2207, 294, 75, NULL, NULL, NULL, '12'),
(2208, 295, 5, NULL, NULL, NULL, '1'),
(2209, 295, 3, NULL, NULL, NULL, '2'),
(2210, 295, 12, NULL, NULL, NULL, '3'),
(2211, 295, 13, NULL, NULL, NULL, '3'),
(2212, 295, 17, NULL, NULL, NULL, '4'),
(2213, 295, 24, NULL, NULL, NULL, '5'),
(2214, 295, 25, NULL, NULL, NULL, '5'),
(2215, 295, 22, NULL, NULL, NULL, '6'),
(2216, 295, 75, NULL, NULL, NULL, '12'),
(2217, 296, 5, NULL, NULL, NULL, '1'),
(2218, 296, 3, NULL, NULL, NULL, '2'),
(2219, 296, 12, NULL, NULL, NULL, '3'),
(2220, 296, 13, NULL, NULL, NULL, '3'),
(2221, 296, 17, NULL, NULL, NULL, '4'),
(2222, 296, 24, NULL, NULL, NULL, '5'),
(2223, 296, 25, NULL, NULL, NULL, '5'),
(2224, 296, 22, NULL, NULL, NULL, '6'),
(2225, 296, 75, NULL, NULL, NULL, '12'),
(2226, 297, 5, NULL, NULL, NULL, '1'),
(2227, 297, 3, NULL, NULL, NULL, '2'),
(2228, 297, 12, NULL, NULL, NULL, '3'),
(2229, 297, 13, NULL, NULL, NULL, '3'),
(2230, 297, 17, NULL, NULL, NULL, '4'),
(2231, 297, 24, NULL, NULL, NULL, '5'),
(2232, 297, 25, NULL, NULL, NULL, '5'),
(2233, 297, 22, NULL, NULL, NULL, '6'),
(2234, 297, 75, NULL, NULL, NULL, '12'),
(2235, 298, 5, NULL, NULL, NULL, '1'),
(2236, 298, 3, NULL, NULL, NULL, '2'),
(2237, 298, 12, NULL, NULL, NULL, '3'),
(2238, 298, 13, NULL, NULL, NULL, '3'),
(2239, 298, 17, NULL, NULL, NULL, '4'),
(2240, 298, 24, NULL, NULL, NULL, '5'),
(2241, 298, 25, NULL, NULL, NULL, '5'),
(2242, 298, 22, NULL, NULL, NULL, '6'),
(2243, 298, 75, NULL, NULL, NULL, '12'),
(2244, 299, 5, NULL, NULL, NULL, '1'),
(2245, 299, 3, NULL, NULL, NULL, '2'),
(2246, 299, 12, NULL, NULL, NULL, '3'),
(2247, 299, 13, NULL, NULL, NULL, '3'),
(2248, 299, 17, NULL, NULL, NULL, '4'),
(2249, 299, 24, NULL, NULL, NULL, '5'),
(2250, 299, 25, NULL, NULL, NULL, '5'),
(2251, 299, 22, NULL, NULL, NULL, '6'),
(2252, 299, 75, NULL, NULL, NULL, '12'),
(2253, 300, 5, NULL, NULL, NULL, '1'),
(2254, 300, 3, NULL, NULL, NULL, '2'),
(2255, 300, 12, NULL, NULL, NULL, '3'),
(2256, 300, 13, NULL, NULL, NULL, '3'),
(2257, 300, 17, NULL, NULL, NULL, '4'),
(2258, 300, 24, NULL, NULL, NULL, '5'),
(2259, 300, 25, NULL, NULL, NULL, '5'),
(2260, 300, 22, NULL, NULL, NULL, '6'),
(2261, 300, 75, NULL, NULL, NULL, '12'),
(2262, 301, 5, NULL, NULL, NULL, '1'),
(2263, 301, 3, NULL, NULL, NULL, '2'),
(2264, 301, 12, NULL, NULL, NULL, '3'),
(2265, 301, 13, NULL, NULL, NULL, '3'),
(2266, 301, 17, NULL, NULL, NULL, '4'),
(2267, 301, 24, NULL, NULL, NULL, '5'),
(2268, 301, 25, NULL, NULL, NULL, '5'),
(2269, 301, 22, NULL, NULL, NULL, '6'),
(2270, 301, 75, NULL, NULL, NULL, '12'),
(2271, 302, 5, NULL, NULL, NULL, '1'),
(2272, 302, 3, NULL, NULL, NULL, '2'),
(2273, 302, 12, NULL, NULL, NULL, '3'),
(2274, 302, 13, NULL, NULL, NULL, '3'),
(2275, 302, 17, NULL, NULL, NULL, '4'),
(2276, 302, 24, NULL, NULL, NULL, '5'),
(2277, 302, 25, NULL, NULL, NULL, '5'),
(2278, 302, 22, NULL, NULL, NULL, '6'),
(2279, 302, 75, NULL, NULL, NULL, '12'),
(2280, 303, 5, NULL, NULL, NULL, '1'),
(2281, 303, 3, NULL, NULL, NULL, '2'),
(2282, 303, 12, NULL, NULL, NULL, '3'),
(2283, 303, 13, NULL, NULL, NULL, '3'),
(2284, 303, 17, NULL, NULL, NULL, '4'),
(2285, 303, 24, NULL, NULL, NULL, '5'),
(2286, 303, 25, NULL, NULL, NULL, '5'),
(2287, 303, 22, NULL, NULL, NULL, '6'),
(2288, 303, 75, NULL, NULL, NULL, '12'),
(2289, 304, 5, NULL, NULL, NULL, '1'),
(2290, 304, 3, NULL, NULL, NULL, '2'),
(2291, 304, 12, NULL, NULL, NULL, '3'),
(2292, 304, 13, NULL, NULL, NULL, '3'),
(2293, 304, 17, NULL, NULL, NULL, '4'),
(2294, 304, 24, NULL, NULL, NULL, '5'),
(2295, 304, 25, NULL, NULL, NULL, '5'),
(2296, 304, 22, NULL, NULL, NULL, '6'),
(2297, 304, 75, NULL, NULL, NULL, '12'),
(2298, 305, 5, NULL, NULL, NULL, '1'),
(2299, 305, 3, NULL, NULL, NULL, '2'),
(2300, 305, 12, NULL, NULL, NULL, '3'),
(2301, 305, 13, NULL, NULL, NULL, '3'),
(2302, 305, 17, NULL, NULL, NULL, '4'),
(2303, 305, 24, NULL, NULL, NULL, '5'),
(2304, 305, 25, NULL, NULL, NULL, '5'),
(2305, 305, 22, NULL, NULL, NULL, '6'),
(2306, 305, 75, NULL, NULL, NULL, '12'),
(2307, 306, 5, NULL, NULL, NULL, '1'),
(2308, 306, 3, NULL, NULL, NULL, '2'),
(2309, 306, 12, NULL, NULL, NULL, '3'),
(2310, 306, 13, NULL, NULL, NULL, '3'),
(2311, 306, 17, NULL, NULL, NULL, '4'),
(2312, 306, 24, NULL, NULL, NULL, '5'),
(2313, 306, 25, NULL, NULL, NULL, '5'),
(2314, 306, 22, NULL, NULL, NULL, '6'),
(2315, 306, 75, NULL, NULL, NULL, '12'),
(2316, 307, 5, NULL, NULL, NULL, '1'),
(2317, 307, 3, NULL, NULL, NULL, '2'),
(2318, 307, 12, NULL, NULL, NULL, '3'),
(2319, 307, 13, NULL, NULL, NULL, '3'),
(2320, 307, 17, NULL, NULL, NULL, '4'),
(2321, 307, 24, NULL, NULL, NULL, '5'),
(2322, 307, 25, NULL, NULL, NULL, '5'),
(2323, 307, 22, NULL, NULL, NULL, '6'),
(2324, 307, 75, NULL, NULL, NULL, '12'),
(2325, 308, 5, NULL, NULL, NULL, '1'),
(2326, 308, 3, NULL, NULL, NULL, '2'),
(2327, 308, 12, NULL, NULL, NULL, '3'),
(2328, 308, 13, NULL, NULL, NULL, '3'),
(2329, 308, 17, NULL, NULL, NULL, '4'),
(2330, 308, 24, NULL, NULL, NULL, '5'),
(2331, 308, 25, NULL, NULL, NULL, '5'),
(2332, 308, 22, NULL, NULL, NULL, '6'),
(2333, 308, 75, NULL, NULL, NULL, '12'),
(2334, 309, 5, NULL, NULL, NULL, '1'),
(2335, 309, 3, NULL, NULL, NULL, '2'),
(2336, 309, 12, NULL, NULL, NULL, '3'),
(2337, 309, 13, NULL, NULL, NULL, '3'),
(2338, 309, 17, NULL, NULL, NULL, '4'),
(2339, 309, 24, NULL, NULL, NULL, '5'),
(2340, 309, 25, NULL, NULL, NULL, '5'),
(2341, 309, 22, NULL, NULL, NULL, '6'),
(2342, 309, 75, NULL, NULL, NULL, '12'),
(2343, 310, 5, NULL, NULL, NULL, '1'),
(2344, 310, 3, NULL, NULL, NULL, '2'),
(2345, 310, 12, NULL, NULL, NULL, '3'),
(2346, 310, 13, NULL, NULL, NULL, '3'),
(2347, 310, 17, NULL, NULL, NULL, '4'),
(2348, 310, 24, NULL, NULL, NULL, '5'),
(2349, 310, 25, NULL, NULL, NULL, '5'),
(2350, 310, 22, NULL, NULL, NULL, '6'),
(2351, 310, 75, NULL, NULL, NULL, '12'),
(2352, 311, 5, NULL, NULL, NULL, '1'),
(2353, 311, 3, NULL, NULL, NULL, '2'),
(2354, 311, 12, NULL, NULL, NULL, '3'),
(2355, 311, 13, NULL, NULL, NULL, '3'),
(2356, 311, 17, NULL, NULL, NULL, '4'),
(2357, 311, 24, NULL, NULL, NULL, '5'),
(2358, 311, 25, NULL, NULL, NULL, '5'),
(2359, 311, 22, NULL, NULL, NULL, '6'),
(2360, 311, 75, NULL, NULL, NULL, '12'),
(2361, 312, 5, NULL, NULL, NULL, '1'),
(2362, 312, 3, NULL, NULL, NULL, '2'),
(2363, 312, 12, NULL, NULL, NULL, '3'),
(2364, 312, 13, NULL, NULL, NULL, '3'),
(2365, 312, 17, NULL, NULL, NULL, '4'),
(2366, 312, 24, NULL, NULL, NULL, '5'),
(2367, 312, 25, NULL, NULL, NULL, '5'),
(2368, 312, 22, NULL, NULL, NULL, '6'),
(2369, 312, 75, NULL, NULL, NULL, '12'),
(2370, 313, 5, NULL, NULL, NULL, '1'),
(2371, 313, 3, NULL, NULL, NULL, '2'),
(2372, 313, 12, NULL, NULL, NULL, '3'),
(2373, 313, 13, NULL, NULL, NULL, '3'),
(2374, 313, 17, NULL, NULL, NULL, '4'),
(2375, 313, 24, NULL, NULL, NULL, '5'),
(2376, 313, 25, NULL, NULL, NULL, '5'),
(2377, 313, 22, NULL, NULL, NULL, '6'),
(2378, 313, 75, NULL, NULL, NULL, '12'),
(2379, 314, 5, NULL, NULL, NULL, '1'),
(2380, 314, 3, NULL, NULL, NULL, '2'),
(2381, 314, 12, NULL, NULL, NULL, '3'),
(2382, 314, 13, NULL, NULL, NULL, '3'),
(2383, 314, 17, NULL, NULL, NULL, '4'),
(2384, 314, 24, NULL, NULL, NULL, '5'),
(2385, 314, 25, NULL, NULL, NULL, '5'),
(2386, 314, 22, NULL, NULL, NULL, '6'),
(2387, 314, 75, NULL, NULL, NULL, '12'),
(2388, 315, 5, NULL, NULL, NULL, '1'),
(2389, 315, 3, NULL, NULL, NULL, '2'),
(2390, 315, 12, NULL, NULL, NULL, '3'),
(2391, 315, 13, NULL, NULL, NULL, '3'),
(2392, 315, 17, NULL, NULL, NULL, '4'),
(2393, 315, 24, NULL, NULL, NULL, '5'),
(2394, 315, 25, NULL, NULL, NULL, '5'),
(2395, 315, 22, NULL, NULL, NULL, '6'),
(2396, 315, 75, NULL, NULL, NULL, '12'),
(2397, 316, 5, NULL, NULL, NULL, '1'),
(2398, 316, 3, NULL, NULL, NULL, '2'),
(2399, 316, 12, NULL, NULL, NULL, '3'),
(2400, 316, 13, NULL, NULL, NULL, '3'),
(2401, 316, 17, NULL, NULL, NULL, '4'),
(2402, 316, 24, NULL, NULL, NULL, '5'),
(2403, 316, 25, NULL, NULL, NULL, '5'),
(2404, 316, 22, NULL, NULL, NULL, '6'),
(2405, 316, 75, NULL, NULL, NULL, '12'),
(2406, 317, 5, NULL, NULL, NULL, '1'),
(2407, 317, 3, NULL, NULL, NULL, '2'),
(2408, 317, 12, NULL, NULL, NULL, '3'),
(2409, 317, 13, NULL, NULL, NULL, '3'),
(2410, 317, 17, NULL, NULL, NULL, '4'),
(2411, 317, 24, NULL, NULL, NULL, '5'),
(2412, 317, 25, NULL, NULL, NULL, '5'),
(2413, 317, 22, NULL, NULL, NULL, '6'),
(2414, 317, 75, NULL, NULL, NULL, '12'),
(2415, 318, 5, NULL, NULL, NULL, '1'),
(2416, 318, 3, NULL, NULL, NULL, '2'),
(2417, 318, 12, NULL, NULL, NULL, '3'),
(2418, 318, 13, NULL, NULL, NULL, '3'),
(2419, 318, 17, NULL, NULL, NULL, '4'),
(2420, 318, 24, NULL, NULL, NULL, '5'),
(2421, 318, 25, NULL, NULL, NULL, '5'),
(2422, 318, 22, NULL, NULL, NULL, '6'),
(2423, 318, 75, NULL, NULL, NULL, '12'),
(2424, 319, 5, NULL, NULL, NULL, '1'),
(2425, 319, 3, NULL, NULL, NULL, '2'),
(2426, 319, 12, NULL, NULL, NULL, '3'),
(2427, 319, 13, NULL, NULL, NULL, '3'),
(2428, 319, 17, NULL, NULL, NULL, '4'),
(2429, 319, 24, NULL, NULL, NULL, '5'),
(2430, 319, 25, NULL, NULL, NULL, '5'),
(2431, 319, 22, NULL, NULL, NULL, '6'),
(2432, 319, 75, NULL, NULL, NULL, '12'),
(2433, 320, 5, NULL, NULL, NULL, '1'),
(2434, 320, 3, NULL, NULL, NULL, '2'),
(2435, 320, 12, NULL, NULL, NULL, '3'),
(2436, 320, 13, NULL, NULL, NULL, '3'),
(2437, 320, 17, NULL, NULL, NULL, '4'),
(2438, 320, 24, NULL, NULL, NULL, '5'),
(2439, 320, 25, NULL, NULL, NULL, '5'),
(2440, 320, 22, NULL, NULL, NULL, '6'),
(2441, 320, 75, NULL, NULL, NULL, '12'),
(2442, 321, 5, NULL, NULL, NULL, '1'),
(2443, 321, 3, NULL, NULL, NULL, '2'),
(2444, 321, 12, NULL, NULL, NULL, '3'),
(2445, 321, 13, NULL, NULL, NULL, '3'),
(2446, 321, 17, NULL, NULL, NULL, '4'),
(2447, 321, 24, NULL, NULL, NULL, '5'),
(2448, 321, 25, NULL, NULL, NULL, '5'),
(2449, 321, 22, NULL, NULL, NULL, '6'),
(2450, 321, 75, NULL, NULL, NULL, '12'),
(2451, 322, 5, NULL, NULL, NULL, '1'),
(2452, 322, 3, NULL, NULL, NULL, '2'),
(2453, 322, 12, NULL, NULL, NULL, '3'),
(2454, 322, 13, NULL, NULL, NULL, '3'),
(2455, 322, 17, NULL, NULL, NULL, '4'),
(2456, 322, 24, NULL, NULL, NULL, '5'),
(2457, 322, 25, NULL, NULL, NULL, '5'),
(2458, 322, 22, NULL, NULL, NULL, '6'),
(2459, 322, 75, NULL, NULL, NULL, '12'),
(2460, 323, 5, NULL, NULL, NULL, '1'),
(2461, 323, 3, NULL, NULL, NULL, '2'),
(2462, 323, 12, NULL, NULL, NULL, '3'),
(2463, 323, 13, NULL, NULL, NULL, '3'),
(2464, 323, 17, NULL, NULL, NULL, '4'),
(2465, 323, 24, NULL, NULL, NULL, '5'),
(2466, 323, 25, NULL, NULL, NULL, '5'),
(2467, 323, 22, NULL, NULL, NULL, '6'),
(2468, 323, 75, NULL, NULL, NULL, '12'),
(2469, 324, 5, NULL, NULL, NULL, '1'),
(2470, 324, 3, NULL, NULL, NULL, '2'),
(2471, 324, 12, NULL, NULL, NULL, '3'),
(2472, 324, 13, NULL, NULL, NULL, '3'),
(2473, 324, 17, NULL, NULL, NULL, '4'),
(2474, 324, 24, NULL, NULL, NULL, '5'),
(2475, 324, 25, NULL, NULL, NULL, '5'),
(2476, 324, 22, NULL, NULL, NULL, '6'),
(2477, 324, 75, NULL, NULL, NULL, '12'),
(2478, 325, 5, NULL, NULL, NULL, '1'),
(2479, 325, 3, NULL, NULL, NULL, '2'),
(2480, 325, 12, NULL, NULL, NULL, '3'),
(2481, 325, 13, NULL, NULL, NULL, '3'),
(2482, 325, 17, NULL, NULL, NULL, '4'),
(2483, 325, 24, NULL, NULL, NULL, '5'),
(2484, 325, 25, NULL, NULL, NULL, '5'),
(2485, 325, 22, NULL, NULL, NULL, '6'),
(2486, 325, 75, NULL, NULL, NULL, '12'),
(2487, 326, 5, NULL, NULL, NULL, '1'),
(2488, 326, 3, NULL, NULL, NULL, '2'),
(2489, 326, 12, NULL, NULL, NULL, '3'),
(2490, 326, 13, NULL, NULL, NULL, '3'),
(2491, 326, 17, NULL, NULL, NULL, '4'),
(2492, 326, 24, NULL, NULL, NULL, '5'),
(2493, 326, 25, NULL, NULL, NULL, '5'),
(2494, 326, 22, NULL, NULL, NULL, '6'),
(2495, 326, 75, NULL, NULL, NULL, '12'),
(2496, 327, 5, NULL, NULL, NULL, '1'),
(2497, 327, 3, NULL, NULL, NULL, '2'),
(2498, 327, 12, NULL, NULL, NULL, '3'),
(2499, 327, 13, NULL, NULL, NULL, '3'),
(2500, 327, 17, NULL, NULL, NULL, '4'),
(2501, 327, 24, NULL, NULL, NULL, '5'),
(2502, 327, 25, NULL, NULL, NULL, '5'),
(2503, 327, 22, NULL, NULL, NULL, '6'),
(2504, 327, 75, NULL, NULL, NULL, '12'),
(2505, 328, 5, NULL, NULL, NULL, '1'),
(2506, 328, 3, NULL, NULL, NULL, '2'),
(2507, 328, 12, NULL, NULL, NULL, '3'),
(2508, 328, 13, NULL, NULL, NULL, '3'),
(2509, 328, 17, NULL, NULL, NULL, '4'),
(2510, 328, 24, NULL, NULL, NULL, '5'),
(2511, 328, 25, NULL, NULL, NULL, '5'),
(2512, 328, 22, NULL, NULL, NULL, '6'),
(2513, 328, 75, NULL, NULL, NULL, '12'),
(2514, 329, 5, NULL, NULL, NULL, '1'),
(2515, 329, 3, NULL, NULL, NULL, '2'),
(2516, 329, 12, NULL, NULL, NULL, '3'),
(2517, 329, 13, NULL, NULL, NULL, '3'),
(2518, 329, 17, NULL, NULL, NULL, '4'),
(2519, 329, 24, NULL, NULL, NULL, '5'),
(2520, 329, 25, NULL, NULL, NULL, '5'),
(2521, 329, 22, NULL, NULL, NULL, '6'),
(2522, 329, 75, NULL, NULL, NULL, '12'),
(2523, 330, 5, NULL, NULL, NULL, '1'),
(2524, 330, 3, NULL, NULL, NULL, '2'),
(2525, 330, 12, NULL, NULL, NULL, '3'),
(2526, 330, 13, NULL, NULL, NULL, '3'),
(2527, 330, 17, NULL, NULL, NULL, '4'),
(2528, 330, 24, NULL, NULL, NULL, '5'),
(2529, 330, 25, NULL, NULL, NULL, '5'),
(2530, 330, 22, NULL, NULL, NULL, '6'),
(2531, 330, 75, NULL, NULL, NULL, '12'),
(2532, 331, 5, NULL, NULL, NULL, '1'),
(2533, 331, 3, NULL, NULL, NULL, '2'),
(2534, 331, 12, NULL, NULL, NULL, '3'),
(2535, 331, 13, NULL, NULL, NULL, '3'),
(2536, 331, 17, NULL, NULL, NULL, '4'),
(2537, 331, 24, NULL, NULL, NULL, '5'),
(2538, 331, 25, NULL, NULL, NULL, '5'),
(2539, 331, 22, NULL, NULL, NULL, '6'),
(2540, 331, 75, NULL, NULL, NULL, '12'),
(2541, 332, 5, NULL, NULL, NULL, '1'),
(2542, 332, 3, NULL, NULL, NULL, '2'),
(2543, 332, 12, NULL, NULL, NULL, '3'),
(2544, 332, 13, NULL, NULL, NULL, '3'),
(2545, 332, 17, NULL, NULL, NULL, '4'),
(2546, 332, 24, NULL, NULL, NULL, '5'),
(2547, 332, 25, NULL, NULL, NULL, '5'),
(2548, 332, 22, NULL, NULL, NULL, '6'),
(2549, 332, 75, NULL, NULL, NULL, '12'),
(2550, 333, 5, NULL, NULL, NULL, '1'),
(2551, 333, 3, NULL, NULL, NULL, '2'),
(2552, 333, 12, NULL, NULL, NULL, '3'),
(2553, 333, 13, NULL, NULL, NULL, '3'),
(2554, 333, 17, NULL, NULL, NULL, '4'),
(2555, 333, 24, NULL, NULL, NULL, '5'),
(2556, 333, 25, NULL, NULL, NULL, '5'),
(2557, 333, 22, NULL, NULL, NULL, '6'),
(2558, 333, 75, NULL, NULL, NULL, '12'),
(2559, 334, 5, NULL, NULL, NULL, '1'),
(2560, 334, 3, NULL, NULL, NULL, '2'),
(2561, 334, 12, NULL, NULL, NULL, '3'),
(2562, 334, 13, NULL, NULL, NULL, '3'),
(2563, 334, 17, NULL, NULL, NULL, '4'),
(2564, 334, 24, NULL, NULL, NULL, '5'),
(2565, 334, 25, NULL, NULL, NULL, '5'),
(2566, 334, 22, NULL, NULL, NULL, '6'),
(2567, 334, 75, NULL, NULL, NULL, '12'),
(2568, 335, 5, NULL, NULL, NULL, '1'),
(2569, 335, 3, NULL, NULL, NULL, '2'),
(2570, 335, 12, NULL, NULL, NULL, '3'),
(2571, 335, 13, NULL, NULL, NULL, '3'),
(2572, 335, 17, NULL, NULL, NULL, '4'),
(2573, 335, 24, NULL, NULL, NULL, '5'),
(2574, 335, 25, NULL, NULL, NULL, '5'),
(2575, 335, 22, NULL, NULL, NULL, '6'),
(2576, 335, 75, NULL, NULL, NULL, '12'),
(2577, 336, 5, NULL, NULL, NULL, '1'),
(2578, 336, 3, NULL, NULL, NULL, '2'),
(2579, 336, 12, NULL, NULL, NULL, '3'),
(2580, 336, 13, NULL, NULL, NULL, '3'),
(2581, 336, 17, NULL, NULL, NULL, '4'),
(2582, 336, 24, NULL, NULL, NULL, '5'),
(2583, 336, 25, NULL, NULL, NULL, '5'),
(2584, 336, 22, NULL, NULL, NULL, '6'),
(2585, 336, 75, NULL, NULL, NULL, '12'),
(2586, 337, 5, NULL, NULL, NULL, '1'),
(2587, 337, 3, NULL, NULL, NULL, '2'),
(2588, 337, 12, NULL, NULL, NULL, '3'),
(2589, 337, 13, NULL, NULL, NULL, '3'),
(2590, 337, 17, NULL, NULL, NULL, '4'),
(2591, 337, 24, NULL, NULL, NULL, '5'),
(2592, 337, 25, NULL, NULL, NULL, '5'),
(2593, 337, 22, NULL, NULL, NULL, '6'),
(2594, 337, 75, NULL, NULL, NULL, '12'),
(2595, 338, 5, NULL, NULL, NULL, '1'),
(2596, 338, 3, NULL, NULL, NULL, '2'),
(2597, 338, 12, NULL, NULL, NULL, '3'),
(2598, 338, 13, NULL, NULL, NULL, '3'),
(2599, 338, 17, NULL, NULL, NULL, '4'),
(2600, 338, 24, NULL, NULL, NULL, '5'),
(2601, 338, 25, NULL, NULL, NULL, '5'),
(2602, 338, 22, NULL, NULL, NULL, '6'),
(2603, 338, 75, NULL, NULL, NULL, '12'),
(2604, 339, 5, NULL, NULL, NULL, '1'),
(2605, 339, 3, NULL, NULL, NULL, '2'),
(2606, 339, 12, NULL, NULL, NULL, '3'),
(2607, 339, 13, NULL, NULL, NULL, '3'),
(2608, 339, 17, NULL, NULL, NULL, '4'),
(2609, 339, 24, NULL, NULL, NULL, '5'),
(2610, 339, 25, NULL, NULL, NULL, '5'),
(2611, 339, 22, NULL, NULL, NULL, '6'),
(2612, 339, 75, NULL, NULL, NULL, '12'),
(2613, 340, 5, NULL, NULL, NULL, '1'),
(2614, 340, 3, NULL, NULL, NULL, '2'),
(2615, 340, 12, NULL, NULL, NULL, '3'),
(2616, 340, 13, NULL, NULL, NULL, '3'),
(2617, 340, 17, NULL, NULL, NULL, '4'),
(2618, 340, 24, NULL, NULL, NULL, '5'),
(2619, 340, 25, NULL, NULL, NULL, '5'),
(2620, 340, 22, NULL, NULL, NULL, '6'),
(2621, 340, 75, NULL, NULL, NULL, '12'),
(2622, 341, 5, NULL, NULL, NULL, '1'),
(2623, 341, 3, NULL, NULL, NULL, '2'),
(2624, 341, 12, NULL, NULL, NULL, '3'),
(2625, 341, 13, NULL, NULL, NULL, '3'),
(2626, 341, 17, NULL, NULL, NULL, '4'),
(2627, 341, 24, NULL, NULL, NULL, '5'),
(2628, 341, 25, NULL, NULL, NULL, '5'),
(2629, 341, 22, NULL, NULL, NULL, '6'),
(2630, 341, 75, NULL, NULL, NULL, '12'),
(2631, 342, 5, NULL, NULL, NULL, '1'),
(2632, 342, 3, NULL, NULL, NULL, '2'),
(2633, 342, 12, NULL, NULL, NULL, '3'),
(2634, 342, 13, NULL, NULL, NULL, '3'),
(2635, 342, 17, NULL, NULL, NULL, '4'),
(2636, 342, 24, NULL, NULL, NULL, '5'),
(2637, 342, 25, NULL, NULL, NULL, '5'),
(2638, 342, 22, NULL, NULL, NULL, '6'),
(2639, 342, 75, NULL, NULL, NULL, '12'),
(2640, 343, 5, NULL, NULL, NULL, '1'),
(2641, 343, 3, NULL, NULL, NULL, '2'),
(2642, 343, 12, NULL, NULL, NULL, '3'),
(2643, 343, 13, NULL, NULL, NULL, '3'),
(2644, 343, 17, NULL, NULL, NULL, '4'),
(2645, 343, 24, NULL, NULL, NULL, '5'),
(2646, 343, 25, NULL, NULL, NULL, '5'),
(2647, 343, 22, NULL, NULL, NULL, '6'),
(2648, 343, 75, NULL, NULL, NULL, '12'),
(2649, 344, 5, NULL, NULL, NULL, '1'),
(2650, 344, 3, NULL, NULL, NULL, '2'),
(2651, 344, 12, NULL, NULL, NULL, '3'),
(2652, 344, 13, NULL, NULL, NULL, '3'),
(2653, 344, 17, NULL, NULL, NULL, '4'),
(2654, 344, 24, NULL, NULL, NULL, '5'),
(2655, 344, 25, NULL, NULL, NULL, '5'),
(2656, 344, 22, NULL, NULL, NULL, '6'),
(2657, 344, 75, NULL, NULL, NULL, '12'),
(2658, 345, 5, NULL, NULL, NULL, '1'),
(2659, 345, 3, NULL, NULL, NULL, '2'),
(2660, 345, 12, NULL, NULL, NULL, '3'),
(2661, 345, 13, NULL, NULL, NULL, '3'),
(2662, 345, 17, NULL, NULL, NULL, '4'),
(2663, 345, 24, NULL, NULL, NULL, '5'),
(2664, 345, 25, NULL, NULL, NULL, '5'),
(2665, 345, 22, NULL, NULL, NULL, '6'),
(2666, 345, 75, NULL, NULL, NULL, '12'),
(2667, 346, 5, NULL, NULL, NULL, '1'),
(2668, 346, 3, NULL, NULL, NULL, '2'),
(2669, 346, 12, NULL, NULL, NULL, '3'),
(2670, 346, 13, NULL, NULL, NULL, '3'),
(2671, 346, 17, NULL, NULL, NULL, '4'),
(2672, 346, 24, NULL, NULL, NULL, '5'),
(2673, 346, 25, NULL, NULL, NULL, '5'),
(2674, 346, 22, NULL, NULL, NULL, '6'),
(2675, 346, 75, NULL, NULL, NULL, '12'),
(2676, 347, 5, NULL, NULL, NULL, '1'),
(2677, 347, 3, NULL, NULL, NULL, '2'),
(2678, 347, 12, NULL, NULL, NULL, '3'),
(2679, 347, 13, NULL, NULL, NULL, '3');
INSERT INTO `answer_user` (`id`, `user_id`, `answer_id`, `value_of_answer`, `created_at`, `updated_at`, `question_id`) VALUES
(2680, 347, 17, NULL, NULL, NULL, '4'),
(2681, 347, 24, NULL, NULL, NULL, '5'),
(2682, 347, 25, NULL, NULL, NULL, '5'),
(2683, 347, 22, NULL, NULL, NULL, '6'),
(2684, 347, 75, NULL, NULL, NULL, '12'),
(2685, 348, 5, NULL, NULL, NULL, '1'),
(2686, 348, 3, NULL, NULL, NULL, '2'),
(2687, 348, 12, NULL, NULL, NULL, '3'),
(2688, 348, 13, NULL, NULL, NULL, '3'),
(2689, 348, 17, NULL, NULL, NULL, '4'),
(2690, 348, 24, NULL, NULL, NULL, '5'),
(2691, 348, 25, NULL, NULL, NULL, '5'),
(2692, 348, 22, NULL, NULL, NULL, '6'),
(2693, 348, 75, NULL, NULL, NULL, '12'),
(2694, 349, 5, NULL, NULL, NULL, '1'),
(2695, 349, 3, NULL, NULL, NULL, '2'),
(2696, 349, 12, NULL, NULL, NULL, '3'),
(2697, 349, 13, NULL, NULL, NULL, '3'),
(2698, 349, 17, NULL, NULL, NULL, '4'),
(2699, 349, 24, NULL, NULL, NULL, '5'),
(2700, 349, 25, NULL, NULL, NULL, '5'),
(2701, 349, 22, NULL, NULL, NULL, '6'),
(2702, 349, 75, NULL, NULL, NULL, '12'),
(2703, 350, 5, NULL, NULL, NULL, '1'),
(2704, 350, 3, NULL, NULL, NULL, '2'),
(2705, 350, 12, NULL, NULL, NULL, '3'),
(2706, 350, 13, NULL, NULL, NULL, '3'),
(2707, 350, 17, NULL, NULL, NULL, '4'),
(2708, 350, 24, NULL, NULL, NULL, '5'),
(2709, 350, 25, NULL, NULL, NULL, '5'),
(2710, 350, 22, NULL, NULL, NULL, '6'),
(2711, 350, 75, NULL, NULL, NULL, '12'),
(2712, 351, 5, NULL, NULL, NULL, '1'),
(2713, 351, 3, NULL, NULL, NULL, '2'),
(2714, 351, 12, NULL, NULL, NULL, '3'),
(2715, 351, 13, NULL, NULL, NULL, '3'),
(2716, 351, 17, NULL, NULL, NULL, '4'),
(2717, 351, 24, NULL, NULL, NULL, '5'),
(2718, 351, 25, NULL, NULL, NULL, '5'),
(2719, 351, 22, NULL, NULL, NULL, '6'),
(2720, 351, 75, NULL, NULL, NULL, '12'),
(2721, 352, 5, NULL, NULL, NULL, '1'),
(2722, 352, 3, NULL, NULL, NULL, '2'),
(2723, 352, 12, NULL, NULL, NULL, '3'),
(2724, 352, 13, NULL, NULL, NULL, '3'),
(2725, 352, 17, NULL, NULL, NULL, '4'),
(2726, 352, 24, NULL, NULL, NULL, '5'),
(2727, 352, 25, NULL, NULL, NULL, '5'),
(2728, 352, 22, NULL, NULL, NULL, '6'),
(2729, 352, 75, NULL, NULL, NULL, '12'),
(2730, 353, 5, NULL, NULL, NULL, '1'),
(2731, 353, 3, NULL, NULL, NULL, '2'),
(2732, 353, 12, NULL, NULL, NULL, '3'),
(2733, 353, 13, NULL, NULL, NULL, '3'),
(2734, 353, 17, NULL, NULL, NULL, '4'),
(2735, 353, 24, NULL, NULL, NULL, '5'),
(2736, 353, 25, NULL, NULL, NULL, '5'),
(2737, 353, 22, NULL, NULL, NULL, '6'),
(2738, 353, 75, NULL, NULL, NULL, '12'),
(2739, 354, 5, NULL, NULL, NULL, '1'),
(2740, 354, 3, NULL, NULL, NULL, '2'),
(2741, 354, 12, NULL, NULL, NULL, '3'),
(2742, 354, 13, NULL, NULL, NULL, '3'),
(2743, 354, 17, NULL, NULL, NULL, '4'),
(2744, 354, 24, NULL, NULL, NULL, '5'),
(2745, 354, 25, NULL, NULL, NULL, '5'),
(2746, 354, 22, NULL, NULL, NULL, '6'),
(2747, 354, 75, NULL, NULL, NULL, '12'),
(2748, 355, 5, NULL, NULL, NULL, '1'),
(2749, 355, 3, NULL, NULL, NULL, '2'),
(2750, 355, 12, NULL, NULL, NULL, '3'),
(2751, 355, 13, NULL, NULL, NULL, '3'),
(2752, 355, 17, NULL, NULL, NULL, '4'),
(2753, 355, 24, NULL, NULL, NULL, '5'),
(2754, 355, 25, NULL, NULL, NULL, '5'),
(2755, 355, 22, NULL, NULL, NULL, '6'),
(2756, 355, 75, NULL, NULL, NULL, '12'),
(2757, 356, 5, NULL, NULL, NULL, '1'),
(2758, 356, 3, NULL, NULL, NULL, '2'),
(2759, 356, 12, NULL, NULL, NULL, '3'),
(2760, 356, 13, NULL, NULL, NULL, '3'),
(2761, 356, 17, NULL, NULL, NULL, '4'),
(2762, 356, 24, NULL, NULL, NULL, '5'),
(2763, 356, 25, NULL, NULL, NULL, '5'),
(2764, 356, 22, NULL, NULL, NULL, '6'),
(2765, 356, 75, NULL, NULL, NULL, '12'),
(2766, 357, 5, NULL, NULL, NULL, '1'),
(2767, 357, 3, NULL, NULL, NULL, '2'),
(2768, 357, 12, NULL, NULL, NULL, '3'),
(2769, 357, 13, NULL, NULL, NULL, '3'),
(2770, 357, 17, NULL, NULL, NULL, '4'),
(2771, 357, 24, NULL, NULL, NULL, '5'),
(2772, 357, 25, NULL, NULL, NULL, '5'),
(2773, 357, 22, NULL, NULL, NULL, '6'),
(2774, 357, 75, NULL, NULL, NULL, '12'),
(2775, 358, 5, NULL, NULL, NULL, '1'),
(2776, 358, 3, NULL, NULL, NULL, '2'),
(2777, 358, 12, NULL, NULL, NULL, '3'),
(2778, 358, 13, NULL, NULL, NULL, '3'),
(2779, 358, 17, NULL, NULL, NULL, '4'),
(2780, 358, 24, NULL, NULL, NULL, '5'),
(2781, 358, 25, NULL, NULL, NULL, '5'),
(2782, 358, 22, NULL, NULL, NULL, '6'),
(2783, 358, 75, NULL, NULL, NULL, '12'),
(2784, 359, 5, NULL, NULL, NULL, '1'),
(2785, 359, 3, NULL, NULL, NULL, '2'),
(2786, 359, 12, NULL, NULL, NULL, '3'),
(2787, 359, 13, NULL, NULL, NULL, '3'),
(2788, 359, 17, NULL, NULL, NULL, '4'),
(2789, 359, 24, NULL, NULL, NULL, '5'),
(2790, 359, 25, NULL, NULL, NULL, '5'),
(2791, 359, 22, NULL, NULL, NULL, '6'),
(2792, 359, 75, NULL, NULL, NULL, '12'),
(2793, 360, 5, NULL, NULL, NULL, '1'),
(2794, 360, 3, NULL, NULL, NULL, '2'),
(2795, 360, 12, NULL, NULL, NULL, '3'),
(2796, 360, 13, NULL, NULL, NULL, '3'),
(2797, 360, 17, NULL, NULL, NULL, '4'),
(2798, 360, 24, NULL, NULL, NULL, '5'),
(2799, 360, 25, NULL, NULL, NULL, '5'),
(2800, 360, 22, NULL, NULL, NULL, '6'),
(2801, 360, 75, NULL, NULL, NULL, '12'),
(2802, 361, 5, NULL, NULL, NULL, '1'),
(2803, 361, 3, NULL, NULL, NULL, '2'),
(2804, 361, 12, NULL, NULL, NULL, '3'),
(2805, 361, 13, NULL, NULL, NULL, '3'),
(2806, 361, 17, NULL, NULL, NULL, '4'),
(2807, 361, 24, NULL, NULL, NULL, '5'),
(2808, 361, 25, NULL, NULL, NULL, '5'),
(2809, 361, 22, NULL, NULL, NULL, '6'),
(2810, 361, 75, NULL, NULL, NULL, '12'),
(2811, 362, 5, NULL, NULL, NULL, '1'),
(2812, 362, 3, NULL, NULL, NULL, '2'),
(2813, 362, 12, NULL, NULL, NULL, '3'),
(2814, 362, 13, NULL, NULL, NULL, '3'),
(2815, 362, 17, NULL, NULL, NULL, '4'),
(2816, 362, 24, NULL, NULL, NULL, '5'),
(2817, 362, 25, NULL, NULL, NULL, '5'),
(2818, 362, 22, NULL, NULL, NULL, '6'),
(2819, 362, 75, NULL, NULL, NULL, '12'),
(2820, 363, 5, NULL, NULL, NULL, '1'),
(2821, 363, 3, NULL, NULL, NULL, '2'),
(2822, 363, 12, NULL, NULL, NULL, '3'),
(2823, 363, 13, NULL, NULL, NULL, '3'),
(2824, 363, 14, NULL, NULL, NULL, '3'),
(2825, 363, 17, NULL, NULL, NULL, '4'),
(2826, 363, 24, NULL, NULL, NULL, '5'),
(2827, 363, 26, NULL, NULL, NULL, '5'),
(2828, 363, 22, NULL, NULL, NULL, '6'),
(2829, 363, 75, NULL, NULL, NULL, '12'),
(2830, 364, 5, NULL, NULL, NULL, '1'),
(2831, 364, 3, NULL, NULL, NULL, '2'),
(2832, 364, 12, NULL, NULL, NULL, '3'),
(2833, 364, 13, NULL, NULL, NULL, '3'),
(2834, 364, 14, NULL, NULL, NULL, '3'),
(2835, 364, 17, NULL, NULL, NULL, '4'),
(2836, 364, 24, NULL, NULL, NULL, '5'),
(2837, 364, 26, NULL, NULL, NULL, '5'),
(2838, 364, 22, NULL, NULL, NULL, '6'),
(2839, 364, 75, NULL, NULL, NULL, '12'),
(2840, 365, 5, NULL, NULL, NULL, '1'),
(2841, 365, 3, NULL, NULL, NULL, '2'),
(2842, 365, 12, NULL, NULL, NULL, '3'),
(2843, 365, 13, NULL, NULL, NULL, '3'),
(2844, 365, 14, NULL, NULL, NULL, '3'),
(2845, 365, 17, NULL, NULL, NULL, '4'),
(2846, 365, 24, NULL, NULL, NULL, '5'),
(2847, 365, 26, NULL, NULL, NULL, '5'),
(2848, 365, 22, NULL, NULL, NULL, '6'),
(2849, 365, 75, NULL, NULL, NULL, '12'),
(2850, 366, 5, NULL, NULL, NULL, '1'),
(2851, 366, 3, NULL, NULL, NULL, '2'),
(2852, 366, 12, NULL, NULL, NULL, '3'),
(2853, 366, 13, NULL, NULL, NULL, '3'),
(2854, 366, 14, NULL, NULL, NULL, '3'),
(2855, 366, 17, NULL, NULL, NULL, '4'),
(2856, 366, 24, NULL, NULL, NULL, '5'),
(2857, 366, 26, NULL, NULL, NULL, '5'),
(2858, 366, 22, NULL, NULL, NULL, '6'),
(2859, 366, 75, NULL, NULL, NULL, '12'),
(2860, 367, 5, NULL, NULL, NULL, '1'),
(2861, 367, 3, NULL, NULL, NULL, '2'),
(2862, 367, 12, NULL, NULL, NULL, '3'),
(2863, 367, 13, NULL, NULL, NULL, '3'),
(2864, 367, 14, NULL, NULL, NULL, '3'),
(2865, 367, 17, NULL, NULL, NULL, '4'),
(2866, 367, 24, NULL, NULL, NULL, '5'),
(2867, 367, 26, NULL, NULL, NULL, '5'),
(2868, 367, 22, NULL, NULL, NULL, '6'),
(2869, 367, 75, NULL, NULL, NULL, '12'),
(2870, 368, 5, NULL, NULL, NULL, '1'),
(2871, 368, 3, NULL, NULL, NULL, '2'),
(2872, 368, 12, NULL, NULL, NULL, '3'),
(2873, 368, 13, NULL, NULL, NULL, '3'),
(2874, 368, 14, NULL, NULL, NULL, '3'),
(2875, 368, 17, NULL, NULL, NULL, '4'),
(2876, 368, 24, NULL, NULL, NULL, '5'),
(2877, 368, 26, NULL, NULL, NULL, '5'),
(2878, 368, 22, NULL, NULL, NULL, '6'),
(2879, 368, 75, NULL, NULL, NULL, '12'),
(2880, 369, 5, NULL, NULL, NULL, '1'),
(2881, 369, 3, NULL, NULL, NULL, '2'),
(2882, 369, 12, NULL, NULL, NULL, '3'),
(2883, 369, 13, NULL, NULL, NULL, '3'),
(2884, 369, 14, NULL, NULL, NULL, '3'),
(2885, 369, 17, NULL, NULL, NULL, '4'),
(2886, 369, 24, NULL, NULL, NULL, '5'),
(2887, 369, 26, NULL, NULL, NULL, '5'),
(2888, 369, 22, NULL, NULL, NULL, '6'),
(2889, 369, 75, NULL, NULL, NULL, '12'),
(2890, 370, 5, NULL, NULL, NULL, '1'),
(2891, 370, 3, NULL, NULL, NULL, '2'),
(2892, 370, 12, NULL, NULL, NULL, '3'),
(2893, 370, 13, NULL, NULL, NULL, '3'),
(2894, 370, 14, NULL, NULL, NULL, '3'),
(2895, 370, 17, NULL, NULL, NULL, '4'),
(2896, 370, 24, NULL, NULL, NULL, '5'),
(2897, 370, 26, NULL, NULL, NULL, '5'),
(2898, 370, 22, NULL, NULL, NULL, '6'),
(2899, 370, 75, NULL, NULL, NULL, '12'),
(2900, 371, 5, NULL, NULL, NULL, '1'),
(2901, 371, 3, NULL, NULL, NULL, '2'),
(2902, 371, 12, NULL, NULL, NULL, '3'),
(2903, 371, 13, NULL, NULL, NULL, '3'),
(2904, 371, 14, NULL, NULL, NULL, '3'),
(2905, 371, 17, NULL, NULL, NULL, '4'),
(2906, 371, 24, NULL, NULL, NULL, '5'),
(2907, 371, 26, NULL, NULL, NULL, '5'),
(2908, 371, 22, NULL, NULL, NULL, '6'),
(2909, 371, 75, NULL, NULL, NULL, '12'),
(2910, 372, 5, NULL, NULL, NULL, '1'),
(2911, 372, 3, NULL, NULL, NULL, '2'),
(2912, 372, 12, NULL, NULL, NULL, '3'),
(2913, 372, 13, NULL, NULL, NULL, '3'),
(2914, 372, 14, NULL, NULL, NULL, '3'),
(2915, 372, 17, NULL, NULL, NULL, '4'),
(2916, 372, 24, NULL, NULL, NULL, '5'),
(2917, 372, 26, NULL, NULL, NULL, '5'),
(2918, 372, 22, NULL, NULL, NULL, '6'),
(2919, 372, 75, NULL, NULL, NULL, '12'),
(2920, 373, 5, NULL, NULL, NULL, '1'),
(2921, 373, 3, NULL, NULL, NULL, '2'),
(2922, 373, 12, NULL, NULL, NULL, '3'),
(2923, 373, 13, NULL, NULL, NULL, '3'),
(2924, 373, 14, NULL, NULL, NULL, '3'),
(2925, 373, 17, NULL, NULL, NULL, '4'),
(2926, 373, 24, NULL, NULL, NULL, '5'),
(2927, 373, 26, NULL, NULL, NULL, '5'),
(2928, 373, 22, NULL, NULL, NULL, '6'),
(2929, 373, 75, NULL, NULL, NULL, '12'),
(2930, 374, 5, NULL, NULL, NULL, '1'),
(2931, 374, 3, NULL, NULL, NULL, '2'),
(2932, 374, 12, NULL, NULL, NULL, '3'),
(2933, 374, 13, NULL, NULL, NULL, '3'),
(2934, 374, 14, NULL, NULL, NULL, '3'),
(2935, 374, 17, NULL, NULL, NULL, '4'),
(2936, 374, 24, NULL, NULL, NULL, '5'),
(2937, 374, 26, NULL, NULL, NULL, '5'),
(2938, 374, 22, NULL, NULL, NULL, '6'),
(2939, 374, 75, NULL, NULL, NULL, '12'),
(2940, 375, 5, NULL, NULL, NULL, '1'),
(2941, 375, 3, NULL, NULL, NULL, '2'),
(2942, 375, 12, NULL, NULL, NULL, '3'),
(2943, 375, 13, NULL, NULL, NULL, '3'),
(2944, 375, 14, NULL, NULL, NULL, '3'),
(2945, 375, 17, NULL, NULL, NULL, '4'),
(2946, 375, 24, NULL, NULL, NULL, '5'),
(2947, 375, 26, NULL, NULL, NULL, '5'),
(2948, 375, 22, NULL, NULL, NULL, '6'),
(2949, 375, 75, NULL, NULL, NULL, '12'),
(2950, 376, 5, NULL, NULL, NULL, '1'),
(2951, 376, 3, NULL, NULL, NULL, '2'),
(2952, 376, 12, NULL, NULL, NULL, '3'),
(2953, 376, 13, NULL, NULL, NULL, '3'),
(2954, 376, 14, NULL, NULL, NULL, '3'),
(2955, 376, 17, NULL, NULL, NULL, '4'),
(2956, 376, 24, NULL, NULL, NULL, '5'),
(2957, 376, 26, NULL, NULL, NULL, '5'),
(2958, 376, 22, NULL, NULL, NULL, '6'),
(2959, 376, 75, NULL, NULL, NULL, '12'),
(2960, 377, 5, NULL, NULL, NULL, '1'),
(2961, 377, 3, NULL, NULL, NULL, '2'),
(2962, 377, 12, NULL, NULL, NULL, '3'),
(2963, 377, 13, NULL, NULL, NULL, '3'),
(2964, 377, 14, NULL, NULL, NULL, '3'),
(2965, 377, 17, NULL, NULL, NULL, '4'),
(2966, 377, 24, NULL, NULL, NULL, '5'),
(2967, 377, 26, NULL, NULL, NULL, '5'),
(2968, 377, 22, NULL, NULL, NULL, '6'),
(2969, 377, 75, NULL, NULL, NULL, '12'),
(2970, 378, 5, NULL, NULL, NULL, '1'),
(2971, 378, 3, NULL, NULL, NULL, '2'),
(2972, 378, 12, NULL, NULL, NULL, '3'),
(2973, 378, 13, NULL, NULL, NULL, '3'),
(2974, 378, 14, NULL, NULL, NULL, '3'),
(2975, 378, 17, NULL, NULL, NULL, '4'),
(2976, 378, 24, NULL, NULL, NULL, '5'),
(2977, 378, 26, NULL, NULL, NULL, '5'),
(2978, 378, 22, NULL, NULL, NULL, '6'),
(2979, 378, 75, NULL, NULL, NULL, '12'),
(2980, 379, 5, NULL, NULL, NULL, '1'),
(2981, 379, 3, NULL, NULL, NULL, '2'),
(2982, 379, 12, NULL, NULL, NULL, '3'),
(2983, 379, 13, NULL, NULL, NULL, '3'),
(2984, 379, 14, NULL, NULL, NULL, '3'),
(2985, 379, 17, NULL, NULL, NULL, '4'),
(2986, 379, 24, NULL, NULL, NULL, '5'),
(2987, 379, 26, NULL, NULL, NULL, '5'),
(2988, 379, 22, NULL, NULL, NULL, '6'),
(2989, 379, 75, NULL, NULL, NULL, '12'),
(2990, 380, 5, NULL, NULL, NULL, '1'),
(2991, 380, 3, NULL, NULL, NULL, '2'),
(2992, 380, 12, NULL, NULL, NULL, '3'),
(2993, 380, 13, NULL, NULL, NULL, '3'),
(2994, 380, 14, NULL, NULL, NULL, '3'),
(2995, 380, 17, NULL, NULL, NULL, '4'),
(2996, 380, 24, NULL, NULL, NULL, '5'),
(2997, 380, 26, NULL, NULL, NULL, '5'),
(2998, 380, 22, NULL, NULL, NULL, '6'),
(2999, 380, 75, NULL, NULL, NULL, '12'),
(3000, 381, 5, NULL, NULL, NULL, '1'),
(3001, 381, 3, NULL, NULL, NULL, '2'),
(3002, 381, 12, NULL, NULL, NULL, '3'),
(3003, 381, 13, NULL, NULL, NULL, '3'),
(3004, 381, 14, NULL, NULL, NULL, '3'),
(3005, 381, 17, NULL, NULL, NULL, '4'),
(3006, 381, 24, NULL, NULL, NULL, '5'),
(3007, 381, 26, NULL, NULL, NULL, '5'),
(3008, 381, 22, NULL, NULL, NULL, '6'),
(3009, 381, 75, NULL, NULL, NULL, '12'),
(3010, 382, 6, NULL, NULL, NULL, '1'),
(3011, 382, 2, NULL, NULL, NULL, '2'),
(3012, 382, 9, NULL, NULL, NULL, '3'),
(3013, 382, 10, NULL, NULL, NULL, '3'),
(3014, 382, 11, NULL, NULL, NULL, '3'),
(3015, 382, 18, NULL, NULL, NULL, '4'),
(3016, 382, 24, NULL, NULL, NULL, '5'),
(3017, 382, 25, NULL, NULL, NULL, '5'),
(3018, 382, 22, NULL, NULL, NULL, '6'),
(3019, 382, 75, NULL, NULL, NULL, '12'),
(3020, 383, 5, NULL, NULL, NULL, '1'),
(3021, 383, 3, NULL, NULL, NULL, '2'),
(3022, 383, 12, NULL, NULL, NULL, '3'),
(3023, 383, 13, NULL, NULL, NULL, '3'),
(3024, 383, 14, NULL, NULL, NULL, '3'),
(3025, 383, 17, NULL, NULL, NULL, '4'),
(3026, 383, 24, NULL, NULL, NULL, '5'),
(3027, 383, 22, NULL, NULL, NULL, '6'),
(3028, 383, 75, NULL, NULL, NULL, '12'),
(3029, 384, 5, NULL, NULL, NULL, '1'),
(3030, 384, 3, NULL, NULL, NULL, '2'),
(3031, 384, 12, NULL, NULL, NULL, '3'),
(3032, 384, 13, NULL, NULL, NULL, '3'),
(3033, 384, 14, NULL, NULL, NULL, '3'),
(3034, 384, 17, NULL, NULL, NULL, '4'),
(3035, 384, 24, NULL, NULL, NULL, '5'),
(3036, 384, 22, NULL, NULL, NULL, '6'),
(3037, 384, 75, NULL, NULL, NULL, '12'),
(3038, 385, 5, NULL, NULL, NULL, '1'),
(3039, 385, 3, NULL, NULL, NULL, '2'),
(3040, 385, 12, NULL, NULL, NULL, '3'),
(3041, 385, 13, NULL, NULL, NULL, '3'),
(3042, 385, 14, NULL, NULL, NULL, '3'),
(3043, 385, 17, NULL, NULL, NULL, '4'),
(3044, 385, 24, NULL, NULL, NULL, '5'),
(3045, 385, 22, NULL, NULL, NULL, '6'),
(3046, 385, 75, NULL, NULL, NULL, '12'),
(3047, 386, 5, NULL, NULL, NULL, '1'),
(3048, 386, 3, NULL, NULL, NULL, '2'),
(3049, 386, 12, NULL, NULL, NULL, '3'),
(3050, 386, 13, NULL, NULL, NULL, '3'),
(3051, 386, 14, NULL, NULL, NULL, '3'),
(3052, 386, 17, NULL, NULL, NULL, '4'),
(3053, 386, 24, NULL, NULL, NULL, '5'),
(3054, 386, 22, NULL, NULL, NULL, '6'),
(3055, 386, 75, NULL, NULL, NULL, '12'),
(3056, 387, 5, NULL, NULL, NULL, '1'),
(3057, 387, 3, NULL, NULL, NULL, '2'),
(3058, 387, 12, NULL, NULL, NULL, '3'),
(3059, 387, 13, NULL, NULL, NULL, '3'),
(3060, 387, 14, NULL, NULL, NULL, '3'),
(3061, 387, 17, NULL, NULL, NULL, '4'),
(3062, 387, 24, NULL, NULL, NULL, '5'),
(3063, 387, 22, NULL, NULL, NULL, '6'),
(3064, 387, 75, NULL, NULL, NULL, '12'),
(3065, 388, 5, NULL, NULL, NULL, '1'),
(3066, 388, 3, NULL, NULL, NULL, '2'),
(3067, 388, 12, NULL, NULL, NULL, '3'),
(3068, 388, 13, NULL, NULL, NULL, '3'),
(3069, 388, 14, NULL, NULL, NULL, '3'),
(3070, 388, 17, NULL, NULL, NULL, '4'),
(3071, 388, 24, NULL, NULL, NULL, '5'),
(3072, 388, 22, NULL, NULL, NULL, '6'),
(3073, 388, 75, NULL, NULL, NULL, '12'),
(3074, 389, 5, NULL, NULL, NULL, '1'),
(3075, 389, 3, NULL, NULL, NULL, '2'),
(3076, 389, 12, NULL, NULL, NULL, '3'),
(3077, 389, 13, NULL, NULL, NULL, '3'),
(3078, 389, 14, NULL, NULL, NULL, '3'),
(3079, 389, 17, NULL, NULL, NULL, '4'),
(3080, 389, 24, NULL, NULL, NULL, '5'),
(3081, 389, 22, NULL, NULL, NULL, '6'),
(3082, 389, 75, NULL, NULL, NULL, '12'),
(3083, 390, 5, NULL, NULL, NULL, '1'),
(3084, 390, 3, NULL, NULL, NULL, '2'),
(3085, 390, 12, NULL, NULL, NULL, '3'),
(3086, 390, 13, NULL, NULL, NULL, '3'),
(3087, 390, 14, NULL, NULL, NULL, '3'),
(3088, 390, 17, NULL, NULL, NULL, '4'),
(3089, 390, 24, NULL, NULL, NULL, '5'),
(3090, 390, 22, NULL, NULL, NULL, '6'),
(3091, 390, 75, NULL, NULL, NULL, '12'),
(3092, 391, 5, NULL, NULL, NULL, '1'),
(3093, 391, 3, NULL, NULL, NULL, '2'),
(3094, 391, 12, NULL, NULL, NULL, '3'),
(3095, 391, 13, NULL, NULL, NULL, '3'),
(3096, 391, 14, NULL, NULL, NULL, '3'),
(3097, 391, 17, NULL, NULL, NULL, '4'),
(3098, 391, 24, NULL, NULL, NULL, '5'),
(3099, 391, 22, NULL, NULL, NULL, '6'),
(3100, 391, 75, NULL, NULL, NULL, '12'),
(3101, 392, 5, NULL, NULL, NULL, '1'),
(3102, 392, 3, NULL, NULL, NULL, '2'),
(3103, 392, 12, NULL, NULL, NULL, '3'),
(3104, 392, 13, NULL, NULL, NULL, '3'),
(3105, 392, 14, NULL, NULL, NULL, '3'),
(3106, 392, 17, NULL, NULL, NULL, '4'),
(3107, 392, 24, NULL, NULL, NULL, '5'),
(3108, 392, 22, NULL, NULL, NULL, '6'),
(3109, 392, 75, NULL, NULL, NULL, '12'),
(3110, 393, 5, NULL, NULL, NULL, '1'),
(3111, 393, 3, NULL, NULL, NULL, '2'),
(3112, 393, 12, NULL, NULL, NULL, '3'),
(3113, 393, 13, NULL, NULL, NULL, '3'),
(3114, 393, 14, NULL, NULL, NULL, '3'),
(3115, 393, 17, NULL, NULL, NULL, '4'),
(3116, 393, 24, NULL, NULL, NULL, '5'),
(3117, 393, 22, NULL, NULL, NULL, '6'),
(3118, 393, 75, NULL, NULL, NULL, '12'),
(3119, 394, 5, NULL, NULL, NULL, '1'),
(3120, 394, 2, NULL, NULL, NULL, '2'),
(3121, 394, 12, NULL, NULL, NULL, '3'),
(3122, 394, 13, NULL, NULL, NULL, '3'),
(3123, 394, 14, NULL, NULL, NULL, '3'),
(3124, 394, 18, NULL, NULL, NULL, '4'),
(3125, 394, 24, NULL, NULL, NULL, '5'),
(3126, 394, 25, NULL, NULL, NULL, '5'),
(3127, 394, 22, NULL, NULL, NULL, '6'),
(3128, 394, 75, NULL, NULL, NULL, '12'),
(3129, 395, 5, NULL, NULL, NULL, '1'),
(3130, 395, 2, NULL, NULL, NULL, '2'),
(3131, 395, 12, NULL, NULL, NULL, '3'),
(3132, 395, 13, NULL, NULL, NULL, '3'),
(3133, 395, 14, NULL, NULL, NULL, '3'),
(3134, 395, 18, NULL, NULL, NULL, '4'),
(3135, 395, 24, NULL, NULL, NULL, '5'),
(3136, 395, 25, NULL, NULL, NULL, '5'),
(3137, 395, 22, NULL, NULL, NULL, '6'),
(3138, 395, 75, NULL, NULL, NULL, '12'),
(3139, 396, 5, NULL, NULL, NULL, '1'),
(3140, 396, 2, NULL, NULL, NULL, '2'),
(3141, 396, 12, NULL, NULL, NULL, '3'),
(3142, 396, 13, NULL, NULL, NULL, '3'),
(3143, 396, 14, NULL, NULL, NULL, '3'),
(3144, 396, 18, NULL, NULL, NULL, '4'),
(3145, 396, 24, NULL, NULL, NULL, '5'),
(3146, 396, 25, NULL, NULL, NULL, '5'),
(3147, 396, 22, NULL, NULL, NULL, '6'),
(3148, 396, 75, NULL, NULL, NULL, '12'),
(3149, 397, 5, NULL, NULL, NULL, '1'),
(3150, 397, 2, NULL, NULL, NULL, '2'),
(3151, 397, 12, NULL, NULL, NULL, '3'),
(3152, 397, 13, NULL, NULL, NULL, '3'),
(3153, 397, 14, NULL, NULL, NULL, '3'),
(3154, 397, 18, NULL, NULL, NULL, '4'),
(3155, 397, 24, NULL, NULL, NULL, '5'),
(3156, 397, 25, NULL, NULL, NULL, '5'),
(3157, 397, 22, NULL, NULL, NULL, '6'),
(3158, 397, 75, NULL, NULL, NULL, '12'),
(3159, 398, 5, NULL, NULL, NULL, '1'),
(3160, 398, 2, NULL, NULL, NULL, '2'),
(3161, 398, 12, NULL, NULL, NULL, '3'),
(3162, 398, 13, NULL, NULL, NULL, '3'),
(3163, 398, 14, NULL, NULL, NULL, '3'),
(3164, 398, 18, NULL, NULL, NULL, '4'),
(3165, 398, 24, NULL, NULL, NULL, '5'),
(3166, 398, 25, NULL, NULL, NULL, '5'),
(3167, 398, 22, NULL, NULL, NULL, '6'),
(3168, 398, 75, NULL, NULL, NULL, '12'),
(3169, 399, 5, NULL, NULL, NULL, '1'),
(3170, 399, 2, NULL, NULL, NULL, '2'),
(3171, 399, 12, NULL, NULL, NULL, '3'),
(3172, 399, 13, NULL, NULL, NULL, '3'),
(3173, 399, 14, NULL, NULL, NULL, '3'),
(3174, 399, 18, NULL, NULL, NULL, '4'),
(3175, 399, 24, NULL, NULL, NULL, '5'),
(3176, 399, 25, NULL, NULL, NULL, '5'),
(3177, 399, 22, NULL, NULL, NULL, '6'),
(3178, 399, 75, NULL, NULL, NULL, '12'),
(3179, 400, 5, NULL, NULL, NULL, '1'),
(3180, 400, 2, NULL, NULL, NULL, '2'),
(3181, 400, 12, NULL, NULL, NULL, '3'),
(3182, 400, 13, NULL, NULL, NULL, '3'),
(3183, 400, 14, NULL, NULL, NULL, '3'),
(3184, 400, 18, NULL, NULL, NULL, '4'),
(3185, 400, 24, NULL, NULL, NULL, '5'),
(3186, 400, 25, NULL, NULL, NULL, '5'),
(3187, 400, 22, NULL, NULL, NULL, '6'),
(3188, 400, 75, NULL, NULL, NULL, '12'),
(3189, 401, 5, NULL, NULL, NULL, '1'),
(3190, 401, 2, NULL, NULL, NULL, '2'),
(3191, 401, 12, NULL, NULL, NULL, '3'),
(3192, 401, 13, NULL, NULL, NULL, '3'),
(3193, 401, 14, NULL, NULL, NULL, '3'),
(3194, 401, 18, NULL, NULL, NULL, '4'),
(3195, 401, 24, NULL, NULL, NULL, '5'),
(3196, 401, 25, NULL, NULL, NULL, '5'),
(3197, 401, 22, NULL, NULL, NULL, '6'),
(3198, 401, 75, NULL, NULL, NULL, '12'),
(3199, 402, 5, NULL, NULL, NULL, '1'),
(3200, 402, 2, NULL, NULL, NULL, '2'),
(3201, 402, 12, NULL, NULL, NULL, '3'),
(3202, 402, 13, NULL, NULL, NULL, '3'),
(3203, 402, 14, NULL, NULL, NULL, '3'),
(3204, 402, 18, NULL, NULL, NULL, '4'),
(3205, 402, 24, NULL, NULL, NULL, '5'),
(3206, 402, 25, NULL, NULL, NULL, '5'),
(3207, 402, 22, NULL, NULL, NULL, '6'),
(3208, 402, 75, NULL, NULL, NULL, '12'),
(3209, 403, 5, NULL, NULL, NULL, '1'),
(3210, 403, 2, NULL, NULL, NULL, '2'),
(3211, 403, 12, NULL, NULL, NULL, '3'),
(3212, 403, 13, NULL, NULL, NULL, '3'),
(3213, 403, 14, NULL, NULL, NULL, '3'),
(3214, 403, 18, NULL, NULL, NULL, '4'),
(3215, 403, 24, NULL, NULL, NULL, '5'),
(3216, 403, 25, NULL, NULL, NULL, '5'),
(3217, 403, 22, NULL, NULL, NULL, '6'),
(3218, 403, 75, NULL, NULL, NULL, '12'),
(3219, 404, 5, NULL, NULL, NULL, '1'),
(3220, 404, 2, NULL, NULL, NULL, '2'),
(3221, 404, 12, NULL, NULL, NULL, '3'),
(3222, 404, 13, NULL, NULL, NULL, '3'),
(3223, 404, 14, NULL, NULL, NULL, '3'),
(3224, 404, 18, NULL, NULL, NULL, '4'),
(3225, 404, 24, NULL, NULL, NULL, '5'),
(3226, 404, 25, NULL, NULL, NULL, '5'),
(3227, 404, 22, NULL, NULL, NULL, '6'),
(3228, 404, 75, NULL, NULL, NULL, '12'),
(3229, 405, 5, NULL, NULL, NULL, '1'),
(3230, 405, 2, NULL, NULL, NULL, '2'),
(3231, 405, 12, NULL, NULL, NULL, '3'),
(3232, 405, 13, NULL, NULL, NULL, '3'),
(3233, 405, 14, NULL, NULL, NULL, '3'),
(3234, 405, 18, NULL, NULL, NULL, '4'),
(3235, 405, 24, NULL, NULL, NULL, '5'),
(3236, 405, 25, NULL, NULL, NULL, '5'),
(3237, 405, 22, NULL, NULL, NULL, '6'),
(3238, 405, 75, NULL, NULL, NULL, '12'),
(3239, 406, 5, NULL, NULL, NULL, '1'),
(3240, 406, 2, NULL, NULL, NULL, '2'),
(3241, 406, 12, NULL, NULL, NULL, '3'),
(3242, 406, 13, NULL, NULL, NULL, '3'),
(3243, 406, 14, NULL, NULL, NULL, '3'),
(3244, 406, 18, NULL, NULL, NULL, '4'),
(3245, 406, 24, NULL, NULL, NULL, '5'),
(3246, 406, 25, NULL, NULL, NULL, '5'),
(3247, 406, 22, NULL, NULL, NULL, '6'),
(3248, 406, 75, NULL, NULL, NULL, '12'),
(3249, 407, 5, NULL, NULL, NULL, '1'),
(3250, 407, 2, NULL, NULL, NULL, '2'),
(3251, 407, 12, NULL, NULL, NULL, '3'),
(3252, 407, 13, NULL, NULL, NULL, '3'),
(3253, 407, 14, NULL, NULL, NULL, '3'),
(3254, 407, 18, NULL, NULL, NULL, '4'),
(3255, 407, 24, NULL, NULL, NULL, '5'),
(3256, 407, 25, NULL, NULL, NULL, '5'),
(3257, 407, 22, NULL, NULL, NULL, '6'),
(3258, 407, 75, NULL, NULL, NULL, '12'),
(3259, 408, 5, NULL, NULL, NULL, '1'),
(3260, 408, 2, NULL, NULL, NULL, '2'),
(3261, 408, 12, NULL, NULL, NULL, '3'),
(3262, 408, 13, NULL, NULL, NULL, '3'),
(3263, 408, 14, NULL, NULL, NULL, '3'),
(3264, 408, 18, NULL, NULL, NULL, '4'),
(3265, 408, 24, NULL, NULL, NULL, '5'),
(3266, 408, 25, NULL, NULL, NULL, '5'),
(3267, 408, 22, NULL, NULL, NULL, '6'),
(3268, 408, 75, NULL, NULL, NULL, '12'),
(3269, 409, 5, NULL, NULL, NULL, '1'),
(3270, 409, 2, NULL, NULL, NULL, '2'),
(3271, 409, 12, NULL, NULL, NULL, '3'),
(3272, 409, 13, NULL, NULL, NULL, '3'),
(3273, 409, 14, NULL, NULL, NULL, '3'),
(3274, 409, 18, NULL, NULL, NULL, '4'),
(3275, 409, 24, NULL, NULL, NULL, '5'),
(3276, 409, 25, NULL, NULL, NULL, '5'),
(3277, 409, 22, NULL, NULL, NULL, '6'),
(3278, 409, 75, NULL, NULL, NULL, '12'),
(3279, 410, 5, NULL, NULL, NULL, '1'),
(3280, 410, 3, NULL, NULL, NULL, '2'),
(3281, 410, 12, NULL, NULL, NULL, '3'),
(3282, 410, 13, NULL, NULL, NULL, '3'),
(3283, 410, 14, NULL, NULL, NULL, '3'),
(3284, 410, 17, NULL, NULL, NULL, '4'),
(3285, 410, 24, NULL, NULL, NULL, '5'),
(3286, 410, 22, NULL, NULL, NULL, '6'),
(3287, 410, 75, NULL, NULL, NULL, '12'),
(3288, 411, 5, NULL, NULL, NULL, '1'),
(3289, 411, 3, NULL, NULL, NULL, '2'),
(3290, 411, 12, NULL, NULL, NULL, '3'),
(3291, 411, 13, NULL, NULL, NULL, '3'),
(3292, 411, 14, NULL, NULL, NULL, '3'),
(3293, 411, 17, NULL, NULL, NULL, '4'),
(3294, 411, 24, NULL, NULL, NULL, '5'),
(3295, 411, 22, NULL, NULL, NULL, '6'),
(3296, 411, 75, NULL, NULL, NULL, '12'),
(3297, 412, 5, NULL, NULL, NULL, '1'),
(3298, 412, 3, NULL, NULL, NULL, '2'),
(3299, 412, 12, NULL, NULL, NULL, '3'),
(3300, 412, 13, NULL, NULL, NULL, '3'),
(3301, 412, 14, NULL, NULL, NULL, '3'),
(3302, 412, 17, NULL, NULL, NULL, '4'),
(3303, 412, 24, NULL, NULL, NULL, '5'),
(3304, 412, 22, NULL, NULL, NULL, '6'),
(3305, 412, 75, NULL, NULL, NULL, '12'),
(3306, 413, 5, NULL, NULL, NULL, '1'),
(3307, 413, 3, NULL, NULL, NULL, '2'),
(3308, 413, 12, NULL, NULL, NULL, '3'),
(3309, 413, 13, NULL, NULL, NULL, '3'),
(3310, 413, 14, NULL, NULL, NULL, '3'),
(3311, 413, 17, NULL, NULL, NULL, '4'),
(3312, 413, 24, NULL, NULL, NULL, '5'),
(3313, 413, 22, NULL, NULL, NULL, '6'),
(3314, 413, 75, NULL, NULL, NULL, '12'),
(3315, 414, 5, NULL, NULL, NULL, '1'),
(3316, 414, 3, NULL, NULL, NULL, '2'),
(3317, 414, 12, NULL, NULL, NULL, '3'),
(3318, 414, 13, NULL, NULL, NULL, '3'),
(3319, 414, 14, NULL, NULL, NULL, '3'),
(3320, 414, 17, NULL, NULL, NULL, '4'),
(3321, 414, 24, NULL, NULL, NULL, '5'),
(3322, 414, 22, NULL, NULL, NULL, '6'),
(3323, 414, 75, NULL, NULL, NULL, '12'),
(3324, 415, 5, NULL, NULL, NULL, '1'),
(3325, 415, 3, NULL, NULL, NULL, '2'),
(3326, 415, 12, NULL, NULL, NULL, '3'),
(3327, 415, 13, NULL, NULL, NULL, '3'),
(3328, 415, 14, NULL, NULL, NULL, '3'),
(3329, 415, 17, NULL, NULL, NULL, '4'),
(3330, 415, 24, NULL, NULL, NULL, '5'),
(3331, 415, 22, NULL, NULL, NULL, '6'),
(3332, 415, 75, NULL, NULL, NULL, '12'),
(3333, 416, 5, NULL, NULL, NULL, '1'),
(3334, 416, 3, NULL, NULL, NULL, '2'),
(3335, 416, 12, NULL, NULL, NULL, '3'),
(3336, 416, 13, NULL, NULL, NULL, '3'),
(3337, 416, 14, NULL, NULL, NULL, '3'),
(3338, 416, 17, NULL, NULL, NULL, '4'),
(3339, 416, 24, NULL, NULL, NULL, '5'),
(3340, 416, 22, NULL, NULL, NULL, '6'),
(3341, 416, 75, NULL, NULL, NULL, '12'),
(3342, 417, 5, NULL, NULL, NULL, '1'),
(3343, 417, 3, NULL, NULL, NULL, '2'),
(3344, 417, 12, NULL, NULL, NULL, '3'),
(3345, 417, 13, NULL, NULL, NULL, '3'),
(3346, 417, 14, NULL, NULL, NULL, '3'),
(3347, 417, 17, NULL, NULL, NULL, '4'),
(3348, 417, 24, NULL, NULL, NULL, '5'),
(3349, 417, 22, NULL, NULL, NULL, '6'),
(3350, 417, 75, NULL, NULL, NULL, '12'),
(3351, 418, 5, NULL, NULL, NULL, '1'),
(3352, 418, 3, NULL, NULL, NULL, '2'),
(3353, 418, 12, NULL, NULL, NULL, '3'),
(3354, 418, 13, NULL, NULL, NULL, '3'),
(3355, 418, 14, NULL, NULL, NULL, '3'),
(3356, 418, 17, NULL, NULL, NULL, '4'),
(3357, 418, 24, NULL, NULL, NULL, '5'),
(3358, 418, 22, NULL, NULL, NULL, '6'),
(3359, 418, 75, NULL, NULL, NULL, '12'),
(3360, 419, 5, NULL, NULL, NULL, '1'),
(3361, 419, 3, NULL, NULL, NULL, '2'),
(3362, 419, 12, NULL, NULL, NULL, '3'),
(3363, 419, 13, NULL, NULL, NULL, '3'),
(3364, 419, 14, NULL, NULL, NULL, '3'),
(3365, 419, 17, NULL, NULL, NULL, '4'),
(3366, 419, 24, NULL, NULL, NULL, '5'),
(3367, 419, 22, NULL, NULL, NULL, '6'),
(3368, 419, 75, NULL, NULL, NULL, '12'),
(3369, 420, 5, NULL, NULL, NULL, '1'),
(3370, 420, 3, NULL, NULL, NULL, '2'),
(3371, 420, 12, NULL, NULL, NULL, '3'),
(3372, 420, 13, NULL, NULL, NULL, '3'),
(3373, 420, 14, NULL, NULL, NULL, '3'),
(3374, 420, 17, NULL, NULL, NULL, '4'),
(3375, 420, 24, NULL, NULL, NULL, '5'),
(3376, 420, 22, NULL, NULL, NULL, '6'),
(3377, 420, 75, NULL, NULL, NULL, '12'),
(3378, 421, 5, NULL, NULL, NULL, '1'),
(3379, 421, 3, NULL, NULL, NULL, '2'),
(3380, 421, 12, NULL, NULL, NULL, '3'),
(3381, 421, 13, NULL, NULL, NULL, '3'),
(3382, 421, 14, NULL, NULL, NULL, '3'),
(3383, 421, 17, NULL, NULL, NULL, '4'),
(3384, 421, 24, NULL, NULL, NULL, '5'),
(3385, 421, 22, NULL, NULL, NULL, '6'),
(3386, 421, 75, NULL, NULL, NULL, '12'),
(3387, 422, 5, NULL, NULL, NULL, '1'),
(3388, 422, 3, NULL, NULL, NULL, '2'),
(3389, 422, 12, NULL, NULL, NULL, '3'),
(3390, 422, 13, NULL, NULL, NULL, '3'),
(3391, 422, 14, NULL, NULL, NULL, '3'),
(3392, 422, 17, NULL, NULL, NULL, '4'),
(3393, 422, 24, NULL, NULL, NULL, '5'),
(3394, 422, 22, NULL, NULL, NULL, '6'),
(3395, 422, 75, NULL, NULL, NULL, '12'),
(3396, 423, 5, NULL, NULL, NULL, '1'),
(3397, 423, 3, NULL, NULL, NULL, '2'),
(3398, 423, 12, NULL, NULL, NULL, '3'),
(3399, 423, 13, NULL, NULL, NULL, '3'),
(3400, 423, 14, NULL, NULL, NULL, '3'),
(3401, 423, 17, NULL, NULL, NULL, '4'),
(3402, 423, 24, NULL, NULL, NULL, '5'),
(3403, 423, 22, NULL, NULL, NULL, '6'),
(3404, 423, 75, NULL, NULL, NULL, '12'),
(3405, 424, 5, NULL, NULL, NULL, '1'),
(3406, 424, 3, NULL, NULL, NULL, '2'),
(3407, 424, 12, NULL, NULL, NULL, '3'),
(3408, 424, 13, NULL, NULL, NULL, '3'),
(3409, 424, 14, NULL, NULL, NULL, '3'),
(3410, 424, 17, NULL, NULL, NULL, '4'),
(3411, 424, 24, NULL, NULL, NULL, '5'),
(3412, 424, 22, NULL, NULL, NULL, '6'),
(3413, 424, 75, NULL, NULL, NULL, '12'),
(3414, 425, 5, NULL, NULL, NULL, '1'),
(3415, 425, 3, NULL, NULL, NULL, '2'),
(3416, 425, 12, NULL, NULL, NULL, '3'),
(3417, 425, 13, NULL, NULL, NULL, '3'),
(3418, 425, 14, NULL, NULL, NULL, '3'),
(3419, 425, 17, NULL, NULL, NULL, '4'),
(3420, 425, 24, NULL, NULL, NULL, '5'),
(3421, 425, 22, NULL, NULL, NULL, '6'),
(3422, 425, 75, NULL, NULL, NULL, '12'),
(3423, 426, 5, NULL, NULL, NULL, '1'),
(3424, 426, 3, NULL, NULL, NULL, '2'),
(3425, 426, 12, NULL, NULL, NULL, '3'),
(3426, 426, 13, NULL, NULL, NULL, '3'),
(3427, 426, 14, NULL, NULL, NULL, '3'),
(3428, 426, 17, NULL, NULL, NULL, '4'),
(3429, 426, 24, NULL, NULL, NULL, '5'),
(3430, 426, 22, NULL, NULL, NULL, '6'),
(3431, 426, 75, NULL, NULL, NULL, '12'),
(3432, 427, 5, NULL, NULL, NULL, '1'),
(3433, 427, 3, NULL, NULL, NULL, '2'),
(3434, 427, 12, NULL, NULL, NULL, '3'),
(3435, 427, 13, NULL, NULL, NULL, '3'),
(3436, 427, 14, NULL, NULL, NULL, '3'),
(3437, 427, 17, NULL, NULL, NULL, '4'),
(3438, 427, 24, NULL, NULL, NULL, '5'),
(3439, 427, 22, NULL, NULL, NULL, '6'),
(3440, 427, 75, NULL, NULL, NULL, '12'),
(3441, 428, 5, NULL, NULL, NULL, '1'),
(3442, 428, 3, NULL, NULL, NULL, '2'),
(3443, 428, 12, NULL, NULL, NULL, '3'),
(3444, 428, 13, NULL, NULL, NULL, '3'),
(3445, 428, 14, NULL, NULL, NULL, '3'),
(3446, 428, 17, NULL, NULL, NULL, '4'),
(3447, 428, 24, NULL, NULL, NULL, '5'),
(3448, 428, 22, NULL, NULL, NULL, '6'),
(3449, 428, 75, NULL, NULL, NULL, '12'),
(3450, 429, 5, NULL, NULL, NULL, '1'),
(3451, 429, 3, NULL, NULL, NULL, '2'),
(3452, 429, 12, NULL, NULL, NULL, '3'),
(3453, 429, 13, NULL, NULL, NULL, '3'),
(3454, 429, 14, NULL, NULL, NULL, '3'),
(3455, 429, 17, NULL, NULL, NULL, '4'),
(3456, 429, 24, NULL, NULL, NULL, '5'),
(3457, 429, 22, NULL, NULL, NULL, '6'),
(3458, 429, 75, NULL, NULL, NULL, '12'),
(3459, 430, 5, NULL, NULL, NULL, '1'),
(3460, 430, 3, NULL, NULL, NULL, '2'),
(3461, 430, 12, NULL, NULL, NULL, '3'),
(3462, 430, 13, NULL, NULL, NULL, '3'),
(3463, 430, 14, NULL, NULL, NULL, '3'),
(3464, 430, 17, NULL, NULL, NULL, '4'),
(3465, 430, 24, NULL, NULL, NULL, '5'),
(3466, 430, 22, NULL, NULL, NULL, '6'),
(3467, 430, 75, NULL, NULL, NULL, '12'),
(3468, 431, 5, NULL, NULL, NULL, '1'),
(3469, 431, 3, NULL, NULL, NULL, '2'),
(3470, 431, 12, NULL, NULL, NULL, '3'),
(3471, 431, 13, NULL, NULL, NULL, '3'),
(3472, 431, 14, NULL, NULL, NULL, '3'),
(3473, 431, 17, NULL, NULL, NULL, '4'),
(3474, 431, 24, NULL, NULL, NULL, '5'),
(3475, 431, 22, NULL, NULL, NULL, '6'),
(3476, 431, 75, NULL, NULL, NULL, '12'),
(3477, 432, 5, NULL, NULL, NULL, '1'),
(3478, 432, 3, NULL, NULL, NULL, '2'),
(3479, 432, 12, NULL, NULL, NULL, '3'),
(3480, 432, 13, NULL, NULL, NULL, '3'),
(3481, 432, 14, NULL, NULL, NULL, '3'),
(3482, 432, 17, NULL, NULL, NULL, '4'),
(3483, 432, 24, NULL, NULL, NULL, '5'),
(3484, 432, 22, NULL, NULL, NULL, '6'),
(3485, 432, 75, NULL, NULL, NULL, '12'),
(3486, 433, 5, NULL, NULL, NULL, '1'),
(3487, 433, 3, NULL, NULL, NULL, '2'),
(3488, 433, 12, NULL, NULL, NULL, '3'),
(3489, 433, 13, NULL, NULL, NULL, '3'),
(3490, 433, 14, NULL, NULL, NULL, '3'),
(3491, 433, 17, NULL, NULL, NULL, '4'),
(3492, 433, 24, NULL, NULL, NULL, '5'),
(3493, 433, 22, NULL, NULL, NULL, '6'),
(3494, 433, 75, NULL, NULL, NULL, '12'),
(3495, 434, 5, NULL, NULL, NULL, '1'),
(3496, 434, 3, NULL, NULL, NULL, '2'),
(3497, 434, 12, NULL, NULL, NULL, '3'),
(3498, 434, 13, NULL, NULL, NULL, '3'),
(3499, 434, 14, NULL, NULL, NULL, '3'),
(3500, 434, 17, NULL, NULL, NULL, '4'),
(3501, 434, 24, NULL, NULL, NULL, '5'),
(3502, 434, 22, NULL, NULL, NULL, '6'),
(3503, 434, 75, NULL, NULL, NULL, '12'),
(3504, 435, 5, NULL, NULL, NULL, '1'),
(3505, 435, 3, NULL, NULL, NULL, '2'),
(3506, 435, 12, NULL, NULL, NULL, '3'),
(3507, 435, 13, NULL, NULL, NULL, '3'),
(3508, 435, 14, NULL, NULL, NULL, '3'),
(3509, 435, 17, NULL, NULL, NULL, '4'),
(3510, 435, 24, NULL, NULL, NULL, '5'),
(3511, 435, 22, NULL, NULL, NULL, '6'),
(3512, 435, 75, NULL, NULL, NULL, '12'),
(3513, 436, 5, NULL, NULL, NULL, '1'),
(3514, 436, 3, NULL, NULL, NULL, '2'),
(3515, 436, 12, NULL, NULL, NULL, '3'),
(3516, 436, 13, NULL, NULL, NULL, '3'),
(3517, 436, 14, NULL, NULL, NULL, '3'),
(3518, 436, 17, NULL, NULL, NULL, '4'),
(3519, 436, 24, NULL, NULL, NULL, '5'),
(3520, 436, 22, NULL, NULL, NULL, '6'),
(3521, 436, 75, NULL, NULL, NULL, '12'),
(3522, 437, 5, NULL, NULL, NULL, '1'),
(3523, 437, 3, NULL, NULL, NULL, '2'),
(3524, 437, 12, NULL, NULL, NULL, '3'),
(3525, 437, 13, NULL, NULL, NULL, '3'),
(3526, 437, 14, NULL, NULL, NULL, '3'),
(3527, 437, 17, NULL, NULL, NULL, '4'),
(3528, 437, 24, NULL, NULL, NULL, '5'),
(3529, 437, 22, NULL, NULL, NULL, '6'),
(3530, 437, 75, NULL, NULL, NULL, '12'),
(3531, 438, 5, NULL, NULL, NULL, '1'),
(3532, 438, 3, NULL, NULL, NULL, '2'),
(3533, 438, 12, NULL, NULL, NULL, '3'),
(3534, 438, 13, NULL, NULL, NULL, '3'),
(3535, 438, 14, NULL, NULL, NULL, '3'),
(3536, 438, 17, NULL, NULL, NULL, '4'),
(3537, 438, 24, NULL, NULL, NULL, '5'),
(3538, 438, 22, NULL, NULL, NULL, '6'),
(3539, 438, 75, NULL, NULL, NULL, '12'),
(3540, 439, 5, NULL, NULL, NULL, '1'),
(3541, 439, 3, NULL, NULL, NULL, '2'),
(3542, 439, 12, NULL, NULL, NULL, '3'),
(3543, 439, 13, NULL, NULL, NULL, '3'),
(3544, 439, 14, NULL, NULL, NULL, '3'),
(3545, 439, 17, NULL, NULL, NULL, '4'),
(3546, 439, 24, NULL, NULL, NULL, '5'),
(3547, 439, 22, NULL, NULL, NULL, '6'),
(3548, 439, 75, NULL, NULL, NULL, '12'),
(3549, 440, 5, NULL, NULL, NULL, '1'),
(3550, 440, 3, NULL, NULL, NULL, '2'),
(3551, 440, 12, NULL, NULL, NULL, '3'),
(3552, 440, 13, NULL, NULL, NULL, '3'),
(3553, 440, 14, NULL, NULL, NULL, '3'),
(3554, 440, 17, NULL, NULL, NULL, '4'),
(3555, 440, 24, NULL, NULL, NULL, '5'),
(3556, 440, 22, NULL, NULL, NULL, '6'),
(3557, 440, 75, NULL, NULL, NULL, '12'),
(3558, 441, 5, NULL, NULL, NULL, '1'),
(3559, 441, 3, NULL, NULL, NULL, '2'),
(3560, 441, 9, NULL, NULL, NULL, '3'),
(3561, 441, 10, NULL, NULL, NULL, '3'),
(3562, 441, 13, NULL, NULL, NULL, '3'),
(3563, 441, 18, NULL, NULL, NULL, '4'),
(3564, 441, 24, NULL, NULL, NULL, '5'),
(3565, 441, 25, NULL, NULL, NULL, '5'),
(3566, 441, 22, NULL, NULL, NULL, '6'),
(3567, 441, 75, NULL, NULL, NULL, '12'),
(3568, 442, 5, NULL, NULL, NULL, '1'),
(3569, 442, 3, NULL, NULL, NULL, '2'),
(3570, 442, 12, NULL, NULL, NULL, '3'),
(3571, 442, 13, NULL, NULL, NULL, '3'),
(3572, 442, 14, NULL, NULL, NULL, '3'),
(3573, 442, 18, NULL, NULL, NULL, '4'),
(3574, 442, 25, NULL, NULL, NULL, '5'),
(3575, 442, 22, NULL, NULL, NULL, '6'),
(3576, 442, 75, NULL, NULL, NULL, '12'),
(3577, 443, 5, NULL, NULL, NULL, '1'),
(3578, 443, 3, NULL, NULL, NULL, '2'),
(3579, 443, 12, NULL, NULL, NULL, '3'),
(3580, 443, 13, NULL, NULL, NULL, '3'),
(3581, 443, 14, NULL, NULL, NULL, '3'),
(3582, 443, 18, NULL, NULL, NULL, '4'),
(3583, 443, 25, NULL, NULL, NULL, '5'),
(3584, 443, 22, NULL, NULL, NULL, '6'),
(3585, 443, 75, NULL, NULL, NULL, '12'),
(3586, 444, 5, NULL, NULL, NULL, '1'),
(3587, 444, 3, NULL, NULL, NULL, '2'),
(3588, 444, 12, NULL, NULL, NULL, '3'),
(3589, 444, 13, NULL, NULL, NULL, '3'),
(3590, 444, 14, NULL, NULL, NULL, '3'),
(3591, 444, 18, NULL, NULL, NULL, '4'),
(3592, 444, 25, NULL, NULL, NULL, '5'),
(3593, 444, 22, NULL, NULL, NULL, '6'),
(3594, 444, 75, NULL, NULL, NULL, '12'),
(3595, 445, 5, NULL, NULL, NULL, '1'),
(3596, 445, 3, NULL, NULL, NULL, '2'),
(3597, 445, 12, NULL, NULL, NULL, '3'),
(3598, 445, 13, NULL, NULL, NULL, '3'),
(3599, 445, 14, NULL, NULL, NULL, '3'),
(3600, 445, 18, NULL, NULL, NULL, '4'),
(3601, 445, 25, NULL, NULL, NULL, '5'),
(3602, 445, 22, NULL, NULL, NULL, '6'),
(3603, 445, 75, NULL, NULL, NULL, '12'),
(3604, 446, 5, NULL, NULL, NULL, '1'),
(3605, 446, 3, NULL, NULL, NULL, '2'),
(3606, 446, 12, NULL, NULL, NULL, '3'),
(3607, 446, 13, NULL, NULL, NULL, '3'),
(3608, 446, 14, NULL, NULL, NULL, '3'),
(3609, 446, 18, NULL, NULL, NULL, '4'),
(3610, 446, 25, NULL, NULL, NULL, '5'),
(3611, 446, 22, NULL, NULL, NULL, '6'),
(3612, 446, 75, NULL, NULL, NULL, '12'),
(3613, 447, 5, NULL, NULL, NULL, '1'),
(3614, 447, 3, NULL, NULL, NULL, '2'),
(3615, 447, 12, NULL, NULL, NULL, '3'),
(3616, 447, 13, NULL, NULL, NULL, '3'),
(3617, 447, 14, NULL, NULL, NULL, '3'),
(3618, 447, 18, NULL, NULL, NULL, '4'),
(3619, 447, 25, NULL, NULL, NULL, '5'),
(3620, 447, 22, NULL, NULL, NULL, '6'),
(3621, 447, 75, NULL, NULL, NULL, '12'),
(3622, 448, 5, NULL, NULL, NULL, '1'),
(3623, 448, 3, NULL, NULL, NULL, '2'),
(3624, 448, 12, NULL, NULL, NULL, '3'),
(3625, 448, 13, NULL, NULL, NULL, '3'),
(3626, 448, 14, NULL, NULL, NULL, '3'),
(3627, 448, 18, NULL, NULL, NULL, '4'),
(3628, 448, 25, NULL, NULL, NULL, '5'),
(3629, 448, 22, NULL, NULL, NULL, '6'),
(3630, 448, 75, NULL, NULL, NULL, '12'),
(3631, 449, 5, NULL, NULL, NULL, '1'),
(3632, 449, 3, NULL, NULL, NULL, '2'),
(3633, 449, 12, NULL, NULL, NULL, '3'),
(3634, 449, 13, NULL, NULL, NULL, '3'),
(3635, 449, 14, NULL, NULL, NULL, '3'),
(3636, 449, 18, NULL, NULL, NULL, '4'),
(3637, 449, 25, NULL, NULL, NULL, '5'),
(3638, 449, 22, NULL, NULL, NULL, '6'),
(3639, 449, 75, NULL, NULL, NULL, '12'),
(3640, 450, 5, NULL, NULL, NULL, '1'),
(3641, 450, 3, NULL, NULL, NULL, '2'),
(3642, 450, 12, NULL, NULL, NULL, '3'),
(3643, 450, 13, NULL, NULL, NULL, '3'),
(3644, 450, 14, NULL, NULL, NULL, '3'),
(3645, 450, 18, NULL, NULL, NULL, '4'),
(3646, 450, 25, NULL, NULL, NULL, '5'),
(3647, 450, 22, NULL, NULL, NULL, '6'),
(3648, 450, 75, NULL, NULL, NULL, '12'),
(3649, 451, 5, NULL, NULL, NULL, '1'),
(3650, 451, 3, NULL, NULL, NULL, '2'),
(3651, 451, 12, NULL, NULL, NULL, '3'),
(3652, 451, 13, NULL, NULL, NULL, '3'),
(3653, 451, 14, NULL, NULL, NULL, '3'),
(3654, 451, 18, NULL, NULL, NULL, '4'),
(3655, 451, 25, NULL, NULL, NULL, '5'),
(3656, 451, 22, NULL, NULL, NULL, '6'),
(3657, 451, 75, NULL, NULL, NULL, '12'),
(3658, 452, 5, NULL, NULL, NULL, '1'),
(3659, 452, 3, NULL, NULL, NULL, '2'),
(3660, 452, 12, NULL, NULL, NULL, '3'),
(3661, 452, 13, NULL, NULL, NULL, '3'),
(3662, 452, 14, NULL, NULL, NULL, '3'),
(3663, 452, 18, NULL, NULL, NULL, '4'),
(3664, 452, 25, NULL, NULL, NULL, '5'),
(3665, 452, 22, NULL, NULL, NULL, '6'),
(3666, 452, 75, NULL, NULL, NULL, '12'),
(3667, 453, 5, NULL, NULL, NULL, '1'),
(3668, 453, 3, NULL, NULL, NULL, '2'),
(3669, 453, 12, NULL, NULL, NULL, '3'),
(3670, 453, 13, NULL, NULL, NULL, '3'),
(3671, 453, 14, NULL, NULL, NULL, '3'),
(3672, 453, 18, NULL, NULL, NULL, '4'),
(3673, 453, 25, NULL, NULL, NULL, '5'),
(3674, 453, 22, NULL, NULL, NULL, '6'),
(3675, 453, 75, NULL, NULL, NULL, '12'),
(3676, 454, 5, NULL, NULL, NULL, '1'),
(3677, 454, 3, NULL, NULL, NULL, '2'),
(3678, 454, 12, NULL, NULL, NULL, '3'),
(3679, 454, 13, NULL, NULL, NULL, '3'),
(3680, 454, 14, NULL, NULL, NULL, '3'),
(3681, 454, 18, NULL, NULL, NULL, '4'),
(3682, 454, 25, NULL, NULL, NULL, '5'),
(3683, 454, 22, NULL, NULL, NULL, '6'),
(3684, 454, 75, NULL, NULL, NULL, '12'),
(3685, 455, 5, NULL, NULL, NULL, '1'),
(3686, 455, 3, NULL, NULL, NULL, '2'),
(3687, 455, 12, NULL, NULL, NULL, '3'),
(3688, 455, 13, NULL, NULL, NULL, '3'),
(3689, 455, 14, NULL, NULL, NULL, '3'),
(3690, 455, 18, NULL, NULL, NULL, '4'),
(3691, 455, 25, NULL, NULL, NULL, '5'),
(3692, 455, 22, NULL, NULL, NULL, '6'),
(3693, 455, 75, NULL, NULL, NULL, '12'),
(3694, 456, 5, NULL, NULL, NULL, '1'),
(3695, 456, 3, NULL, NULL, NULL, '2'),
(3696, 456, 12, NULL, NULL, NULL, '3'),
(3697, 456, 13, NULL, NULL, NULL, '3'),
(3698, 456, 14, NULL, NULL, NULL, '3'),
(3699, 456, 18, NULL, NULL, NULL, '4'),
(3700, 456, 24, NULL, NULL, NULL, '5'),
(3701, 456, 25, NULL, NULL, NULL, '5'),
(3702, 456, 22, NULL, NULL, NULL, '6'),
(3703, 456, 75, NULL, NULL, NULL, '12'),
(3704, 457, 5, NULL, NULL, NULL, '1'),
(3705, 457, 3, NULL, NULL, NULL, '2'),
(3706, 457, 12, NULL, NULL, NULL, '3'),
(3707, 457, 13, NULL, NULL, NULL, '3'),
(3708, 457, 14, NULL, NULL, NULL, '3'),
(3709, 457, 18, NULL, NULL, NULL, '4'),
(3710, 457, 24, NULL, NULL, NULL, '5'),
(3711, 457, 25, NULL, NULL, NULL, '5'),
(3712, 457, 22, NULL, NULL, NULL, '6'),
(3713, 457, 75, NULL, NULL, NULL, '12'),
(3714, 457, 5, NULL, NULL, NULL, '1'),
(3715, 457, 3, NULL, NULL, NULL, '2'),
(3716, 457, 12, NULL, NULL, NULL, '3'),
(3717, 457, 13, NULL, NULL, NULL, '3'),
(3718, 457, 14, NULL, NULL, NULL, '3'),
(3719, 457, 18, NULL, NULL, NULL, '4'),
(3720, 457, 24, NULL, NULL, NULL, '5'),
(3721, 457, 25, NULL, NULL, NULL, '5'),
(3722, 457, 22, NULL, NULL, NULL, '6'),
(3723, 457, 75, NULL, NULL, NULL, '12'),
(3724, 459, 5, NULL, NULL, NULL, '1'),
(3725, 459, 3, NULL, NULL, NULL, '2'),
(3726, 459, 12, NULL, NULL, NULL, '3'),
(3727, 459, 13, NULL, NULL, NULL, '3'),
(3728, 459, 14, NULL, NULL, NULL, '3'),
(3729, 459, 18, NULL, NULL, NULL, '4'),
(3730, 459, 24, NULL, NULL, NULL, '5'),
(3731, 459, 25, NULL, NULL, NULL, '5'),
(3732, 459, 22, NULL, NULL, NULL, '6'),
(3733, 459, 75, NULL, NULL, NULL, '12'),
(3734, 460, 5, NULL, NULL, NULL, '1'),
(3735, 460, 3, NULL, NULL, NULL, '2'),
(3736, 460, 12, NULL, NULL, NULL, '3'),
(3737, 460, 13, NULL, NULL, NULL, '3'),
(3738, 460, 14, NULL, NULL, NULL, '3'),
(3739, 460, 18, NULL, NULL, NULL, '4'),
(3740, 460, 24, NULL, NULL, NULL, '5'),
(3741, 460, 25, NULL, NULL, NULL, '5'),
(3742, 460, 22, NULL, NULL, NULL, '6'),
(3743, 460, 75, NULL, NULL, NULL, '12'),
(3744, 461, 5, NULL, NULL, NULL, '1'),
(3745, 461, 3, NULL, NULL, NULL, '2'),
(3746, 461, 12, NULL, NULL, NULL, '3'),
(3747, 461, 13, NULL, NULL, NULL, '3'),
(3748, 461, 14, NULL, NULL, NULL, '3'),
(3749, 461, 18, NULL, NULL, NULL, '4'),
(3750, 461, 24, NULL, NULL, NULL, '5'),
(3751, 461, 25, NULL, NULL, NULL, '5'),
(3752, 461, 22, NULL, NULL, NULL, '6'),
(3753, 461, 75, NULL, NULL, NULL, '12'),
(3754, 462, 5, NULL, NULL, NULL, '1'),
(3755, 462, 3, NULL, NULL, NULL, '2'),
(3756, 462, 12, NULL, NULL, NULL, '3'),
(3757, 462, 13, NULL, NULL, NULL, '3'),
(3758, 462, 14, NULL, NULL, NULL, '3'),
(3759, 462, 17, NULL, NULL, NULL, '4'),
(3760, 462, 25, NULL, NULL, NULL, '5'),
(3761, 462, 26, NULL, NULL, NULL, '5'),
(3762, 462, 22, NULL, NULL, NULL, '6'),
(3763, 462, 75, NULL, NULL, NULL, '12'),
(3764, 463, 5, NULL, NULL, NULL, '1'),
(3765, 463, 3, NULL, NULL, NULL, '2'),
(3766, 463, 12, NULL, NULL, NULL, '3'),
(3767, 463, 13, NULL, NULL, NULL, '3'),
(3768, 463, 14, NULL, NULL, NULL, '3'),
(3769, 463, 17, NULL, NULL, NULL, '4'),
(3770, 463, 25, NULL, NULL, NULL, '5'),
(3771, 463, 26, NULL, NULL, NULL, '5'),
(3772, 463, 22, NULL, NULL, NULL, '6'),
(3773, 463, 75, NULL, NULL, NULL, '12'),
(3774, 464, 5, NULL, NULL, NULL, '1'),
(3775, 464, 3, NULL, NULL, NULL, '2'),
(3776, 464, 12, NULL, NULL, NULL, '3'),
(3777, 464, 13, NULL, NULL, NULL, '3'),
(3778, 464, 14, NULL, NULL, NULL, '3'),
(3779, 464, 17, NULL, NULL, NULL, '4'),
(3780, 464, 25, NULL, NULL, NULL, '5'),
(3781, 464, 26, NULL, NULL, NULL, '5'),
(3782, 464, 22, NULL, NULL, NULL, '6'),
(3783, 464, 75, NULL, NULL, NULL, '12'),
(3784, 465, 5, NULL, NULL, NULL, '1'),
(3785, 465, 2, NULL, NULL, NULL, '2'),
(3786, 465, 9, NULL, NULL, NULL, '3'),
(3787, 465, 18, NULL, NULL, NULL, '4'),
(3788, 465, 24, NULL, NULL, NULL, '5'),
(3789, 465, 21, NULL, NULL, NULL, '6'),
(3790, 465, 75, NULL, NULL, NULL, '12'),
(3791, 466, 5, NULL, NULL, NULL, '1'),
(3792, 466, 2, NULL, NULL, NULL, '2'),
(3793, 466, 9, NULL, NULL, NULL, '3'),
(3794, 466, 18, NULL, NULL, NULL, '4'),
(3795, 466, 24, NULL, NULL, NULL, '5'),
(3796, 466, 21, NULL, NULL, NULL, '6'),
(3797, 466, 75, NULL, NULL, NULL, '12'),
(3798, 467, 5, NULL, NULL, NULL, '1'),
(3799, 467, 2, NULL, NULL, NULL, '2'),
(3800, 467, 9, NULL, NULL, NULL, '3'),
(3801, 467, 18, NULL, NULL, NULL, '4'),
(3802, 467, 24, NULL, NULL, NULL, '5'),
(3803, 467, 21, NULL, NULL, NULL, '6'),
(3804, 467, 75, NULL, NULL, NULL, '12'),
(3805, 468, 5, NULL, NULL, NULL, '1'),
(3806, 468, 2, NULL, NULL, NULL, '2'),
(3807, 468, 9, NULL, NULL, NULL, '3'),
(3808, 468, 18, NULL, NULL, NULL, '4'),
(3809, 468, 24, NULL, NULL, NULL, '5'),
(3810, 468, 21, NULL, NULL, NULL, '6'),
(3811, 468, 75, NULL, NULL, NULL, '12'),
(3812, 469, 5, NULL, NULL, NULL, '1'),
(3813, 469, 2, NULL, NULL, NULL, '2'),
(3814, 469, 9, NULL, NULL, NULL, '3'),
(3815, 469, 18, NULL, NULL, NULL, '4'),
(3816, 469, 24, NULL, NULL, NULL, '5'),
(3817, 469, 21, NULL, NULL, NULL, '6'),
(3818, 469, 75, NULL, NULL, NULL, '12'),
(3819, 470, 5, NULL, NULL, NULL, '1'),
(3820, 470, 2, NULL, NULL, NULL, '2'),
(3821, 470, 9, NULL, NULL, NULL, '3'),
(3822, 470, 18, NULL, NULL, NULL, '4'),
(3823, 470, 24, NULL, NULL, NULL, '5'),
(3824, 470, 21, NULL, NULL, NULL, '6'),
(3825, 470, 75, NULL, NULL, NULL, '12'),
(3826, 471, 5, NULL, NULL, NULL, '1'),
(3827, 471, 2, NULL, NULL, NULL, '2'),
(3828, 471, 9, NULL, NULL, NULL, '3'),
(3829, 471, 18, NULL, NULL, NULL, '4'),
(3830, 471, 24, NULL, NULL, NULL, '5'),
(3831, 471, 21, NULL, NULL, NULL, '6'),
(3832, 471, 75, NULL, NULL, NULL, '12'),
(3833, 472, 5, NULL, NULL, NULL, '1'),
(3834, 472, 2, NULL, NULL, NULL, '2'),
(3835, 472, 9, NULL, NULL, NULL, '3'),
(3836, 472, 18, NULL, NULL, NULL, '4'),
(3837, 472, 24, NULL, NULL, NULL, '5'),
(3838, 472, 21, NULL, NULL, NULL, '6'),
(3839, 472, 75, NULL, NULL, NULL, '12'),
(3840, 473, 5, NULL, NULL, NULL, '1'),
(3841, 473, 2, NULL, NULL, NULL, '2'),
(3842, 473, 9, NULL, NULL, NULL, '3'),
(3843, 473, 18, NULL, NULL, NULL, '4'),
(3844, 473, 24, NULL, NULL, NULL, '5'),
(3845, 473, 21, NULL, NULL, NULL, '6'),
(3846, 473, 75, NULL, NULL, NULL, '12'),
(3847, 474, 5, NULL, NULL, NULL, '1'),
(3848, 474, 2, NULL, NULL, NULL, '2'),
(3849, 474, 9, NULL, NULL, NULL, '3'),
(3850, 474, 18, NULL, NULL, NULL, '4'),
(3851, 474, 24, NULL, NULL, NULL, '5'),
(3852, 474, 21, NULL, NULL, NULL, '6'),
(3853, 474, 75, NULL, NULL, NULL, '12'),
(3854, 475, 5, NULL, NULL, NULL, '1'),
(3855, 475, 2, NULL, NULL, NULL, '2'),
(3856, 475, 9, NULL, NULL, NULL, '3'),
(3857, 475, 18, NULL, NULL, NULL, '4'),
(3858, 475, 24, NULL, NULL, NULL, '5'),
(3859, 475, 21, NULL, NULL, NULL, '6'),
(3860, 475, 75, NULL, NULL, NULL, '12'),
(3861, 476, 5, NULL, NULL, NULL, '1'),
(3862, 476, 2, NULL, NULL, NULL, '2'),
(3863, 476, 9, NULL, NULL, NULL, '3'),
(3864, 476, 18, NULL, NULL, NULL, '4'),
(3865, 476, 24, NULL, NULL, NULL, '5'),
(3866, 476, 21, NULL, NULL, NULL, '6'),
(3867, 476, 75, NULL, NULL, NULL, '12'),
(3868, 477, 5, NULL, NULL, NULL, '1'),
(3869, 477, 2, NULL, NULL, NULL, '2'),
(3870, 477, 9, NULL, NULL, NULL, '3'),
(3871, 477, 18, NULL, NULL, NULL, '4'),
(3872, 477, 24, NULL, NULL, NULL, '5'),
(3873, 477, 21, NULL, NULL, NULL, '6'),
(3874, 477, 75, NULL, NULL, NULL, '12'),
(3875, 478, 5, NULL, NULL, NULL, '1'),
(3876, 478, 2, NULL, NULL, NULL, '2'),
(3877, 478, 9, NULL, NULL, NULL, '3'),
(3878, 478, 18, NULL, NULL, NULL, '4'),
(3879, 478, 24, NULL, NULL, NULL, '5'),
(3880, 478, 21, NULL, NULL, NULL, '6'),
(3881, 478, 75, NULL, NULL, NULL, '12'),
(3882, 479, 5, NULL, NULL, NULL, '1'),
(3883, 479, 2, NULL, NULL, NULL, '2'),
(3884, 479, 9, NULL, NULL, NULL, '3'),
(3885, 479, 18, NULL, NULL, NULL, '4'),
(3886, 479, 24, NULL, NULL, NULL, '5'),
(3887, 479, 21, NULL, NULL, NULL, '6'),
(3888, 479, 75, NULL, NULL, NULL, '12'),
(3889, 480, 5, NULL, NULL, NULL, '1'),
(3890, 480, 2, NULL, NULL, NULL, '2'),
(3891, 480, 9, NULL, NULL, NULL, '3'),
(3892, 480, 18, NULL, NULL, NULL, '4'),
(3893, 480, 24, NULL, NULL, NULL, '5'),
(3894, 480, 21, NULL, NULL, NULL, '6'),
(3895, 480, 75, NULL, NULL, NULL, '12'),
(3896, 481, 5, NULL, NULL, NULL, '1'),
(3897, 481, 2, NULL, NULL, NULL, '2'),
(3898, 481, 9, NULL, NULL, NULL, '3'),
(3899, 481, 18, NULL, NULL, NULL, '4'),
(3900, 481, 24, NULL, NULL, NULL, '5'),
(3901, 481, 21, NULL, NULL, NULL, '6'),
(3902, 481, 75, NULL, NULL, NULL, '12'),
(3903, 482, 5, NULL, NULL, NULL, '1'),
(3904, 482, 2, NULL, NULL, NULL, '2'),
(3905, 482, 9, NULL, NULL, NULL, '3'),
(3906, 482, 18, NULL, NULL, NULL, '4'),
(3907, 482, 24, NULL, NULL, NULL, '5'),
(3908, 482, 21, NULL, NULL, NULL, '6'),
(3909, 482, 75, NULL, NULL, NULL, '12'),
(3910, 483, 5, NULL, NULL, NULL, '1'),
(3911, 483, 2, NULL, NULL, NULL, '2'),
(3912, 483, 9, NULL, NULL, NULL, '3'),
(3913, 483, 18, NULL, NULL, NULL, '4'),
(3914, 483, 24, NULL, NULL, NULL, '5'),
(3915, 483, 21, NULL, NULL, NULL, '6'),
(3916, 483, 75, NULL, NULL, NULL, '12'),
(3917, 484, 5, NULL, NULL, NULL, '1'),
(3918, 484, 2, NULL, NULL, NULL, '2'),
(3919, 484, 9, NULL, NULL, NULL, '3'),
(3920, 484, 18, NULL, NULL, NULL, '4'),
(3921, 484, 24, NULL, NULL, NULL, '5'),
(3922, 484, 21, NULL, NULL, NULL, '6'),
(3923, 484, 75, NULL, NULL, NULL, '12'),
(3924, 485, 5, NULL, NULL, NULL, '1'),
(3925, 485, 2, NULL, NULL, NULL, '2'),
(3926, 485, 9, NULL, NULL, NULL, '3'),
(3927, 485, 18, NULL, NULL, NULL, '4'),
(3928, 485, 24, NULL, NULL, NULL, '5'),
(3929, 485, 21, NULL, NULL, NULL, '6'),
(3930, 485, 75, NULL, NULL, NULL, '12'),
(3931, 486, 5, NULL, NULL, NULL, '1'),
(3932, 486, 2, NULL, NULL, NULL, '2'),
(3933, 486, 9, NULL, NULL, NULL, '3'),
(3934, 486, 18, NULL, NULL, NULL, '4'),
(3935, 486, 24, NULL, NULL, NULL, '5'),
(3936, 486, 21, NULL, NULL, NULL, '6'),
(3937, 486, 75, NULL, NULL, NULL, '12'),
(3938, 487, 5, NULL, NULL, NULL, '1'),
(3939, 487, 2, NULL, NULL, NULL, '2'),
(3940, 487, 9, NULL, NULL, NULL, '3'),
(3941, 487, 18, NULL, NULL, NULL, '4'),
(3942, 487, 24, NULL, NULL, NULL, '5'),
(3943, 487, 21, NULL, NULL, NULL, '6'),
(3944, 487, 75, NULL, NULL, NULL, '12'),
(3945, 488, 5, NULL, NULL, NULL, '1'),
(3946, 488, 2, NULL, NULL, NULL, '2'),
(3947, 488, 9, NULL, NULL, NULL, '3'),
(3948, 488, 18, NULL, NULL, NULL, '4'),
(3949, 488, 24, NULL, NULL, NULL, '5'),
(3950, 488, 21, NULL, NULL, NULL, '6'),
(3951, 488, 75, NULL, NULL, NULL, '12'),
(3952, 489, 5, NULL, NULL, NULL, '1'),
(3953, 489, 2, NULL, NULL, NULL, '2'),
(3954, 489, 9, NULL, NULL, NULL, '3'),
(3955, 489, 18, NULL, NULL, NULL, '4'),
(3956, 489, 24, NULL, NULL, NULL, '5'),
(3957, 489, 21, NULL, NULL, NULL, '6'),
(3958, 489, 75, NULL, NULL, NULL, '12'),
(3959, 490, 5, NULL, NULL, NULL, '1'),
(3960, 490, 2, NULL, NULL, NULL, '2'),
(3961, 490, 9, NULL, NULL, NULL, '3'),
(3962, 490, 18, NULL, NULL, NULL, '4'),
(3963, 490, 24, NULL, NULL, NULL, '5'),
(3964, 490, 21, NULL, NULL, NULL, '6'),
(3965, 490, 75, NULL, NULL, NULL, '12'),
(3966, 491, 5, NULL, NULL, NULL, '1'),
(3967, 491, 2, NULL, NULL, NULL, '2'),
(3968, 491, 9, NULL, NULL, NULL, '3'),
(3969, 491, 18, NULL, NULL, NULL, '4'),
(3970, 491, 24, NULL, NULL, NULL, '5'),
(3971, 491, 21, NULL, NULL, NULL, '6'),
(3972, 491, 75, NULL, NULL, NULL, '12'),
(3973, 492, 5, NULL, NULL, NULL, '1'),
(3974, 492, 2, NULL, NULL, NULL, '2'),
(3975, 492, 9, NULL, NULL, NULL, '3'),
(3976, 492, 18, NULL, NULL, NULL, '4'),
(3977, 492, 24, NULL, NULL, NULL, '5'),
(3978, 492, 21, NULL, NULL, NULL, '6'),
(3979, 492, 75, NULL, NULL, NULL, '12'),
(3980, 493, 5, NULL, NULL, NULL, '1'),
(3981, 493, 2, NULL, NULL, NULL, '2'),
(3982, 493, 9, NULL, NULL, NULL, '3'),
(3983, 493, 18, NULL, NULL, NULL, '4'),
(3984, 493, 24, NULL, NULL, NULL, '5'),
(3985, 493, 21, NULL, NULL, NULL, '6'),
(3986, 493, 75, NULL, NULL, NULL, '12'),
(3987, 494, 5, NULL, NULL, NULL, '1'),
(3988, 494, 2, NULL, NULL, NULL, '2'),
(3989, 494, 9, NULL, NULL, NULL, '3'),
(3990, 494, 18, NULL, NULL, NULL, '4'),
(3991, 494, 24, NULL, NULL, NULL, '5'),
(3992, 494, 21, NULL, NULL, NULL, '6'),
(3993, 494, 75, NULL, NULL, NULL, '12'),
(3994, 495, 5, NULL, NULL, NULL, '1'),
(3995, 495, 2, NULL, NULL, NULL, '2'),
(3996, 495, 9, NULL, NULL, NULL, '3');
INSERT INTO `answer_user` (`id`, `user_id`, `answer_id`, `value_of_answer`, `created_at`, `updated_at`, `question_id`) VALUES
(3997, 495, 18, NULL, NULL, NULL, '4'),
(3998, 495, 24, NULL, NULL, NULL, '5'),
(3999, 495, 21, NULL, NULL, NULL, '6'),
(4000, 495, 75, NULL, NULL, NULL, '12'),
(4001, 496, 5, NULL, NULL, NULL, '1'),
(4002, 496, 2, NULL, NULL, NULL, '2'),
(4003, 496, 9, NULL, NULL, NULL, '3'),
(4004, 496, 18, NULL, NULL, NULL, '4'),
(4005, 496, 24, NULL, NULL, NULL, '5'),
(4006, 496, 21, NULL, NULL, NULL, '6'),
(4007, 496, 75, NULL, NULL, NULL, '12'),
(4008, 497, 5, NULL, NULL, NULL, '1'),
(4009, 497, 2, NULL, NULL, NULL, '2'),
(4010, 497, 9, NULL, NULL, NULL, '3'),
(4011, 497, 18, NULL, NULL, NULL, '4'),
(4012, 497, 24, NULL, NULL, NULL, '5'),
(4013, 497, 21, NULL, NULL, NULL, '6'),
(4014, 497, 75, NULL, NULL, NULL, '12'),
(4015, 498, 5, NULL, NULL, NULL, '1'),
(4016, 498, 2, NULL, NULL, NULL, '2'),
(4017, 498, 9, NULL, NULL, NULL, '3'),
(4018, 498, 18, NULL, NULL, NULL, '4'),
(4019, 498, 24, NULL, NULL, NULL, '5'),
(4020, 498, 21, NULL, NULL, NULL, '6'),
(4021, 498, 75, NULL, NULL, NULL, '12'),
(4022, 499, 5, NULL, NULL, NULL, '1'),
(4023, 499, 2, NULL, NULL, NULL, '2'),
(4024, 499, 9, NULL, NULL, NULL, '3'),
(4025, 499, 18, NULL, NULL, NULL, '4'),
(4026, 499, 24, NULL, NULL, NULL, '5'),
(4027, 499, 21, NULL, NULL, NULL, '6'),
(4028, 499, 75, NULL, NULL, NULL, '12'),
(4029, 500, 5, NULL, NULL, NULL, '1'),
(4030, 500, 2, NULL, NULL, NULL, '2'),
(4031, 500, 9, NULL, NULL, NULL, '3'),
(4032, 500, 18, NULL, NULL, NULL, '4'),
(4033, 500, 24, NULL, NULL, NULL, '5'),
(4034, 500, 21, NULL, NULL, NULL, '6'),
(4035, 500, 75, NULL, NULL, NULL, '12'),
(4036, 501, 5, NULL, NULL, NULL, '1'),
(4037, 501, 2, NULL, NULL, NULL, '2'),
(4038, 501, 9, NULL, NULL, NULL, '3'),
(4039, 501, 18, NULL, NULL, NULL, '4'),
(4040, 501, 24, NULL, NULL, NULL, '5'),
(4041, 501, 21, NULL, NULL, NULL, '6'),
(4042, 501, 75, NULL, NULL, NULL, '12'),
(4043, 502, 5, NULL, NULL, NULL, '1'),
(4044, 502, 2, NULL, NULL, NULL, '2'),
(4045, 502, 9, NULL, NULL, NULL, '3'),
(4046, 502, 18, NULL, NULL, NULL, '4'),
(4047, 502, 24, NULL, NULL, NULL, '5'),
(4048, 502, 21, NULL, NULL, NULL, '6'),
(4049, 502, 75, NULL, NULL, NULL, '12'),
(4050, 503, 5, NULL, NULL, NULL, '1'),
(4051, 503, 2, NULL, NULL, NULL, '2'),
(4052, 503, 13, NULL, NULL, NULL, '3'),
(4053, 503, 19, NULL, NULL, NULL, '4'),
(4054, 503, 26, NULL, NULL, NULL, '5'),
(4055, 503, 20, NULL, NULL, NULL, '6'),
(4056, 503, 74, NULL, NULL, NULL, '12');

-- --------------------------------------------------------

--
-- Table structure for table `banners`
--

CREATE TABLE `banners` (
  `id` bigint(20) UNSIGNED NOT NULL,
  `name` varchar(255) COLLATE utf8mb4_unicode_ci NOT NULL,
  `slug` varchar(255) COLLATE utf8mb4_unicode_ci NOT NULL,
  `status` enum('Active','Not Active') COLLATE utf8mb4_unicode_ci NOT NULL DEFAULT 'Active',
  `created_at` timestamp NULL DEFAULT NULL,
  `updated_at` timestamp NULL DEFAULT NULL
) ENGINE=InnoDB DEFAULT CHARSET=utf8mb4 COLLATE=utf8mb4_unicode_ci;

--
-- Dumping data for table `banners`
--

INSERT INTO `banners` (`id`, `name`, `slug`, `status`, `created_at`, `updated_at`) VALUES
(5, '{\"en\":\"logo\",\"ar\":\"\\u0644\\u0648\\u062c\\u0648\"}', 'logo', 'Active', '2023-06-04 07:55:30', '2023-06-04 07:55:30');

-- --------------------------------------------------------

--
-- Table structure for table `blogs`
--

CREATE TABLE `blogs` (
  `id` bigint(20) UNSIGNED NOT NULL,
  `title` varchar(255) COLLATE utf8mb4_unicode_ci NOT NULL,
  `discription` varchar(255) COLLATE utf8mb4_unicode_ci NOT NULL,
  `body` varchar(255) COLLATE utf8mb4_unicode_ci NOT NULL,
  `image` varchar(255) COLLATE utf8mb4_unicode_ci DEFAULT NULL,
  `created_at` timestamp NULL DEFAULT NULL,
  `updated_at` timestamp NULL DEFAULT NULL
) ENGINE=InnoDB DEFAULT CHARSET=utf8mb4 COLLATE=utf8mb4_unicode_ci;

-- --------------------------------------------------------

--
-- Table structure for table `cars`
--

CREATE TABLE `cars` (
  `id` bigint(20) UNSIGNED NOT NULL,
  `name` varchar(255) COLLATE utf8mb4_unicode_ci NOT NULL,
  `slug` varchar(255) COLLATE utf8mb4_unicode_ci NOT NULL,
  `country_id` bigint(20) UNSIGNED DEFAULT NULL,
  `city_id` bigint(20) UNSIGNED DEFAULT NULL,
  `district_id` bigint(20) UNSIGNED DEFAULT NULL,
  `type` varchar(255) COLLATE utf8mb4_unicode_ci DEFAULT NULL,
  `stars` int(11) DEFAULT NULL,
  `seats` int(11) DEFAULT NULL,
  `price` decimal(8,2) DEFAULT NULL,
  `image` varchar(255) COLLATE utf8mb4_unicode_ci DEFAULT NULL,
  `status` enum('Active','Not Active') COLLATE utf8mb4_unicode_ci NOT NULL DEFAULT 'Active',
  `sort` int(11) DEFAULT NULL,
  `created_at` timestamp NULL DEFAULT NULL,
  `updated_at` timestamp NULL DEFAULT NULL
) ENGINE=InnoDB DEFAULT CHARSET=utf8mb4 COLLATE=utf8mb4_unicode_ci;

--
-- Dumping data for table `cars`
--

INSERT INTO `cars` (`id`, `name`, `slug`, `country_id`, `city_id`, `district_id`, `type`, `stars`, `seats`, `price`, `image`, `status`, `sort`, `created_at`, `updated_at`) VALUES
(1, 'matsobeshe', 'matsubeshe', 1, 1, NULL, 'rental_car', 4, NULL, 200.00, 'storage\\countries\\one.jpg', 'Active', NULL, NULL, NULL),
(2, 'lada', 'lada', 1, 1, NULL, 'car_with_driver', 3, 3, 100.00, 'storage\\countries\\two.jpg', 'Active', NULL, NULL, NULL),
(3, 'bm', 'bm', 1, 1, NULL, 'car_with_driver', 5, 3, 1000.00, 'storage\\countries\\three.jpg', 'Active', NULL, NULL, NULL),
(4, 'borsh', 'borsh', 1, 1, NULL, 'car_with_driver', 5, 3, 1100.00, 'storage\\countries\\four.jpg', 'Active', NULL, NULL, NULL),
(5, 'scoda', 'scoda', 1, 1, NULL, 'rental_car', 4, 3, 120.00, 'storage\\countries\\five.jpg', 'Active', NULL, NULL, NULL),
(6, 'iahsi', 'afihfai', 7, 5, NULL, 'rental_car', 5, NULL, NULL, 'storage\\countries\\six.jpg', 'Active', NULL, NULL, NULL),
(7, 'iahsi', 'afihfai', 7, 5, NULL, 'rental_car', 5, NULL, NULL, 'storage\\countries\\seven.jpg', 'Active', NULL, NULL, NULL),
(8, 'iahsi', 'afihfai', 7, 5, NULL, 'rental_car', 5, NULL, NULL, 'storage\\countries\\eight.jpg', 'Active', NULL, NULL, NULL),
(9, 'iahsi', 'afihfai', 7, 5, NULL, 'car_with_driver', 5, NULL, NULL, 'storage\\countries\\nine.jpg', 'Active', NULL, NULL, NULL),
(10, 'iahsi', 'afihfai', 7, 5, NULL, 'car_with_driver', 5, NULL, NULL, 'storage\\countries\\two.jpg', 'Active', NULL, NULL, NULL),
(11, 'iahsi', 'afihfai', 8, 11, NULL, 'car_with_driver', 5, NULL, NULL, 'storage\\countries\\four.jpg', 'Active', NULL, NULL, NULL),
(12, 'iahsi', 'afihfai', 8, 11, NULL, 'rental_car', 5, NULL, NULL, 'storage\\countries\\two.jpg', 'Active', NULL, NULL, NULL),
(13, 'iahsi', 'afihfai', 8, 11, NULL, 'rental_car', 5, NULL, NULL, 'storage\\countries\\three.jpg', 'Active', NULL, NULL, NULL),
(14, 'iahsi', 'afihfai', 8, 11, NULL, 'car_with_driver', 5, NULL, NULL, 'storage\\countries\\four.jpg', 'Active', NULL, NULL, NULL),
(15, 'iahsi', 'afihfai', 8, 11, NULL, 'car_with_driver', 5, NULL, NULL, 'storage\\countries\\five.jpg', 'Active', NULL, NULL, NULL),
(16, 'iahsi', 'afihfai', 8, 11, NULL, 'car_with_driver', 5, NULL, NULL, 'storage\\countries\\six.jpg', 'Active', NULL, NULL, NULL),
(17, 'iahsi', 'afihfai', 8, 11, NULL, 'car_with_driver', 5, NULL, NULL, 'storage\\countries\\seven.jpg', 'Active', NULL, NULL, NULL),
(18, 'iahsi', 'afihfai', 6, 16, NULL, 'rental_car', 4, NULL, NULL, 'storage\\countries\\eight.jpg', 'Active', NULL, NULL, NULL),
(19, 'iahsi', 'afihfai', 6, 16, NULL, 'rental_car', 5, NULL, NULL, 'storage\\countries\\nine.jpg', 'Active', NULL, NULL, NULL),
(20, 'iahsi', 'afihfai', 6, 16, NULL, 'car_with_driver', 5, NULL, NULL, 'storage\\countries\\two.jpg', 'Active', NULL, NULL, NULL),
(21, 'iahsi', 'afihfai', 6, 16, NULL, 'car_with_driver', 4, NULL, NULL, 'storage\\countries\\three.jpg', 'Active', NULL, NULL, NULL),
(22, 'iahsi', 'afihfai', 6, 16, NULL, 'car_with_driver', 3, NULL, NULL, 'storage\\countries\\four.jpg', 'Active', NULL, NULL, NULL),
(23, 'ifah', 'ohohoh', 5, 22, NULL, 'rental_car', 5, NULL, NULL, 'storage\\countries\\five.jpg', 'Active', NULL, NULL, NULL),
(24, 'ifah', 'ohohoh', 5, 22, NULL, 'rental_car', 5, NULL, NULL, 'storage\\countries\\six.jpg', 'Active', NULL, NULL, NULL),
(25, 'ifah', '55', 5, 22, NULL, 'rental_car', 5, NULL, NULL, 'storage\\countries\\seven.jpg', 'Active', NULL, NULL, NULL),
(26, 'ifah', 'ohohoh', 5, 22, NULL, 'car_with_driver', 4, NULL, NULL, 'storage\\countries\\eight.jpg', 'Active', NULL, NULL, NULL),
(27, 'ifah', 'ohohoh', 5, 22, NULL, 'car_with_driver', 5, NULL, NULL, NULL, 'Active', NULL, NULL, NULL),
(28, 'ifah', 'ohohoh', 5, 22, NULL, 'car_with_driver', 5, NULL, NULL, NULL, 'Active', NULL, NULL, NULL);

-- --------------------------------------------------------

--
-- Table structure for table `cities`
--

CREATE TABLE `cities` (
  `id` bigint(20) UNSIGNED NOT NULL,
  `name` varchar(255) COLLATE utf8mb4_unicode_ci NOT NULL,
  `slug` varchar(255) COLLATE utf8mb4_unicode_ci NOT NULL,
  `journey_type` varchar(255) COLLATE utf8mb4_unicode_ci DEFAULT NULL,
  `type` varchar(255) COLLATE utf8mb4_unicode_ci DEFAULT NULL,
  `image` varchar(255) COLLATE utf8mb4_unicode_ci DEFAULT NULL,
  `is_main` varchar(20) COLLATE utf8mb4_unicode_ci DEFAULT NULL,
  `journey_cost` varchar(255) COLLATE utf8mb4_unicode_ci DEFAULT NULL,
  `status` enum('Active','Not Active') COLLATE utf8mb4_unicode_ci NOT NULL DEFAULT 'Active',
  `country_id` bigint(20) UNSIGNED DEFAULT NULL,
  `created_at` timestamp NULL DEFAULT NULL,
  `updated_at` timestamp NULL DEFAULT NULL
) ENGINE=InnoDB DEFAULT CHARSET=utf8mb4 COLLATE=utf8mb4_unicode_ci;

--
-- Dumping data for table `cities`
--

INSERT INTO `cities` (`id`, `name`, `slug`, `journey_type`, `type`, `image`, `is_main`, `journey_cost`, `status`, `country_id`, `created_at`, `updated_at`) VALUES
(1, 'nemsa', 'Nemsa', 'family', 'city', 'storage\\countries\\city1.jpg', '1', NULL, 'Active', 1, '2023-06-04 12:20:47', '2023-06-04 12:20:47'),
(2, 'alexandria', 'alexandira', 'museums', 'city', 'storage\\countries\\city4.jpg', '0', NULL, 'Active', 1, NULL, NULL),
(3, 'mansoura', 'mansoura', 'family', 'the_country', 'storage\\countries\\city3.jpg', '1', NULL, 'Active', 1, NULL, NULL),
(4, 'monofeya', 'monofeya', 'relax', 'the_country', 'storage\\countries\\city2.jpg', '0', NULL, 'Active', 1, NULL, NULL),
(5, 'ger1', 'Berlin', 'family', 'city', 'storage\\countries\\city5.jpg', '1', NULL, 'Active', 7, NULL, NULL),
(6, 'ger1', 'ger1', 'romantic', 'city', 'storage\\countries\\city4.jpg', '0', NULL, 'Active', 7, NULL, NULL),
(7, 'ger2', 'ger2', 'museums', 'city', 'storage\\countries\\city3.jpg', '0', NULL, 'Active', 7, NULL, NULL),
(8, 'ger4', 'ger4', 'romantic', 'city', 'storage\\countries\\city1.jpg', '0', NULL, 'Active', 7, NULL, NULL),
(9, 'ger5', 'ger5', 'relax', 'city', 'storage\\countries\\city5.jpg', '0', NULL, 'Active', 7, NULL, NULL),
(10, 'ger6', 'ger6', 'relax', 'city', 'storage\\countries\\city2.jpg', '0', NULL, 'Active', 7, NULL, NULL),
(11, 'itl1', 'Roma', 'family', 'city', 'storage\\countries\\city3.jpg', '1', NULL, 'Active', 8, NULL, NULL),
(12, 'itl2', 'itl2', 'museums', 'city', 'storage\\countries\\city5.jpg', '0', '1000', 'Active', 8, NULL, NULL),
(13, 'itl3', 'itl3', 'romantic', 'city', 'storage\\countries\\city2.jpg', '0', NULL, 'Active', 8, NULL, NULL),
(14, 'itl4', 'itl4', 'relax', 'the_country', 'storage\\countries\\city2.jpg', '0', NULL, 'Active', 8, NULL, NULL),
(15, 'itl6', 'itl6', 'romantic', 'city', 'storage\\countries\\city3.jpg', '0', NULL, 'Active', 8, NULL, NULL),
(16, 'swi1', 'Swisra', 'family', 'city', 'storage\\countries\\city4.jpg', '1', NULL, 'Active', 6, NULL, NULL),
(17, 'swi2', 'swi2', 'museums', 'city', 'storage\\countries\\city5.jpg', '0', NULL, 'Active', 6, NULL, NULL),
(18, 'swi3', 'swi3', 'museums', 'city', 'storage\\countries\\city1.jpg', '0', NULL, 'Active', 6, NULL, NULL),
(19, 'swi4', 'swi4', 'museums', 'the_country', 'storage\\countries\\city3.jpg', '0', NULL, 'Active', 6, NULL, NULL),
(20, 'swi5', 'swi5', 'museums', 'the_country', 'storage\\countries\\city2.jpg', '0', NULL, 'Active', 6, NULL, NULL),
(21, 'swi6', 'swi6', 'museums', 'city', 'storage\\countries\\city3.jpg', '0', NULL, 'Active', 6, NULL, NULL),
(22, 'esp1', 'Madrid', 'family', 'city', 'storage\\countries\\city3.jpg', '1', NULL, 'Active', 5, NULL, NULL),
(23, 'esp2', 'esp2', 'museums', 'city', 'storage\\countries\\city5.jpg', '0', NULL, 'Active', 5, NULL, NULL),
(24, 'eps3', 'esp3', 'relax', 'the_country', 'storage\\countries\\city5.jpg', '0', NULL, 'Active', 5, NULL, NULL),
(25, 'esp4', 'esp4', 'family', 'the_country', 'storage\\countries\\city3.jpg', '0', NULL, 'Active', 5, NULL, NULL),
(26, 'esp5', 'esp5', 'romantic', 'city', 'storage\\countries\\city2.jpg', '0', '6000', 'Active', 5, NULL, NULL),
(27, 'esp6', 'esp6', 'museums', 'city', 'storage\\countries\\city3.jpg', '0', NULL, 'Active', 5, NULL, NULL),
(28, 'bossna', 'bossna', NULL, 'city', 'storage\\countries\\city2.jpg', '1', NULL, 'Active', 3, NULL, NULL),
(29, 'bossna', 'bossna', NULL, 'city', 'storage\\countries\\city5.jpg', NULL, NULL, 'Active', 3, NULL, NULL),
(30, 'swis1', 'swis1', NULL, NULL, NULL, '1', NULL, 'Active', 6, NULL, NULL),
(31, 'swis2', 'swis2', NULL, NULL, NULL, '1', NULL, 'Active', 6, NULL, NULL),
(32, 'swis3', 'swis3', NULL, NULL, NULL, '1', NULL, 'Active', 6, NULL, NULL);

-- --------------------------------------------------------

--
-- Table structure for table `comments`
--

CREATE TABLE `comments` (
  `id` bigint(20) UNSIGNED NOT NULL,
  `user_id` bigint(20) NOT NULL,
  `model` varchar(255) COLLATE utf8mb4_unicode_ci NOT NULL,
  `comment` varchar(255) COLLATE utf8mb4_unicode_ci NOT NULL,
  `model_id` bigint(20) NOT NULL,
  `created_at` timestamp NULL DEFAULT NULL,
  `updated_at` timestamp NULL DEFAULT NULL
) ENGINE=InnoDB DEFAULT CHARSET=utf8mb4 COLLATE=utf8mb4_unicode_ci;

-- --------------------------------------------------------

--
-- Table structure for table `countries`
--

CREATE TABLE `countries` (
  `id` bigint(20) UNSIGNED NOT NULL,
  `name` varchar(255) COLLATE utf8mb4_unicode_ci NOT NULL,
  `slug` varchar(255) COLLATE utf8mb4_unicode_ci NOT NULL,
  `image` varchar(255) COLLATE utf8mb4_unicode_ci DEFAULT NULL,
  `status` enum('Active','Not Active') COLLATE utf8mb4_unicode_ci NOT NULL DEFAULT 'Active',
  `created_at` timestamp NULL DEFAULT NULL,
  `updated_at` timestamp NULL DEFAULT NULL
) ENGINE=InnoDB DEFAULT CHARSET=utf8mb4 COLLATE=utf8mb4_unicode_ci;

--
-- Dumping data for table `countries`
--

INSERT INTO `countries` (`id`, `name`, `slug`, `image`, `status`, `created_at`, `updated_at`) VALUES
(1, 'النمسا', 'النمسا', 'storage\\countries\\nemsa.jpg', 'Active', '2023-05-28 06:55:12', '2023-05-28 06:55:12'),
(2, 'فرنسا', 'فرنسا', 'storage\\countries\\frence.jpg', 'Active', '2023-06-04 12:21:49', '2023-06-04 12:21:49'),
(3, 'البوسنة', 'البوسنة', 'storage\\countries\\bosna', 'Active', NULL, NULL),
(5, 'إسبانيا', 'إسبانيا', 'storage\\countries\\spain.jpg', 'Active', NULL, NULL),
(6, 'سويسرا', 'سويسرا', 'storage\\countries\\swisra.jpg', 'Active', NULL, NULL),
(7, 'ألمانيا', 'ألمانيا', 'storage\\countries\\germany.jpg', 'Active', NULL, NULL),
(8, 'ايطاليا', 'إيطاليا', 'storage\\countries\\italy.jpg', 'Active', NULL, NULL);

-- --------------------------------------------------------

--
-- Table structure for table `districts`
--

CREATE TABLE `districts` (
  `id` bigint(20) UNSIGNED NOT NULL,
  `name` varchar(255) COLLATE utf8mb4_unicode_ci NOT NULL,
  `slug` varchar(255) COLLATE utf8mb4_unicode_ci NOT NULL,
  `status` enum('Active','Not Active') COLLATE utf8mb4_unicode_ci NOT NULL DEFAULT 'Active',
  `city_id` bigint(20) UNSIGNED DEFAULT NULL,
  `created_at` timestamp NULL DEFAULT NULL,
  `updated_at` timestamp NULL DEFAULT NULL
) ENGINE=InnoDB DEFAULT CHARSET=utf8mb4 COLLATE=utf8mb4_unicode_ci;

-- --------------------------------------------------------

--
-- Table structure for table `failed_jobs`
--

CREATE TABLE `failed_jobs` (
  `id` bigint(20) UNSIGNED NOT NULL,
  `uuid` varchar(255) COLLATE utf8mb4_unicode_ci NOT NULL,
  `connection` text COLLATE utf8mb4_unicode_ci NOT NULL,
  `queue` text COLLATE utf8mb4_unicode_ci NOT NULL,
  `payload` longtext COLLATE utf8mb4_unicode_ci NOT NULL,
  `exception` longtext COLLATE utf8mb4_unicode_ci NOT NULL,
  `failed_at` timestamp NOT NULL DEFAULT CURRENT_TIMESTAMP
) ENGINE=InnoDB DEFAULT CHARSET=utf8mb4 COLLATE=utf8mb4_unicode_ci;

-- --------------------------------------------------------

--
-- Table structure for table `groups`
--

CREATE TABLE `groups` (
  `id` bigint(20) UNSIGNED NOT NULL,
  `name` varchar(255) COLLATE utf8mb4_unicode_ci NOT NULL,
  `slug` varchar(255) COLLATE utf8mb4_unicode_ci NOT NULL,
  `description` text COLLATE utf8mb4_unicode_ci,
  `must_seen` enum('seen','Not Seen') COLLATE utf8mb4_unicode_ci NOT NULL DEFAULT 'seen',
  `status` enum('Active','Not Active') COLLATE utf8mb4_unicode_ci NOT NULL DEFAULT 'Active',
  `sort` int(11) DEFAULT NULL,
  `created_at` timestamp NULL DEFAULT NULL,
  `updated_at` timestamp NULL DEFAULT NULL
) ENGINE=InnoDB DEFAULT CHARSET=utf8mb4 COLLATE=utf8mb4_unicode_ci;

--
-- Dumping data for table `groups`
--

INSERT INTO `groups` (`id`, `name`, `slug`, `description`, `must_seen`, `status`, `sort`, `created_at`, `updated_at`) VALUES
(1, 'one', 'one', 'dayone', 'seen', 'Active', NULL, NULL, NULL),
(2, 'two', 'two', 'daytwo', 'seen', 'Active', NULL, NULL, NULL),
(3, 'three', 'three', 'daythree', 'seen', 'Active', NULL, NULL, NULL),
(4, 'four', 'four', 'dayfour', 'seen', 'Active', NULL, NULL, NULL),
(5, 'five', 'five', 'dayfive', 'seen', 'Active', NULL, NULL, NULL),
(6, 'six', 'six', 'daysix', 'seen', 'Active', NULL, NULL, NULL),
(7, 'seven', 'seven', 'dayseven', 'seen', 'Active', NULL, NULL, NULL),
(8, 'eight', 'eight', 'dayeight', 'seen', 'Active', NULL, NULL, NULL),
(9, 'nine', 'nine', 'daynine', 'seen', 'Active', NULL, NULL, NULL),
(10, 'ten', 'ten', 'dayten', 'seen', 'Active', NULL, NULL, NULL);

-- --------------------------------------------------------

--
-- Table structure for table `group_location`
--

CREATE TABLE `group_location` (
  `id` bigint(20) UNSIGNED NOT NULL,
  `location_id` bigint(20) UNSIGNED NOT NULL,
  `group_id` bigint(20) UNSIGNED NOT NULL,
  `created_at` timestamp NULL DEFAULT NULL,
  `updated_at` timestamp NULL DEFAULT NULL
) ENGINE=InnoDB DEFAULT CHARSET=utf8mb4 COLLATE=utf8mb4_unicode_ci;

--
-- Dumping data for table `group_location`
--

INSERT INTO `group_location` (`id`, `location_id`, `group_id`, `created_at`, `updated_at`) VALUES
(1, 1, 1, NULL, NULL),
(2, 2, 1, NULL, NULL),
(3, 3, 1, NULL, NULL),
(4, 4, 1, NULL, NULL),
(5, 5, 1, NULL, NULL),
(6, 6, 1, NULL, NULL),
(7, 7, 1, NULL, NULL),
(8, 8, 2, NULL, NULL),
(9, 9, 1, NULL, NULL),
(10, 10, 2, NULL, NULL),
(11, 11, 2, NULL, NULL),
(12, 12, 3, NULL, NULL),
(13, 13, 3, NULL, NULL),
(14, 14, 4, NULL, NULL),
(15, 15, 4, NULL, NULL),
(16, 16, 1, NULL, NULL),
(17, 17, 1, NULL, NULL),
(18, 18, 1, NULL, NULL),
(19, 19, 2, NULL, NULL),
(20, 20, 2, NULL, NULL),
(21, 21, 2, NULL, NULL),
(22, 22, 2, NULL, NULL),
(23, 23, 1, NULL, NULL),
(25, 24, 1, NULL, NULL),
(26, 25, 2, NULL, NULL);

-- --------------------------------------------------------

--
-- Table structure for table `hotel_apartments`
--

CREATE TABLE `hotel_apartments` (
  `id` bigint(20) UNSIGNED NOT NULL,
  `name` varchar(255) COLLATE utf8mb4_unicode_ci NOT NULL,
  `slug` varchar(255) COLLATE utf8mb4_unicode_ci NOT NULL,
  `description` text COLLATE utf8mb4_unicode_ci,
  `country_id` bigint(20) UNSIGNED DEFAULT NULL,
  `city_id` bigint(20) UNSIGNED DEFAULT NULL,
  `district_id` bigint(20) UNSIGNED DEFAULT NULL,
  `stars` int(11) DEFAULT NULL,
  `rooms` varchar(255) COLLATE utf8mb4_unicode_ci DEFAULT NULL,
  `price` decimal(8,2) DEFAULT NULL,
  `typing_live` enum('city','village') COLLATE utf8mb4_unicode_ci DEFAULT NULL,
  `type` enum('Hotel','Apartment') COLLATE utf8mb4_unicode_ci DEFAULT NULL,
  `status` enum('Active','Not Active') COLLATE utf8mb4_unicode_ci NOT NULL DEFAULT 'Active',
  `sort` int(11) DEFAULT NULL,
  `location` point DEFAULT NULL,
  `created_at` timestamp NULL DEFAULT NULL,
  `updated_at` timestamp NULL DEFAULT NULL
) ENGINE=InnoDB DEFAULT CHARSET=utf8mb4 COLLATE=utf8mb4_unicode_ci;

--
-- Dumping data for table `hotel_apartments`
--

INSERT INTO `hotel_apartments` (`id`, `name`, `slug`, `description`, `country_id`, `city_id`, `district_id`, `stars`, `rooms`, `price`, `typing_live`, `type`, `status`, `sort`, `location`, `created_at`, `updated_at`) VALUES
(1, '{\"en\":\"second_hotel\",\"ar\":\"\\u062b\\u0627\\u0646\\u064a \\u0641\\u0646\\u062f\\u0642\"}', 'second-hotel', NULL, 1, 1, NULL, 5, '120', 1000.00, 'city', 'Hotel', 'Active', NULL, NULL, '2023-06-04 12:26:16', '2023-06-04 12:26:16'),
(2, 'test', 'test', 'test', 1, 1, NULL, 4, NULL, 500.00, NULL, 'Hotel', 'Active', NULL, NULL, NULL, NULL),
(3, 'test2', 'test2', 'test2', 1, 1, NULL, 5, NULL, 500.00, NULL, 'Apartment', 'Active', NULL, NULL, NULL, NULL),
(4, 'test2', 'test2', 'test2', 1, 1, NULL, 4, NULL, 500.00, NULL, 'Apartment', 'Active', NULL, NULL, NULL, NULL),
(5, 'test2', 'test2', 'test2', 1, 1, NULL, 3, NULL, 500.00, NULL, 'Apartment', 'Active', NULL, NULL, NULL, NULL),
(6, 'test2', 'test2', 'test2', 1, 1, NULL, 4, NULL, 500.00, NULL, 'Apartment', 'Active', NULL, NULL, NULL, NULL),
(7, 'nn', 'nn', NULL, 7, 5, NULL, 4, NULL, 1000.00, NULL, 'Hotel', 'Active', NULL, NULL, NULL, NULL),
(8, 'abfjba', 'absfuasb', NULL, 8, 11, NULL, 5, NULL, 2000.00, NULL, 'Hotel', 'Active', NULL, NULL, NULL, NULL),
(9, 'abfjba', 'absfuasb', NULL, 6, 16, NULL, 4, NULL, 2000.00, NULL, 'Hotel', 'Active', NULL, NULL, NULL, NULL),
(10, 'abfjba', 'absfuasb', NULL, 5, 22, NULL, 4, NULL, 1500.00, NULL, 'Hotel', 'Active', NULL, NULL, NULL, NULL);

-- --------------------------------------------------------

--
-- Table structure for table `imagines`
--

CREATE TABLE `imagines` (
  `id` bigint(20) UNSIGNED NOT NULL,
  `name` varchar(255) COLLATE utf8mb4_unicode_ci DEFAULT NULL,
  `user_id` bigint(20) DEFAULT NULL,
  `created_at` timestamp NULL DEFAULT NULL,
  `updated_at` timestamp NULL DEFAULT NULL
) ENGINE=InnoDB DEFAULT CHARSET=utf8mb4 COLLATE=utf8mb4_unicode_ci;

--
-- Dumping data for table `imagines`
--

INSERT INTO `imagines` (`id`, `name`, `user_id`, `created_at`, `updated_at`) VALUES
(5, 'ebrahem eldorra', 10, '2023-06-11 10:21:50', '2023-06-11 10:24:12');

-- --------------------------------------------------------

--
-- Table structure for table `locations`
--

CREATE TABLE `locations` (
  `id` bigint(20) UNSIGNED NOT NULL,
  `name` varchar(255) COLLATE utf8mb4_unicode_ci NOT NULL,
  `slug` varchar(255) COLLATE utf8mb4_unicode_ci NOT NULL,
  `description` text COLLATE utf8mb4_unicode_ci,
  `country_id` bigint(20) UNSIGNED DEFAULT NULL,
  `city_id` bigint(20) UNSIGNED DEFAULT NULL,
  `district_id` bigint(20) UNSIGNED DEFAULT NULL,
  `type` enum('Attractions','Restaurants') COLLATE utf8mb4_unicode_ci DEFAULT NULL,
  `price` decimal(8,2) DEFAULT NULL,
  `sort` int(11) DEFAULT NULL,
  `status` enum('Active','Not Active') COLLATE utf8mb4_unicode_ci NOT NULL DEFAULT 'Active',
  `location` point DEFAULT NULL,
  `created_at` timestamp NULL DEFAULT NULL,
  `updated_at` timestamp NULL DEFAULT NULL
) ENGINE=InnoDB DEFAULT CHARSET=utf8mb4 COLLATE=utf8mb4_unicode_ci;

--
-- Dumping data for table `locations`
--

INSERT INTO `locations` (`id`, `name`, `slug`, `description`, `country_id`, `city_id`, `district_id`, `type`, `price`, `sort`, `status`, `location`, `created_at`, `updated_at`) VALUES
(1, 'evil tower', 'Lorem ipsum dolor sit amet, consectetur adipiscing elit, sed do eiusmod tempor incididunt ut labore et dolore magna aliqua. Ut enim ad minim veniam.', 'visit evil tower', 2, 28, NULL, NULL, 100.00, NULL, 'Active', NULL, NULL, NULL),
(2, 'museum in leyon', 'Lorem ipsum dolor sit amet, consectetur adipiscing elit, sed do eiusmod tempor incididunt ut labore et dolore magna aliqua. Ut enim ad minim veniam.', 'visit museum in leyon', 2, 29, NULL, NULL, 100.00, NULL, 'Active', NULL, NULL, NULL),
(3, 'il collosio', 'Lorem ipsum dolor sit amet, consectetur adipiscing elit, sed do eiusmod tempor incididunt ut labore et dolore magna aliqua. Ut enim ad minim veniam.', 'il collosio e il monomento molto famoso a roma', 8, 11, NULL, NULL, 100.00, NULL, 'Active', NULL, NULL, NULL),
(4, 'il ihia', 'Lorem ipsum dolor sit amet, consectetur adipiscing elit, sed do eiusmod tempor incididunt ut labore et dolore magna aliqua. Ut enim ad minim veniam.', 'il uoahfa adhvaus asdihas ahifao ', 8, 11, NULL, NULL, 100.00, NULL, 'Active', NULL, NULL, NULL),
(5, 'il ii', 'Lorem ipsum dolor sit amet, consectetur adipiscing elit, sed do eiusmod tempor incididunt ut labore et dolore magna aliqua. Ut enim ad minim veniam.', 'il 11 iii i i isipidhds asudasud fsadfhasod f a roma', 8, 11, NULL, NULL, 100.00, NULL, 'Active', NULL, NULL, NULL),
(6, 'il ii', 'Lorem ipsum dolor sit amet, consectetur adipiscing elit, sed do eiusmod tempor incididunt ut labore et dolore magna aliqua. Ut enim ad minim veniam.', 'il 12 iii i i isipidhds asudasud fsadfhasod f a roma', 8, 12, NULL, NULL, 100.00, NULL, 'Active', NULL, NULL, NULL),
(7, 'il ii', 'Lorem ipsum dolor sit amet, consectetur adipiscing elit, sed do eiusmod tempor incididunt ut labore et dolore magna aliqua. Ut enim ad minim veniam.', 'il 12 iii i i isipidhds asudasud fsadfhasod f a roma', 8, 12, NULL, NULL, 100.00, NULL, 'Active', NULL, NULL, NULL),
(8, 'il ii', 'Lorem ipsum dolor sit amet, consectetur adipiscing elit, sed do eiusmod tempor incididunt ut labore et dolore magna aliqua. Ut enim ad minim veniam.', 'il 12 iii i i isipidhds asudasud fsadfhasod f a roma', 8, 12, NULL, NULL, 100.00, NULL, 'Active', NULL, NULL, NULL),
(9, 'il ii', 'Lorem ipsum dolor sit amet, consectetur adipiscing elit, sed do eiusmod tempor incididunt ut labore et dolore magna aliqua. Ut enim ad minim veniam.', 'il 12 iii i i isipidhds asudasud fsadfhasod f a roma', 7, 5, NULL, NULL, 100.00, NULL, 'Active', NULL, NULL, NULL),
(10, 'il ii', 'Lorem ipsum dolor sit amet, consectetur adipiscing elit, sed do eiusmod tempor incididunt ut labore et dolore magna aliqua. Ut enim ad minim veniam.', 'il 12 iii i i isipidhds asudasud fsadfhasod f a roma', 7, 5, NULL, NULL, 100.00, NULL, 'Active', NULL, NULL, NULL),
(11, 'il ii', 'Lorem ipsum dolor sit amet, consectetur adipiscing elit, sed do eiusmod tempor incididunt ut labore et dolore magna aliqua. Ut enim ad minim veniam.', 'il 12 iii i i isipidhds asudasud fsadfhasod f a roma', 7, 6, NULL, NULL, 100.00, NULL, 'Active', NULL, NULL, NULL),
(12, 'il ii', 'Lorem ipsum dolor sit amet, consectetur adipiscing elit, sed do eiusmod tempor incididunt ut labore et dolore magna aliqua. Ut enim ad minim veniam.', 'il 12 iii i i isipidhds asudasud fsadfhasod f a roma', 7, 6, NULL, NULL, 100.00, NULL, 'Active', NULL, NULL, NULL),
(13, 'il ii', 'Lorem ipsum dolor sit amet, consectetur adipiscing elit, sed do eiusmod tempor incididunt ut labore et dolore magna aliqua. Ut enim ad minim veniam.', 'il 12 iii i i isipidhds asudasud fsadfhasod f a roma', 7, 7, NULL, NULL, 100.00, NULL, 'Active', NULL, NULL, NULL),
(14, 'il ii', 'Lorem ipsum dolor sit amet, consectetur adipiscing elit, sed do eiusmod tempor incididunt ut labore et dolore magna aliqua. Ut enim ad minim veniam.', 'il 12 iii i i isipidhds asudasud fsadfhasod f a roma', 7, 7, NULL, NULL, 100.00, NULL, 'Active', NULL, NULL, NULL),
(15, 'il ii', 'Lorem ipsum dolor sit amet, consectetur adipiscing elit, sed do eiusmod tempor incididunt ut labore et dolore magna aliqua. Ut enim ad minim veniam.', 'il 12 iii i i isipidhds asudasud fsadfhasod f a roma', 7, 7, NULL, NULL, 100.00, NULL, 'Active', NULL, NULL, NULL),
(16, 'test ', 'this is test in order to show the expected result.this is test in order to show the expected result.this is test in order to show the expected result.this is test in order to show the expected result.this is test in order to show the expected result.', 'this is test in order to show the expected result.this is test in order to show the expected result.this is test in order to show the expected result.this is test in order to show the expected result.this is test in order to show the expected result.', 1, 1, NULL, NULL, 200.00, NULL, 'Active', NULL, NULL, NULL),
(17, 'test', 'this is test this is test this is test this is test this is test this is test this is test .', 'this is test this is test this is test this is test this is test this is test .', 5, 22, NULL, NULL, NULL, NULL, 'Active', NULL, NULL, NULL),
(18, 'test', 'this is test this is test this is test this is test this is test this is test this is test .', 'this is test this is test this is test this is test this is test this is test .', 5, 23, NULL, NULL, NULL, NULL, 'Active', NULL, NULL, NULL),
(19, 'test', 'this is test this is test this is test this is test this is test this is test this is test .', 'this is test this is test this is test this is test this is test this is test .', 5, 24, NULL, NULL, NULL, NULL, 'Active', NULL, NULL, NULL),
(20, 'test', 'this is test this is test this is test this is test this is test this is test this is test .', 'this is test this is test this is test this is test this is test this is test .', 5, 25, NULL, NULL, NULL, NULL, 'Active', NULL, NULL, NULL),
(21, 'test', 'this is test this is test this is test this is test this is test this is test this is test .', 'this is test this is test this is test this is test this is test this is test .', 3, 28, NULL, NULL, NULL, NULL, 'Active', NULL, NULL, NULL),
(22, 'test', 'this is test this is test this is test this is test this is test this is test this is test .', 'this is test this is test this is test this is test this is test this is test .', 3, 29, NULL, NULL, NULL, NULL, 'Active', NULL, NULL, NULL),
(23, 'test', 'this is test this is test this is test this is test this is test this is test this is test .', 'this is test this is test this is test this is test this is test this is test .', 6, 30, NULL, NULL, NULL, NULL, 'Active', NULL, NULL, NULL),
(24, 'test', 'this is test this is test this is test this is test this is test this is test this is test .', 'this is test this is test this is test this is test this is test this is test .', 6, 31, NULL, NULL, NULL, NULL, 'Active', NULL, NULL, NULL),
(25, 'test', 'this is test this is test this is test this is test this is test this is test this is test .', 'this is test this is test this is test this is test this is test this is test .', 6, 32, NULL, NULL, NULL, NULL, 'Active', NULL, NULL, NULL);

-- --------------------------------------------------------

--
-- Table structure for table `ltm_translations`
--

CREATE TABLE `ltm_translations` (
  `id` bigint(20) UNSIGNED NOT NULL,
  `status` int(11) NOT NULL DEFAULT '0',
  `locale` varchar(255) COLLATE utf8mb4_bin NOT NULL,
  `group` varchar(255) COLLATE utf8mb4_bin NOT NULL,
  `key` text COLLATE utf8mb4_bin NOT NULL,
  `value` text COLLATE utf8mb4_bin,
  `created_at` timestamp NULL DEFAULT NULL,
  `updated_at` timestamp NULL DEFAULT NULL
) ENGINE=InnoDB DEFAULT CHARSET=utf8mb4 COLLATE=utf8mb4_bin;


INSERT INTO `ltm_translations` (`id`, `status`, `locale`, `group`, `key`, `value`, `created_at`, `updated_at`) VALUES
(440, 1, 'en', 'dashboard', 'Form Public Transportation City', 'Form Public Transportation City', '2023-05-31 09:37:02', '2023-05-31 09:37:02'),
(441, 1, 'en', 'dashboard', 'Please Choose Type', 'Please Choose Type', '2023-05-31 09:37:02', '2023-05-31 09:37:02'),
(442, 1, 'en', 'dashboard', 'Index Public Transportation City', 'Index Public Transportation City', '2023-05-31 09:37:02', '2023-05-31 09:37:02'),
(443, 1, 'en', 'dashboard', 'City To', 'City To', '2023-05-31 09:37:02', '2023-05-31 09:37:02'),
(444, 1, 'en', 'dashboard', 'City From', 'City From', '2023-05-31 09:37:02', '2023-05-31 09:37:02'),
(445, 1, 'en', 'dashboard', 'Public Transportation City', 'Public Transportation City', '2023-05-31 09:37:02', '2023-05-31 09:37:02'),
(446, 1, 'en', 'dashboard', 'Create Public Transportation City', 'Create Public Transportation City', '2023-05-31 09:37:02', '2023-05-31 09:37:02'),
(447, 1, 'en', 'dashboard', 'Error 403', 'Error 403', '2023-05-31 09:37:02', '2023-05-31 09:37:02'),
(448, 1, 'en', 'dashboard', 'Seats', 'Seats', '2023-05-31 09:37:02', '2023-05-31 09:37:02'),
(449, 1, 'en', 'dashboard', 'Stars', 'Stars', '2023-05-31 09:37:02', '2023-05-31 09:37:02'),
(450, 1, 'en', 'dashboard', 'Cars', 'Cars', '2023-05-31 09:37:02', '2023-05-31 09:37:02'),
(451, 1, 'en', 'dashboard', 'Form Cars', 'Form Cars', '2023-05-31 09:37:02', '2023-05-31 09:37:02'),
(452, 1, 'en', 'dashboard', 'Index Cars', 'Index Cars', '2023-05-31 09:37:02', '2023-05-31 09:37:02'),
(453, 1, 'en', 'dashboard', 'Create Cars', 'Create Cars', '2023-05-31 09:37:02', '2023-05-31 09:37:02'),
(454, 1, 'en', 'dashboard', 'type', 'Type', '2023-05-31 09:37:02', '2023-05-31 09:37:02'),
(455, 1, 'en', 'dashboard', 'typing_live', 'Typing live', '2023-05-31 09:37:02', '2023-05-31 09:37:02'),
(456, 1, 'en', 'dashboard', 'rooms', 'Rooms', '2023-05-31 09:37:02', '2023-05-31 09:37:02'),
(457, 1, 'en', 'dashboard', 'Hotel', 'Hotel', '2023-05-31 09:37:02', '2023-05-31 09:37:02'),
(458, 1, 'en', 'dashboard', 'Create Hotel', 'Create Hotel', '2023-05-31 09:37:02', '2023-05-31 09:37:02'),
(459, 1, 'en', 'dashboard', 'Please Choose Typing Live', 'Please Choose Typing Live', '2023-05-31 09:37:02', '2023-05-31 09:37:02'),
(460, 1, 'en', 'dashboard', 'Typing Live', 'Typing Live', '2023-05-31 09:37:02', '2023-05-31 09:37:02'),
(461, 1, 'en', 'dashboard', 'Form Hotel', 'Form Hotel', '2023-05-31 09:37:02', '2023-05-31 09:37:02'),
(462, 1, 'en', 'dashboard', 'Index Hotel', 'Index Hotel', '2023-05-31 09:37:02', '2023-05-31 09:37:02'),
(463, 1, 'en', 'dashboard', 'Apartment', 'Apartment', '2023-05-31 09:37:02', '2023-05-31 09:37:02'),
(464, 1, 'en', 'dashboard', 'Form Apartment', 'Form Apartment', '2023-05-31 09:37:02', '2023-05-31 09:37:02'),
(465, 1, 'en', 'dashboard', 'Create Apartment', 'Create Apartment', '2023-05-31 09:37:02', '2023-05-31 09:37:02'),
(466, 1, 'en', 'dashboard', 'Index Apartment', 'Index Apartment', '2023-05-31 09:37:02', '2023-05-31 09:37:02'),
(467, 1, 'en', 'dashboard', 'Location', 'Location', '2023-05-31 09:37:02', '2023-05-31 09:37:02'),
(468, 1, 'en', 'dashboard', 'Form Location', 'Form Location', '2023-05-31 09:37:02', '2023-05-31 09:37:02'),
(469, 1, 'en', 'dashboard', 'Create Location', 'Create Location', '2023-05-31 09:37:02', '2023-05-31 09:37:02'),
(470, 1, 'en', 'dashboard', 'Index Location', 'Index Location', '2023-05-31 09:37:02', '2023-05-31 09:37:02'),
(471, 1, 'en', 'dashboard', 'Must Seen', 'Must Seen', '2023-05-31 09:37:02', '2023-05-31 09:37:02'),
(472, 1, 'en', 'dashboard', 'Group', 'Group', '2023-05-31 09:37:02', '2023-05-31 09:37:02'),
(473, 1, 'en', 'dashboard', 'Form Group', 'Form Group', '2023-05-31 09:37:02', '2023-05-31 09:37:02'),
(474, 1, 'en', 'dashboard', 'Index Group', 'Index Group', '2023-05-31 09:37:02', '2023-05-31 09:37:02'),
(475, 1, 'en', 'dashboard', 'Please Choose Must Seen', 'Please Choose Must Seen', '2023-05-31 09:37:02', '2023-05-31 09:37:02'),
(476, 1, 'en', 'dashboard', 'Create Group', 'Create Group', '2023-05-31 09:37:02', '2023-05-31 09:37:02'),
(477, 1, 'en', 'dashboard', 'Tag', 'Tag', '2023-05-31 09:37:02', '2023-05-31 09:37:02'),
(478, 1, 'en', 'dashboard', 'Create Tag', 'Create Tag', '2023-05-31 09:37:02', '2023-05-31 09:37:02'),
(479, 1, 'en', 'dashboard', 'Form Tag', 'Form Tag', '2023-05-31 09:37:02', '2023-05-31 09:37:02'),
(480, 1, 'en', 'dashboard', 'Index Tag', 'Index Tag', '2023-05-31 09:37:02', '2023-05-31 09:37:02'),
(481, 1, 'en', 'dashboard', 'group_id', 'Group id', '2023-05-31 09:37:02', '2023-05-31 09:37:02'),
(482, 1, 'en', 'dashboard', 'location_id', 'Location id', '2023-05-31 09:37:02', '2023-05-31 09:37:02'),
(483, 1, 'en', 'dashboard', 'Group Location', 'Group Location', '2023-05-31 09:37:02', '2023-05-31 09:37:02'),
(484, 1, 'en', 'dashboard', 'Create Group Location', 'Create Group Location', '2023-05-31 09:37:02', '2023-05-31 09:37:02'),
(485, 1, 'en', 'dashboard', 'Form Group Location', 'Form Group Location', '2023-05-31 09:37:02', '2023-05-31 09:37:02'),
(486, 1, 'en', 'dashboard', 'Index Group Location', 'Index Group Location', '2023-05-31 09:37:02', '2023-05-31 09:37:02'),
(487, 1, 'en', 'dashboard', 'Please Choose group_id', 'Please Choose group id', '2023-05-31 09:37:02', '2023-05-31 09:37:02'),
(488, 1, 'en', 'dashboard', 'Please Choose location_id', 'Please Choose location id', '2023-05-31 09:37:02', '2023-05-31 09:37:02'),
(489, 1, 'en', 'dashboard', 'Please Choose Group', 'Please Choose Group', '2023-05-31 09:37:02', '2023-05-31 09:37:02'),
(490, 1, 'en', 'dashboard', 'Please Choose Location', 'Please Choose Location', '2023-05-31 09:37:02', '2023-05-31 09:37:02'),
(491, 1, 'en', 'dashboard', 'Tag Group', 'Tag Group', '2023-05-31 09:37:02', '2023-05-31 09:37:02'),
(492, 1, 'en', 'dashboard', 'Please Choose Tag', 'Please Choose Tag', '2023-05-31 09:37:02', '2023-05-31 09:37:02'),
(493, 1, 'en', 'dashboard', 'Create Tag Group', 'Create Tag Group', '2023-05-31 09:37:02', '2023-05-31 09:37:02'),
(494, 1, 'en', 'dashboard', 'Form Tag Group', 'Form Tag Group', '2023-05-31 09:37:02', '2023-05-31 09:37:02'),
(495, 1, 'en', 'dashboard', 'Index Tag Group', 'Index Tag Group', '2023-05-31 09:37:02', '2023-05-31 09:37:02'),
(496, 1, 'en', 'dashboard', 'Email', 'Email', '2023-05-31 09:37:02', '2023-05-31 09:37:02'),
(497, 1, 'en', 'dashboard', 'Gender', 'Gender', '2023-05-31 09:37:02', '2023-05-31 09:37:02'),
(498, 1, 'en', 'dashboard', 'Mobile', 'Mobile', '2023-05-31 09:37:02', '2023-05-31 09:37:02'),
(499, 1, 'en', 'dashboard', 'Address', 'Address', '2023-05-31 09:37:02', '2023-05-31 09:37:02'),
(500, 1, 'en', 'dashboard', 'Users', 'Users', '2023-05-31 09:37:02', '2023-05-31 09:37:02'),
(501, 1, 'en', 'dashboard', 'Create Users', 'Create Users', '2023-05-31 09:37:02', '2023-05-31 09:37:02'),
(502, 1, 'en', 'dashboard', 'Form Users', 'Form Users', '2023-05-31 09:37:02', '2023-05-31 09:37:02'),
(503, 1, 'en', 'dashboard', 'Index Users', 'Index Users', '2023-05-31 09:37:02', '2023-05-31 09:37:02'),
(504, 1, 'en', 'dashboard', 'Please Choose Gender', 'Please Choose Gender', '2023-05-31 09:37:02', '2023-05-31 09:37:02'),
(505, 1, 'en', 'dashboard', 'Coralie Ruecker', 'Coralie Ruecker', '2023-05-31 09:37:02', '2023-05-31 09:37:02'),
(506, 1, 'en', 'dashboard', 'Hatem', 'Hatem', '2023-05-31 09:37:02', '2023-05-31 09:37:02'),
(507, 1, 'en', 'dashboard', 'ayman', 'Ayman', '2023-05-31 09:37:02', '2023-05-31 09:37:02'),
(508, 1, 'en', 'dashboard', 'Form setting', 'Form setting', '2023-05-31 09:37:02', '2023-05-31 09:37:02'),
(509, 1, 'en', 'dashboard', 'Index setting', 'Index setting', '2023-05-31 09:37:02', '2023-05-31 09:37:02'),
(510, 1, 'en', 'dashboard', 'Data', 'Data', '2023-05-31 09:37:02', '2023-05-31 09:37:02'),
(511, 1, 'en', 'dashboard', 'Social Media', 'Social Media', '2023-05-31 09:37:02', '2023-05-31 09:37:02'),
(512, 1, 'en', 'dashboard', 'Rosie Fay', 'Rosie Fay', '2023-05-31 09:37:02', '2023-05-31 09:37:02'),
(513, 1, 'en', 'dashboard', 'Ruby Windler', 'Ruby Windler', '2023-05-31 09:37:02', '2023-05-31 09:37:02'),
(514, 1, 'en', 'dashboard', 'Create Social Media', 'Create Social Media', '2023-05-31 09:37:02', '2023-05-31 09:37:02'),
(515, 1, 'en', 'dashboard', 'Form Social Media', 'Form Social Media', '2023-05-31 09:37:02', '2023-05-31 09:37:02'),
(516, 1, 'en', 'dashboard', 'Index Social Media', 'Index Social Media', '2023-05-31 09:37:02', '2023-05-31 09:37:02'),
(517, 1, 'en', 'dashboard', 'Edit', 'Edit', '2023-05-31 09:37:02', '2023-05-31 09:37:02'),
(518, 1, 'en', 'dashboard', 'admin.socialMedia.edit', 'Admin.socialMedia.edit', '2023-05-31 09:37:02', '2023-05-31 09:37:02'),
(519, 1, 'en', 'dashboard', 'Edit Social Media', 'Edit Social Media', '2023-05-31 09:37:02', '2023-05-31 09:37:02'),
(520, 1, 'en', 'dashboard', 'Miss Eleanore O\'Connell', 'Miss Eleanore O Connell', '2023-05-31 09:37:02', '2023-05-31 09:37:02'),
(521, 1, 'en', 'dashboard', 'Image', 'Image', '2023-05-31 09:37:02', '2023-05-31 09:37:02'),
(522, 1, 'en', 'dashboard', 'Banner', 'Banner', '2023-05-31 09:37:02', '2023-05-31 09:37:02'),
(523, 1, 'en', 'dashboard', 'Form Banner', 'Form Banner', '2023-05-31 09:37:02', '2023-05-31 09:37:02'),
(524, 1, 'en', 'dashboard', 'Index Banner', 'Index Banner', '2023-05-31 09:37:02', '2023-05-31 09:37:02'),
(525, 1, 'en', 'dashboard', 'Create Banner', 'Create Banner', '2023-05-31 09:37:02', '2023-05-31 09:37:02'),
(526, 1, 'en', 'dashboard', 'Eusebio Herzog', 'Eusebio Herzog', '2023-05-31 09:37:02', '2023-05-31 09:37:02'),
(527, 1, 'en', 'dashboard', 'Miss Estella Wisoky', 'Miss Estella Wisoky', '2023-05-31 09:37:02', '2023-05-31 09:37:02'),
(528, 1, 'en', 'dashboard', 'Gordon Ferry DDS', 'Gordon Ferry DDS', '2023-05-31 09:37:02', '2023-05-31 09:37:02'),
(529, 1, 'en', 'dashboard', 'Dr. Obie Harber II', 'Dr. Obie Harber II', '2023-05-31 09:37:02', '2023-05-31 09:37:02'),
(530, 1, 'en', 'dashboard', 'Felipa Connelly I', 'Felipa Connelly I', '2023-05-31 09:37:02', '2023-05-31 09:37:02'),
(531, 1, 'en', 'dashboard', 'frontend', 'Frontend', '2023-05-31 09:37:02', '2023-05-31 09:37:02'),
(532, 1, 'en', 'dashboard', 'Jonas Wuckert III', 'Jonas Wuckert III', '2023-05-31 09:37:02', '2023-05-31 09:37:02'),
(533, 1, 'en', 'dashboard', 'Camille Hilpert', 'Camille Hilpert', '2023-05-31 09:37:02', '2023-05-31 09:37:02'),
(534, 1, 'en', 'dashboard', 'Kyla Mohr II', 'Kyla Mohr II', '2023-05-31 09:37:02', '2023-05-31 09:37:02'),
(535, 1, 'en', 'dashboard', 'Alexane Volkman', 'Alexane Volkman', '2023-05-31 09:37:02', '2023-05-31 09:37:02'),
(536, 1, 'en', 'dashboard', 'Miss Vita Kuhlman', 'Miss Vita Kuhlman', '2023-05-31 09:37:02', '2023-05-31 09:37:02'),
(537, 1, 'en', 'dashboard', 'Kasandra Macejkovic', 'Kasandra Macejkovic', '2023-05-31 09:37:02', '2023-05-31 09:37:02'),
(538, 1, 'en', 'dashboard', 'Jodie Mayer', 'Jodie Mayer', '2023-05-31 09:37:02', '2023-05-31 09:37:02'),
(539, 1, 'en', 'dashboard', 'Hosea Kulas', 'Hosea Kulas', '2023-05-31 09:37:02', '2023-05-31 09:37:02'),
(540, 1, 'en', 'dashboard', 'Edmund Nikolaus DDS', 'Edmund Nikolaus DDS', '2023-05-31 09:37:02', '2023-05-31 09:37:02'),
(541, 1, 'en', 'dashboard', 'Question', 'Question', '2023-05-31 09:37:02', '2023-05-31 09:37:02'),
(542, 1, 'en', 'dashboard', 'Create Question', 'Create Question', '2023-05-31 09:37:02', '2023-05-31 09:37:02'),
(543, 1, 'en', 'pagination', 'previous', '&laquo; Previous', '2023-05-31 09:37:02', '2023-05-31 09:37:02'),
(544, 1, 'en', 'pagination', 'next', 'Next &raquo;', '2023-05-31 09:37:02', '2023-05-31 09:37:02'),
(545, 1, 'en', 'passwords', 'reset', 'Your password has been reset!', '2023-05-31 09:37:02', '2023-05-31 09:37:02'),
(546, 1, 'en', 'passwords', 'sent', 'We have emailed your password reset link!', '2023-05-31 09:37:02', '2023-05-31 09:37:02'),
(547, 1, 'en', 'passwords', 'throttled', 'Please wait before retrying.', '2023-05-31 09:37:02', '2023-05-31 09:37:02'),
(548, 1, 'en', 'passwords', 'token', 'This password reset token is invalid.', '2023-05-31 09:37:02', '2023-05-31 09:37:02'),
(549, 1, 'en', 'passwords', 'user', 'We can\'t find a user with that email address.', '2023-05-31 09:37:02', '2023-05-31 09:37:02'),
(550, 1, 'en', 'validation', 'accepted', 'The :attribute must be accepted.', '2023-05-31 09:37:02', '2023-05-31 09:37:02'),
(551, 1, 'en', 'validation', 'accepted_if', 'The :attribute must be accepted when :other is :value.', '2023-05-31 09:37:02', '2023-05-31 09:37:02'),
(552, 1, 'en', 'validation', 'active_url', 'The :attribute is not a valid URL.', '2023-05-31 09:37:02', '2023-05-31 09:37:02'),
(553, 1, 'en', 'validation', 'after', 'The :attribute must be a date after :date.', '2023-05-31 09:37:02', '2023-05-31 09:37:02'),
(554, 1, 'en', 'validation', 'after_or_equal', 'The :attribute must be a date after or equal to :date.', '2023-05-31 09:37:02', '2023-05-31 09:37:02'),
(555, 1, 'en', 'validation', 'alpha', 'The :attribute must only contain letters.', '2023-05-31 09:37:02', '2023-05-31 09:37:02'),
(556, 1, 'en', 'validation', 'alpha_dash', 'The :attribute must only contain letters, numbers, dashes and underscores.', '2023-05-31 09:37:02', '2023-05-31 09:37:02'),
(557, 1, 'en', 'validation', 'alpha_num', 'The :attribute must only contain letters and numbers.', '2023-05-31 09:37:02', '2023-05-31 09:37:02'),
(558, 1, 'en', 'validation', 'array', 'The :attribute must be an array.', '2023-05-31 09:37:02', '2023-05-31 09:37:02'),
(559, 1, 'en', 'validation', 'ascii', 'The :attribute must only contain single-byte alphanumeric characters and symbols.', '2023-05-31 09:37:02', '2023-05-31 09:37:02'),
(560, 1, 'en', 'validation', 'before', 'The :attribute must be a date before :date.', '2023-05-31 09:37:02', '2023-05-31 09:37:02'),
(561, 1, 'en', 'validation', 'before_or_equal', 'The :attribute must be a date before or equal to :date.', '2023-05-31 09:37:02', '2023-05-31 09:37:02'),
(562, 1, 'en', 'validation', 'between.array', 'The :attribute must have between :min and :max items.', '2023-05-31 09:37:02', '2023-05-31 09:37:02'),
(563, 1, 'en', 'validation', 'between.file', 'The :attribute must be between :min and :max kilobytes.', '2023-05-31 09:37:02', '2023-05-31 09:37:02'),
(564, 1, 'en', 'validation', 'between.numeric', 'The :attribute must be between :min and :max.', '2023-05-31 09:37:02', '2023-05-31 09:37:02'),
(565, 1, 'en', 'validation', 'between.string', 'The :attribute must be between :min and :max characters.', '2023-05-31 09:37:02', '2023-05-31 09:37:02'),
(566, 1, 'en', 'validation', 'boolean', 'The :attribute field must be true or false.', '2023-05-31 09:37:02', '2023-05-31 09:37:02'),
(567, 1, 'en', 'validation', 'confirmed', 'The :attribute confirmation does not match.', '2023-05-31 09:37:02', '2023-05-31 09:37:02'),
(568, 1, 'en', 'validation', 'current_password', 'The password is incorrect.', '2023-05-31 09:37:02', '2023-05-31 09:37:02'),
(569, 1, 'en', 'validation', 'date', 'The :attribute is not a valid date.', '2023-05-31 09:37:02', '2023-05-31 09:37:02'),
(570, 1, 'en', 'validation', 'date_equals', 'The :attribute must be a date equal to :date.', '2023-05-31 09:37:02', '2023-05-31 09:37:02'),
(571, 1, 'en', 'validation', 'date_format', 'The :attribute does not match the format :format.', '2023-05-31 09:37:02', '2023-05-31 09:37:02'),
(572, 1, 'en', 'validation', 'decimal', 'The :attribute must have :decimal decimal places.', '2023-05-31 09:37:02', '2023-05-31 09:37:02'),
(573, 1, 'en', 'validation', 'declined', 'The :attribute must be declined.', '2023-05-31 09:37:02', '2023-05-31 09:37:02'),
(574, 1, 'en', 'validation', 'declined_if', 'The :attribute must be declined when :other is :value.', '2023-05-31 09:37:02', '2023-05-31 09:37:02'),
(575, 1, 'en', 'validation', 'different', 'The :attribute and :other must be different.', '2023-05-31 09:37:02', '2023-05-31 09:37:02'),
(576, 1, 'en', 'validation', 'digits', 'The :attribute must be :digits digits.', '2023-05-31 09:37:02', '2023-05-31 09:37:02'),
(577, 1, 'en', 'validation', 'digits_between', 'The :attribute must be between :min and :max digits.', '2023-05-31 09:37:02', '2023-05-31 09:37:02'),
(578, 1, 'en', 'validation', 'dimensions', 'The :attribute has invalid image dimensions.', '2023-05-31 09:37:02', '2023-05-31 09:37:02'),
(579, 1, 'en', 'validation', 'distinct', 'The :attribute field has a duplicate value.', '2023-05-31 09:37:02', '2023-05-31 09:37:02'),
(580, 1, 'en', 'validation', 'doesnt_end_with', 'The :attribute may not end with one of the following: :values.', '2023-05-31 09:37:02', '2023-05-31 09:37:02'),
(581, 1, 'en', 'validation', 'doesnt_start_with', 'The :attribute may not start with one of the following: :values.', '2023-05-31 09:37:02', '2023-05-31 09:37:02'),
(582, 1, 'en', 'validation', 'email', 'The :attribute must be a valid email address.', '2023-05-31 09:37:02', '2023-05-31 09:37:02'),
(583, 1, 'en', 'validation', 'ends_with', 'The :attribute must end with one of the following: :values.', '2023-05-31 09:37:02', '2023-05-31 09:37:02'),
(584, 1, 'en', 'validation', 'enum', 'The selected :attribute is invalid.', '2023-05-31 09:37:02', '2023-05-31 09:37:02'),
(585, 1, 'en', 'validation', 'exists', 'The selected :attribute is invalid.', '2023-05-31 09:37:02', '2023-05-31 09:37:02'),
(586, 1, 'en', 'validation', 'file', 'The :attribute must be a file.', '2023-05-31 09:37:02', '2023-05-31 09:37:02'),
(587, 1, 'en', 'validation', 'filled', 'The :attribute field must have a value.', '2023-05-31 09:37:02', '2023-05-31 09:37:02'),
(588, 1, 'en', 'validation', 'gt.array', 'The :attribute must have more than :value items.', '2023-05-31 09:37:02', '2023-05-31 09:37:02'),
(589, 1, 'en', 'validation', 'gt.file', 'The :attribute must be greater than :value kilobytes.', '2023-05-31 09:37:02', '2023-05-31 09:37:02'),
(590, 1, 'en', 'validation', 'gt.numeric', 'The :attribute must be greater than :value.', '2023-05-31 09:37:03', '2023-05-31 09:37:03'),
(591, 1, 'en', 'validation', 'gt.string', 'The :attribute must be greater than :value characters.', '2023-05-31 09:37:03', '2023-05-31 09:37:03'),
(592, 1, 'en', 'validation', 'gte.array', 'The :attribute must have :value items or more.', '2023-05-31 09:37:03', '2023-05-31 09:37:03'),
(593, 1, 'en', 'validation', 'gte.file', 'The :attribute must be greater than or equal to :value kilobytes.', '2023-05-31 09:37:03', '2023-05-31 09:37:03'),
(594, 1, 'en', 'validation', 'gte.numeric', 'The :attribute must be greater than or equal to :value.', '2023-05-31 09:37:03', '2023-05-31 09:37:03'),
(595, 1, 'en', 'validation', 'gte.string', 'The :attribute must be greater than or equal to :value characters.', '2023-05-31 09:37:03', '2023-05-31 09:37:03'),
(596, 1, 'en', 'validation', 'image', 'The :attribute must be an image.', '2023-05-31 09:37:03', '2023-05-31 09:37:03'),
(597, 1, 'en', 'validation', 'in', 'The selected :attribute is invalid.', '2023-05-31 09:37:03', '2023-05-31 09:37:03'),
(598, 1, 'en', 'validation', 'in_array', 'The :attribute field does not exist in :other.', '2023-05-31 09:37:03', '2023-05-31 09:37:03'),
(599, 1, 'en', 'validation', 'integer', 'The :attribute must be an integer.', '2023-05-31 09:37:03', '2023-05-31 09:37:03'),
(600, 1, 'en', 'validation', 'ip', 'The :attribute must be a valid IP address.', '2023-05-31 09:37:03', '2023-05-31 09:37:03'),
(601, 1, 'en', 'validation', 'ipv4', 'The :attribute must be a valid IPv4 address.', '2023-05-31 09:37:03', '2023-05-31 09:37:03'),
(602, 1, 'en', 'validation', 'ipv6', 'The :attribute must be a valid IPv6 address.', '2023-05-31 09:37:03', '2023-05-31 09:37:03'),
(603, 1, 'en', 'validation', 'json', 'The :attribute must be a valid JSON string.', '2023-05-31 09:37:03', '2023-05-31 09:37:03'),
(604, 1, 'en', 'validation', 'lowercase', 'The :attribute must be lowercase.', '2023-05-31 09:37:03', '2023-05-31 09:37:03'),
(605, 1, 'en', 'validation', 'lt.array', 'The :attribute must have less than :value items.', '2023-05-31 09:37:03', '2023-05-31 09:37:03'),
(606, 1, 'en', 'validation', 'lt.file', 'The :attribute must be less than :value kilobytes.', '2023-05-31 09:37:03', '2023-05-31 09:37:03'),
(607, 1, 'en', 'validation', 'lt.numeric', 'The :attribute must be less than :value.', '2023-05-31 09:37:03', '2023-05-31 09:37:03'),
(608, 1, 'en', 'validation', 'lt.string', 'The :attribute must be less than :value characters.', '2023-05-31 09:37:03', '2023-05-31 09:37:03'),
(609, 1, 'en', 'validation', 'lte.array', 'The :attribute must not have more than :value items.', '2023-05-31 09:37:03', '2023-05-31 09:37:03'),
(610, 1, 'en', 'validation', 'lte.file', 'The :attribute must be less than or equal to :value kilobytes.', '2023-05-31 09:37:03', '2023-05-31 09:37:03'),
(611, 1, 'en', 'validation', 'lte.numeric', 'The :attribute must be less than or equal to :value.', '2023-05-31 09:37:03', '2023-05-31 09:37:03'),
(612, 1, 'en', 'validation', 'lte.string', 'The :attribute must be less than or equal to :value characters.', '2023-05-31 09:37:03', '2023-05-31 09:37:03'),
(613, 1, 'en', 'validation', 'mac_address', 'The :attribute must be a valid MAC address.', '2023-05-31 09:37:03', '2023-05-31 09:37:03'),
(614, 1, 'en', 'validation', 'max.array', 'The :attribute must not have more than :max items.', '2023-05-31 09:37:03', '2023-05-31 09:37:03'),
(615, 1, 'en', 'validation', 'max.file', 'The :attribute must not be greater than :max kilobytes.', '2023-05-31 09:37:03', '2023-05-31 09:37:03'),
(616, 1, 'en', 'validation', 'max.numeric', 'The :attribute must not be greater than :max.', '2023-05-31 09:37:03', '2023-05-31 09:37:03'),
(617, 1, 'en', 'validation', 'max.string', 'The :attribute must not be greater than :max characters.', '2023-05-31 09:37:03', '2023-05-31 09:37:03'),
(618, 1, 'en', 'validation', 'max_digits', 'The :attribute must not have more than :max digits.', '2023-05-31 09:37:03', '2023-05-31 09:37:03'),
(619, 1, 'en', 'validation', 'mimes', 'The :attribute must be a file of type: :values.', '2023-05-31 09:37:03', '2023-05-31 09:37:03'),
(620, 1, 'en', 'validation', 'mimetypes', 'The :attribute must be a file of type: :values.', '2023-05-31 09:37:03', '2023-05-31 09:37:03'),
(621, 1, 'en', 'validation', 'min.array', 'The :attribute must have at least :min items.', '2023-05-31 09:37:03', '2023-05-31 09:37:03'),
(622, 1, 'en', 'validation', 'min.file', 'The :attribute must be at least :min kilobytes.', '2023-05-31 09:37:03', '2023-05-31 09:37:03'),
(623, 1, 'en', 'validation', 'min.numeric', 'The :attribute must be at least :min.', '2023-05-31 09:37:03', '2023-05-31 09:37:03'),
(624, 1, 'en', 'validation', 'min.string', 'The :attribute must be at least :min characters.', '2023-05-31 09:37:03', '2023-05-31 09:37:03'),
(625, 1, 'en', 'validation', 'min_digits', 'The :attribute must have at least :min digits.', '2023-05-31 09:37:03', '2023-05-31 09:37:03'),
(626, 1, 'en', 'validation', 'missing', 'The :attribute field must be missing.', '2023-05-31 09:37:03', '2023-05-31 09:37:03'),
(627, 1, 'en', 'validation', 'missing_if', 'The :attribute field must be missing when :other is :value.', '2023-05-31 09:37:03', '2023-05-31 09:37:03'),
(628, 1, 'en', 'validation', 'missing_unless', 'The :attribute field must be missing unless :other is :value.', '2023-05-31 09:37:03', '2023-05-31 09:37:03'),
(629, 1, 'en', 'validation', 'missing_with', 'The :attribute field must be missing when :values is present.', '2023-05-31 09:37:03', '2023-05-31 09:37:03'),
(630, 1, 'en', 'validation', 'missing_with_all', 'The :attribute field must be missing when :values are present.', '2023-05-31 09:37:03', '2023-05-31 09:37:03'),
(631, 1, 'en', 'validation', 'multiple_of', 'The :attribute must be a multiple of :value.', '2023-05-31 09:37:03', '2023-05-31 09:37:03'),
(632, 1, 'en', 'validation', 'not_in', 'The selected :attribute is invalid.', '2023-05-31 09:37:03', '2023-05-31 09:37:03'),
(633, 1, 'en', 'validation', 'not_regex', 'The :attribute format is invalid.', '2023-05-31 09:37:03', '2023-05-31 09:37:03'),
(634, 1, 'en', 'validation', 'numeric', 'The :attribute must be a number.', '2023-05-31 09:37:03', '2023-05-31 09:37:03'),
(635, 1, 'en', 'validation', 'password.letters', 'The :attribute must contain at least one letter.', '2023-05-31 09:37:03', '2023-05-31 09:37:03'),
(636, 1, 'en', 'validation', 'password.mixed', 'The :attribute must contain at least one uppercase and one lowercase letter.', '2023-05-31 09:37:03', '2023-05-31 09:37:03'),
(637, 1, 'en', 'validation', 'password.numbers', 'The :attribute must contain at least one number.', '2023-05-31 09:37:03', '2023-05-31 09:37:03'),
(638, 1, 'en', 'validation', 'password.symbols', 'The :attribute must contain at least one symbol.', '2023-05-31 09:37:03', '2023-05-31 09:37:03'),
(639, 1, 'en', 'validation', 'password.uncompromised', 'The given :attribute has appeared in a data leak. Please choose a different :attribute.', '2023-05-31 09:37:03', '2023-05-31 09:37:03'),
(640, 1, 'en', 'validation', 'present', 'The :attribute field must be present.', '2023-05-31 09:37:03', '2023-05-31 09:37:03'),
(641, 1, 'en', 'validation', 'prohibited', 'The :attribute field is prohibited.', '2023-05-31 09:37:03', '2023-05-31 09:37:03'),
(642, 1, 'en', 'validation', 'prohibited_if', 'The :attribute field is prohibited when :other is :value.', '2023-05-31 09:37:03', '2023-05-31 09:37:03'),
(643, 1, 'en', 'validation', 'prohibited_unless', 'The :attribute field is prohibited unless :other is in :values.', '2023-05-31 09:37:03', '2023-05-31 09:37:03'),
(644, 1, 'en', 'validation', 'prohibits', 'The :attribute field prohibits :other from being present.', '2023-05-31 09:37:03', '2023-05-31 09:37:03'),
(645, 1, 'en', 'validation', 'regex', 'The :attribute format is invalid.', '2023-05-31 09:37:03', '2023-05-31 09:37:03'),
(646, 1, 'en', 'validation', 'required', 'The :attribute field is required.', '2023-05-31 09:37:03', '2023-05-31 09:37:03'),
(647, 1, 'en', 'validation', 'required_array_keys', 'The :attribute field must contain entries for: :values.', '2023-05-31 09:37:03', '2023-05-31 09:37:03'),
(648, 1, 'en', 'validation', 'required_if', 'The :attribute field is required when :other is :value.', '2023-05-31 09:37:03', '2023-05-31 09:37:03'),
(649, 1, 'en', 'validation', 'required_if_accepted', 'The :attribute field is required when :other is accepted.', '2023-05-31 09:37:03', '2023-05-31 09:37:03'),
(650, 1, 'en', 'validation', 'required_unless', 'The :attribute field is required unless :other is in :values.', '2023-05-31 09:37:03', '2023-05-31 09:37:03'),
(651, 1, 'en', 'validation', 'required_with', 'The :attribute field is required when :values is present.', '2023-05-31 09:37:03', '2023-05-31 09:37:03'),
(652, 1, 'en', 'validation', 'required_with_all', 'The :attribute field is required when :values are present.', '2023-05-31 09:37:03', '2023-05-31 09:37:03'),
(653, 1, 'en', 'validation', 'required_without', 'The :attribute field is required when :values is not present.', '2023-05-31 09:37:03', '2023-05-31 09:37:03'),
(654, 1, 'en', 'validation', 'required_without_all', 'The :attribute field is required when none of :values are present.', '2023-05-31 09:37:03', '2023-05-31 09:37:03'),
(655, 1, 'en', 'validation', 'same', 'The :attribute and :other must match.', '2023-05-31 09:37:03', '2023-05-31 09:37:03'),
(656, 1, 'en', 'validation', 'size.array', 'The :attribute must contain :size items.', '2023-05-31 09:37:03', '2023-05-31 09:37:03'),
(657, 1, 'en', 'validation', 'size.file', 'The :attribute must be :size kilobytes.', '2023-05-31 09:37:03', '2023-05-31 09:37:03'),
(658, 1, 'en', 'validation', 'size.numeric', 'The :attribute must be :size.', '2023-05-31 09:37:03', '2023-05-31 09:37:03'),
(659, 1, 'en', 'validation', 'size.string', 'The :attribute must be :size characters.', '2023-05-31 09:37:03', '2023-05-31 09:37:03'),
(660, 1, 'en', 'validation', 'starts_with', 'The :attribute must start with one of the following: :values.', '2023-05-31 09:37:03', '2023-05-31 09:37:03'),
(661, 1, 'en', 'validation', 'string', 'The :attribute must be a string.', '2023-05-31 09:37:03', '2023-05-31 09:37:03'),
(662, 1, 'en', 'validation', 'timezone', 'The :attribute must be a valid timezone.', '2023-05-31 09:37:03', '2023-05-31 09:37:03'),
(663, 1, 'en', 'validation', 'unique', 'The :attribute has already been taken.', '2023-05-31 09:37:03', '2023-05-31 09:37:03'),
(664, 1, 'en', 'validation', 'uploaded', 'The :attribute failed to upload.', '2023-05-31 09:37:03', '2023-05-31 09:37:03'),
(665, 1, 'en', 'validation', 'uppercase', 'The :attribute must be uppercase.', '2023-05-31 09:37:03', '2023-05-31 09:37:03'),
(666, 1, 'en', 'validation', 'url', 'The :attribute must be a valid URL.', '2023-05-31 09:37:03', '2023-05-31 09:37:03'),
(667, 1, 'en', 'validation', 'ulid', 'The :attribute must be a valid ULID.', '2023-05-31 09:37:03', '2023-05-31 09:37:03'),
(668, 1, 'en', 'validation', 'uuid', 'The :attribute must be a valid UUID.', '2023-05-31 09:37:03', '2023-05-31 09:37:03'),
(669, 1, 'en', 'validation', 'custom.attribute-name.rule-name', 'custom-message', '2023-05-31 09:37:03', '2023-05-31 09:37:03');

-- --------------------------------------------------------

--
-- Table structure for table `media`
--

CREATE TABLE `media` (
  `id` bigint(20) UNSIGNED NOT NULL,
  `model_type` varchar(255) CHARACTER SET utf8mb4 COLLATE utf8mb4_unicode_ci NOT NULL,
  `model_id` bigint(20) UNSIGNED NOT NULL,
  `uuid` char(36) CHARACTER SET utf8mb4 COLLATE utf8mb4_unicode_ci DEFAULT NULL,
  `collection_name` varchar(255) CHARACTER SET utf8mb4 COLLATE utf8mb4_unicode_ci NOT NULL,
  `name` varchar(255) CHARACTER SET utf8mb4 COLLATE utf8mb4_unicode_ci NOT NULL,
  `file_name` varchar(255) CHARACTER SET utf8mb4 COLLATE utf8mb4_unicode_ci NOT NULL,
  `mime_type` varchar(255) CHARACTER SET utf8mb4 COLLATE utf8mb4_unicode_ci DEFAULT NULL,
  `disk` varchar(255) CHARACTER SET utf8mb4 COLLATE utf8mb4_unicode_ci NOT NULL,
  `conversions_disk` varchar(255) CHARACTER SET utf8mb4 COLLATE utf8mb4_unicode_ci DEFAULT NULL,
  `size` bigint(20) UNSIGNED NOT NULL,
  `manipulations` longtext CHARACTER SET utf8mb4 COLLATE utf8mb4_bin NOT NULL,
  `custom_properties` longtext CHARACTER SET utf8mb4 COLLATE utf8mb4_bin NOT NULL,
  `generated_conversions` longtext CHARACTER SET utf8mb4 COLLATE utf8mb4_bin NOT NULL,
  `responsive_images` longtext CHARACTER SET utf8mb4 COLLATE utf8mb4_bin NOT NULL,
  `order_column` int(10) UNSIGNED DEFAULT NULL,
  `created_at` timestamp NULL DEFAULT NULL,
  `updated_at` timestamp NULL DEFAULT NULL
) ENGINE=InnoDB DEFAULT CHARSET=latin1;

--
-- Dumping data for table `media`
--

INSERT INTO `media` (`id`, `model_type`, `model_id`, `uuid`, `collection_name`, `name`, `file_name`, `mime_type`, `disk`, `conversions_disk`, `size`, `manipulations`, `custom_properties`, `generated_conversions`, `responsive_images`, `order_column`, `created_at`, `updated_at`) VALUES
(9, 'App\\Models\\Banner', 5, '9b6b021d-48bd-4261-ae6b-c6da920c889b', 'banner', 'last_edi', 'last_edi.png', 'image/png', 'media', 'media', 21610, '[]', '[]', '[]', '[]', 1, '2023-06-04 07:55:30', '2023-06-04 07:55:30'),
(10, 'App\\Models\\Answer', 73, '9f631ea4-e15a-489a-8c92-12dd3a2ff07f', 'answer', 'CaptureWhiteColor', 'CaptureWhiteColor.PNG', 'image/png', 'media', 'media', 25441, '[]', '[]', '[]', '[]', 1, '2023-06-04 08:07:11', '2023-06-04 08:07:11'),
(11, 'App\\Models\\Answer', 72, '9dc74321-1c28-4cc7-9107-89a58adfd291', 'answer', 'CaptureTest', 'CaptureTest.png', 'image/png', 'media', 'media', 18761, '[]', '[]', '[]', '[]', 1, '2023-06-04 08:11:52', '2023-06-04 08:11:52'),
(12, 'App\\Models\\Answer', 2, '8deee923-ee4d-4463-9a87-8c3fbfb6f48d', 'answer', 'q1_survey_apartment', 'q1_survey_apartment.jpg', 'image/jpeg', 'media', 'media', 85248, '[]', '[]', '[]', '[]', 1, '2023-06-04 08:19:47', '2023-06-04 08:19:47'),
(13, 'App\\Models\\Answer', 3, '3c5cf7fe-f76d-459b-bee7-6c9420b0feb2', 'answer', 'q1_survey_hotel', 'q1_survey_hotel.jpg', 'image/jpeg', 'media', 'media', 92086, '[]', '[]', '[]', '[]', 1, '2023-06-04 08:20:10', '2023-06-04 08:20:10'),
(16, 'App\\Models\\Answer', 4, 'a467370a-9cd8-44ce-af15-ce02f1653801', 'answer', 'q1_survey_limousine', 'q1_survey_limousine.jpg', 'image/jpeg', 'media', 'media', 91836, '[]', '[]', '[]', '[]', 1, '2023-06-04 08:20:40', '2023-06-04 08:20:40'),
(17, 'App\\Models\\Answer', 5, 'b230e1fc-05c6-4b6c-b9c8-e7bf4b8815a6', 'answer', 'q1_survey_rentacar-1', 'q1_survey_rentacar-1.jpg', 'image/jpeg', 'media', 'media', 102980, '[]', '[]', '[]', '[]', 1, '2023-06-04 08:21:04', '2023-06-04 08:21:04'),
(18, 'App\\Models\\Answer', 6, 'bfec8e95-4178-4dc9-a340-94d9b36681a8', 'answer', 'q1_survey_tour_new', 'q1_survey_tour_new.jpg', 'image/jpeg', 'media', 'media', 86373, '[]', '[]', '[]', '[]', 1, '2023-06-04 08:21:45', '2023-06-04 08:21:45'),
(19, 'App\\Models\\Answer', 7, 'db6d313e-88e8-4003-a7e2-f4bf60f84d2e', 'answer', 'q1_survey_transfer', 'q1_survey_transfer.jpg', 'image/jpeg', 'media', 'media', 79447, '[]', '[]', '[]', '[]', 1, '2023-06-04 08:22:14', '2023-06-04 08:22:14'),
(20, 'App\\Models\\Answer', 8, 'bf4e74e2-0dfb-400c-8210-315dde84bece', 'answer', 'q2_survey_switzerland', 'q2_survey_switzerland.jpg', 'image/jpeg', 'media', 'media', 80956, '[]', '[]', '[]', '[]', 1, '2023-06-04 08:22:56', '2023-06-04 08:22:56'),
(21, 'App\\Models\\Answer', 9, '96e76035-f6f7-4904-82aa-cfbba88d9d8e', 'answer', 'q2_survey_austria', 'q2_survey_austria.jpg', 'image/jpeg', 'media', 'media', 83418, '[]', '[]', '[]', '[]', 1, '2023-06-04 08:32:13', '2023-06-04 08:32:13'),
(22, 'App\\Models\\Answer', 10, 'dacbf23c-75eb-4d8d-af81-cd55788acb08', 'answer', 'q2_survey_Bosnia', 'q2_survey_Bosnia.jpg', 'image/jpeg', 'media', 'media', 115806, '[]', '[]', '[]', '[]', 1, '2023-06-04 08:34:36', '2023-06-04 08:34:36'),
(23, 'App\\Models\\Answer', 11, 'b0b447a6-a90c-4cd9-944c-585f586767b5', 'answer', 'q2_survey_france', 'q2_survey_france.jpg', 'image/jpeg', 'media', 'media', 81207, '[]', '[]', '[]', '[]', 1, '2023-06-04 08:35:10', '2023-06-04 08:35:10'),
(24, 'App\\Models\\Answer', 12, '4c01a83f-7d92-4b47-83b8-68cc455bc1a7', 'answer', 'q2_survey_germany', 'q2_survey_germany.jpg', 'image/jpeg', 'media', 'media', 77259, '[]', '[]', '[]', '[]', 1, '2023-06-04 08:35:38', '2023-06-04 08:35:38'),
(25, 'App\\Models\\Answer', 13, '1ed70884-9701-433d-ac1b-20c1e375fd47', 'answer', 'q2_survey_italy', 'q2_survey_italy.jpg', 'image/jpeg', 'media', 'media', 96326, '[]', '[]', '[]', '[]', 1, '2023-06-04 08:36:10', '2023-06-04 08:36:10'),
(26, 'App\\Models\\Answer', 14, '019b7ae4-e73d-41ff-963e-6f3061bc1daa', 'answer', 'q2_survey_spain', 'q2_survey_spain.jpg', 'image/jpeg', 'media', 'media', 90684, '[]', '[]', '[]', '[]', 1, '2023-06-04 08:36:44', '2023-06-04 08:36:44'),
(28, 'App\\Models\\Answer', 15, 'cf50efec-a097-4493-bbb7-f113ef6f3e66', 'answer', 'q1_dislike', 'q1_dislike.jpg', 'image/jpeg', 'media', 'media', 24572, '[]', '[]', '[]', '[]', 1, '2023-06-04 08:38:35', '2023-06-04 08:38:35'),
(29, 'App\\Models\\Answer', 17, '07e6d1c8-193d-42b2-b396-da749f593a69', 'answer', 'q3_survey_capital', 'q3_survey_capital.jpg', 'image/jpeg', 'media', 'media', 111524, '[]', '[]', '[]', '[]', 1, '2023-06-04 08:39:20', '2023-06-04 08:39:20'),
(30, 'App\\Models\\Answer', 18, 'd3213791-589c-4e0f-805d-63b7eea9de1e', 'answer', 'q3_survey_village', 'q3_survey_village.jpg', 'image/jpeg', 'media', 'media', 81192, '[]', '[]', '[]', '[]', 1, '2023-06-04 08:40:06', '2023-06-04 08:40:06'),
(31, 'App\\Models\\Answer', 19, 'f5812955-d534-4e6f-91a6-fac242e06b26', 'answer', 'q3_survey_both', 'q3_survey_both.jpg', 'image/jpeg', 'media', 'media', 88392, '[]', '[]', '[]', '[]', 1, '2023-06-04 08:40:42', '2023-06-04 08:40:42'),
(32, 'App\\Models\\Answer', 23, '7f240df8-b907-46c4-85c8-b00fea97dfdf', 'answer', 'q4_survey_family', 'q4_survey_family.jpg', 'image/jpeg', 'media', 'media', 222510, '[]', '[]', '[]', '[]', 1, '2023-06-04 08:41:23', '2023-06-04 08:41:23'),
(33, 'App\\Models\\Answer', 24, 'a467ad7b-fe3a-4129-b107-102fb304224d', 'answer', 'q4_survey_mat7af', 'q4_survey_mat7af.jpg', 'image/jpeg', 'media', 'media', 77364, '[]', '[]', '[]', '[]', 1, '2023-06-04 08:41:56', '2023-06-04 08:41:56'),
(34, 'App\\Models\\Answer', 25, 'c76dc3e7-9434-42b5-9cbb-b16ae52a2004', 'answer', 'q4_survey_relaxation', 'q4_survey_relaxation.jpg', 'image/jpeg', 'media', 'media', 85845, '[]', '[]', '[]', '[]', 1, '2023-06-04 08:42:40', '2023-06-04 08:42:40'),
(35, 'App\\Models\\Answer', 26, '205b4162-8960-4865-af64-42b955d0abae', 'answer', 'q4_survey_romantic1', 'q4_survey_romantic1.jpg', 'image/jpeg', 'media', 'media', 158418, '[]', '[]', '[]', '[]', 1, '2023-06-04 08:43:32', '2023-06-04 08:43:32'),
(36, 'App\\Models\\Answer', 20, 'd83b9d8d-e242-42ec-b8f7-53d44e0cd75e', 'answer', 'q4_survey_3stars', 'q4_survey_3stars.jpg', 'image/jpeg', 'media', 'media', 163929, '[]', '[]', '[]', '[]', 1, '2023-06-04 08:44:17', '2023-06-04 08:44:17'),
(37, 'App\\Models\\Answer', 21, '4b24ab8d-9bbb-41ee-b78d-f2dbeadc11d9', 'answer', 'q4_survey_4stars', 'q4_survey_4stars.jpg', 'image/jpeg', 'media', 'media', 165390, '[]', '[]', '[]', '[]', 1, '2023-06-04 08:45:00', '2023-06-04 08:45:00'),
(38, 'App\\Models\\Answer', 22, '562a12e2-8926-4fa5-8504-134d75f803a1', 'answer', 'q4_survey_5stars', 'q4_survey_5stars.jpg', 'image/jpeg', 'media', 'media', 167805, '[]', '[]', '[]', '[]', 1, '2023-06-04 08:45:53', '2023-06-04 08:45:53'),
(39, 'App\\Models\\Answer', 74, '967d8564-bf55-4fdc-ac71-d4becd6dcc91', 'answer', 'Capture', 'Capture.PNG', 'image/png', 'media', 'media', 24577, '[]', '[]', '[]', '[]', 1, '2023-06-04 09:20:23', '2023-06-04 09:20:23'),
(40, 'App\\Models\\Answer', 75, '5ce607c3-d9a4-4ac7-86da-82b63053a1cb', 'answer', 'CaptureWhiteColor', 'CaptureWhiteColor.PNG', 'image/png', 'media', 'media', 25441, '[]', '[]', '[]', '[]', 1, '2023-06-04 09:20:43', '2023-06-04 09:20:43'),
(41, 'App\\Models\\Answer', 76, '95996c2f-296a-4407-acb6-85625b7393d8', 'answer', 'last_edi', 'last_edi.png', 'image/png', 'media', 'media', 21610, '[]', '[]', '[]', '[]', 1, '2023-06-04 09:21:04', '2023-06-04 09:21:04'),
(46, 'App\\Models\\Imagine', 5, '2bc13a55-da3b-4394-8c29-c05be27b1e61', 'Imagine', 'q1_dislike', 'q1_dislike.png', 'image/png', 'media', 'media', 21576, '[]', '[]', '[]', '[]', 1, '2023-06-11 10:21:50', '2023-06-11 10:21:50');

-- --------------------------------------------------------

--
-- Table structure for table `migrations`
--

CREATE TABLE `migrations` (
  `id` int(10) UNSIGNED NOT NULL,
  `migration` varchar(255) COLLATE utf8mb4_unicode_ci NOT NULL,
  `batch` int(11) NOT NULL
) ENGINE=InnoDB DEFAULT CHARSET=utf8mb4 COLLATE=utf8mb4_unicode_ci;

--
-- Dumping data for table `migrations`
--

INSERT INTO `migrations` (`id`, `migration`, `batch`) VALUES
(1, '2014_03_20_145801_create_countries_table', 1),
(2, '2014_03_20_145812_create_cities_table', 1),
(3, '2014_03_20_145900_create_districts_table', 1),
(4, '2014_04_02_193005_create_translations_table', 1),
(5, '2014_10_12_000000_create_users_table', 1),
(6, '2014_10_12_100000_create_password_resets_table', 1),
(7, '2019_08_19_000000_create_failed_jobs_table', 1),
(8, '2019_12_14_000001_create_personal_access_tokens_table', 1),
(9, '2023_03_05_101905_create_permission_tables', 1),
(10, '2023_03_05_102027_create_admins_table', 1),
(11, '2023_03_05_103146_create_media_table', 1),
(12, '2023_03_05_104359_create_settings_table', 1),
(13, '2023_03_08_113944_create_translation_keys_table', 1),
(14, '2023_03_08_132955_create_new_permission_table', 1),
(15, '2023_03_09_160105_create_images_table', 1),
(16, '2023_03_20_144704_create_places_table', 1),
(17, '2023_03_20_151800_create_activity_log_table', 1),
(18, '2023_03_20_151801_add_event_column_to_activity_log_table', 1),
(19, '2023_03_20_151802_add_batch_uuid_column_to_activity_log_table', 1),
(20, '2023_03_20_170138_create_cars_table', 1),
(21, '2023_03_20_172903_create_public_transportations_table', 1),
(22, '2023_03_21_080141_create_public_transportation_cities_table', 1),
(23, '2023_03_21_081314_create_hotel_apartments_table', 1),
(24, '2023_03_21_082839_create_locations_table', 1),
(25, '2023_03_21_084253_create_groups_table', 1),
(26, '2023_03_21_085047_create_tags_table', 1),
(27, '2023_03_21_085732_create_tag_group_table', 1),
(28, '2023_03_21_090608_create_group_location_table', 1),
(29, '2023_03_23_130154_create_banners_table', 1),
(33, '2023_05_24_084824_create_questions_table', 2),
(35, '2023_05_24_085038_create_answer_user_table', 3),
(36, '2023_05_24_085003_create_answers_table', 4),
(43, '2023_05_24_123734_add_col_type_to_questions_table', 5),
(44, '2023_06_07_180627_create_blogs_table', 6),
(45, '2023_06_07_180701_create_news_table', 6),
(46, '2023_06_07_181108_create_comments_table', 6),
(47, '2023_06_11_115401_create_imagines_table', 7);

-- --------------------------------------------------------

--
-- Table structure for table `model_has_permissions`
--

CREATE TABLE `model_has_permissions` (
  `permission_id` bigint(20) UNSIGNED NOT NULL,
  `model_type` varchar(255) COLLATE utf8mb4_unicode_ci NOT NULL,
  `model_id` bigint(20) UNSIGNED NOT NULL
) ENGINE=InnoDB DEFAULT CHARSET=utf8mb4 COLLATE=utf8mb4_unicode_ci;

-- --------------------------------------------------------

--
-- Table structure for table `model_has_roles`
--

CREATE TABLE `model_has_roles` (
  `role_id` bigint(20) UNSIGNED NOT NULL,
  `model_type` varchar(255) COLLATE utf8mb4_unicode_ci NOT NULL,
  `model_id` bigint(20) UNSIGNED NOT NULL
) ENGINE=InnoDB DEFAULT CHARSET=utf8mb4 COLLATE=utf8mb4_unicode_ci;

--
-- Dumping data for table `model_has_roles`
--

INSERT INTO `model_has_roles` (`role_id`, `model_type`, `model_id`) VALUES
(1, 'App\\Models\\Admin', 1);

-- --------------------------------------------------------

--
-- Table structure for table `news`
--

CREATE TABLE `news` (
  `id` bigint(20) UNSIGNED NOT NULL,
  `title` varchar(255) COLLATE utf8mb4_unicode_ci NOT NULL,
  `discription` varchar(255) COLLATE utf8mb4_unicode_ci NOT NULL,
  `body` varchar(255) COLLATE utf8mb4_unicode_ci NOT NULL,
  `created_at` timestamp NULL DEFAULT NULL,
  `updated_at` timestamp NULL DEFAULT NULL
) ENGINE=InnoDB DEFAULT CHARSET=utf8mb4 COLLATE=utf8mb4_unicode_ci;

-- --------------------------------------------------------

--
-- Table structure for table `password_resets`
--

CREATE TABLE `password_resets` (
  `email` varchar(255) COLLATE utf8mb4_unicode_ci NOT NULL,
  `token` varchar(255) COLLATE utf8mb4_unicode_ci NOT NULL,
  `created_at` timestamp NULL DEFAULT NULL
) ENGINE=InnoDB DEFAULT CHARSET=utf8mb4 COLLATE=utf8mb4_unicode_ci;

-- --------------------------------------------------------

--
-- Table structure for table `permissions`
--

CREATE TABLE `permissions` (
  `id` bigint(20) UNSIGNED NOT NULL,
  `name` varchar(255) COLLATE utf8mb4_unicode_ci NOT NULL,
  `guard_name` varchar(255) COLLATE utf8mb4_unicode_ci NOT NULL,
  `created_at` timestamp NULL DEFAULT NULL,
  `updated_at` timestamp NULL DEFAULT NULL
) ENGINE=InnoDB DEFAULT CHARSET=utf8mb4 COLLATE=utf8mb4_unicode_ci;

--
-- Dumping data for table `permissions`
--

INSERT INTO `permissions` (`id`, `name`, `guard_name`, `created_at`, `updated_at`) VALUES
(1, 'good', 'admin', '2023-05-23 06:56:20', '2023-05-23 06:56:20'),
(2, 'bad', 'admin', '2023-05-23 06:56:20', '2023-05-23 06:56:20');

-- --------------------------------------------------------

--
-- Table structure for table `personal_access_tokens`
--

CREATE TABLE `personal_access_tokens` (
  `id` bigint(20) UNSIGNED NOT NULL,
  `tokenable_type` varchar(255) COLLATE utf8mb4_unicode_ci NOT NULL,
  `tokenable_id` bigint(20) UNSIGNED NOT NULL,
  `name` varchar(255) COLLATE utf8mb4_unicode_ci NOT NULL,
  `token` varchar(64) COLLATE utf8mb4_unicode_ci NOT NULL,
  `abilities` text COLLATE utf8mb4_unicode_ci,
  `last_used_at` timestamp NULL DEFAULT NULL,
  `expires_at` timestamp NULL DEFAULT NULL,
  `created_at` timestamp NULL DEFAULT NULL,
  `updated_at` timestamp NULL DEFAULT NULL
) ENGINE=InnoDB DEFAULT CHARSET=utf8mb4 COLLATE=utf8mb4_unicode_ci;

-- --------------------------------------------------------

--
-- Table structure for table `places`
--

CREATE TABLE `places` (
  `id` bigint(20) UNSIGNED NOT NULL,
  `name` varchar(255) COLLATE utf8mb4_unicode_ci NOT NULL,
  `location` point DEFAULT NULL,
  `area` polygon DEFAULT NULL,
  `created_at` timestamp NULL DEFAULT NULL,
  `updated_at` timestamp NULL DEFAULT NULL
) ENGINE=InnoDB DEFAULT CHARSET=utf8mb4 COLLATE=utf8mb4_unicode_ci;

-- --------------------------------------------------------

--
-- Table structure for table `public_transportations`
--

CREATE TABLE `public_transportations` (
  `id` bigint(20) UNSIGNED NOT NULL,
  `country_id` bigint(20) UNSIGNED DEFAULT NULL,
  `city_id` bigint(20) UNSIGNED DEFAULT NULL,
  `district_id` bigint(20) UNSIGNED DEFAULT NULL,
  `days` int(11) DEFAULT NULL,
  `price` decimal(8,2) DEFAULT NULL,
  `status` enum('Active','Not Active') COLLATE utf8mb4_unicode_ci NOT NULL DEFAULT 'Active',
  `sort` int(11) DEFAULT NULL,
  `created_at` timestamp NULL DEFAULT NULL,
  `updated_at` timestamp NULL DEFAULT NULL
) ENGINE=InnoDB DEFAULT CHARSET=utf8mb4 COLLATE=utf8mb4_unicode_ci;

--
-- Dumping data for table `public_transportations`
--

INSERT INTO `public_transportations` (`id`, `country_id`, `city_id`, `district_id`, `days`, `price`, `status`, `sort`, `created_at`, `updated_at`) VALUES
(1, 1, 1, NULL, NULL, 300.00, 'Active', NULL, NULL, NULL);

-- --------------------------------------------------------

--
-- Table structure for table `public_transportation_cities`
--

CREATE TABLE `public_transportation_cities` (
  `id` bigint(20) UNSIGNED NOT NULL,
  `price` decimal(8,2) DEFAULT NULL,
  `type` enum('Train','Plan','Bus','Transfer') COLLATE utf8mb4_unicode_ci DEFAULT NULL,
  `city_from` date DEFAULT NULL,
  `city_to` date DEFAULT NULL,
  `status` enum('Active','Not Active') COLLATE utf8mb4_unicode_ci NOT NULL DEFAULT 'Active',
  `sort` int(11) DEFAULT NULL,
  `created_at` timestamp NULL DEFAULT NULL,
  `updated_at` timestamp NULL DEFAULT NULL
) ENGINE=InnoDB DEFAULT CHARSET=utf8mb4 COLLATE=utf8mb4_unicode_ci;

-- --------------------------------------------------------

--
-- Table structure for table `questions`
--

CREATE TABLE `questions` (
  `id` bigint(20) UNSIGNED NOT NULL,
  `question` varchar(255) COLLATE utf8mb4_unicode_ci NOT NULL,
  `created_at` timestamp NULL DEFAULT NULL,
  `updated_at` timestamp NULL DEFAULT NULL,
  `type` varchar(255) COLLATE utf8mb4_unicode_ci NOT NULL,
  `max` int(11) DEFAULT NULL
) ENGINE=InnoDB DEFAULT CHARSET=utf8mb4 COLLATE=utf8mb4_unicode_ci;

--
-- Dumping data for table `questions`
--

INSERT INTO `questions` (`id`, `question`, `created_at`, `updated_at`, `type`, `max`) VALUES
(1, 'أهلًا بك على ترافونيير\r\nبعد أن تشاركنا رغباتك لرحلتك القادمة سيقوم مستشارك السياحي الخاص بالتواصل معك\r\nأنا أبحث عن:', NULL, NULL, 'radio', NULL),
(2, 'أود أن أسكن في ...', NULL, NULL, 'radio', NULL),
(3, 'أريد زيارة ...', NULL, NULL, 'checkbox', 4),
(4, 'أثناء رحلتي أفضل زيارة ...', NULL, NULL, 'radio', NULL),
(5, 'أثناء رحلتي أحرص على .. (٣ إختيارات)', NULL, '2023-05-31 09:53:25', 'checkbox', 3),
(6, 'نوع الخدمة التي ارغب بها ', NULL, NULL, 'radio', NULL),
(12, 'للتجربة فقط', '2023-06-04 06:12:53', '2023-06-04 09:19:47', 'checkbox', 2);

-- --------------------------------------------------------

--
-- Table structure for table `roles`
--

CREATE TABLE `roles` (
  `id` bigint(20) UNSIGNED NOT NULL,
  `name` varchar(255) COLLATE utf8mb4_unicode_ci NOT NULL,
  `guard_name` varchar(255) COLLATE utf8mb4_unicode_ci NOT NULL,
  `created_at` timestamp NULL DEFAULT NULL,
  `updated_at` timestamp NULL DEFAULT NULL
) ENGINE=InnoDB DEFAULT CHARSET=utf8mb4 COLLATE=utf8mb4_unicode_ci;

--
-- Dumping data for table `roles`
--

INSERT INTO `roles` (`id`, `name`, `guard_name`, `created_at`, `updated_at`) VALUES
(1, 'Admin', 'admin', '2023-05-23 06:56:41', '2023-05-23 06:56:41');

-- --------------------------------------------------------

--
-- Table structure for table `role_has_permissions`
--

CREATE TABLE `role_has_permissions` (
  `permission_id` bigint(20) UNSIGNED NOT NULL,
  `role_id` bigint(20) UNSIGNED NOT NULL
) ENGINE=InnoDB DEFAULT CHARSET=utf8mb4 COLLATE=utf8mb4_unicode_ci;

--
-- Dumping data for table `role_has_permissions`
--

INSERT INTO `role_has_permissions` (`permission_id`, `role_id`) VALUES
(1, 1),
(2, 1);

-- --------------------------------------------------------

--
-- Table structure for table `settings`
--

CREATE TABLE `settings` (
  `id` bigint(20) UNSIGNED NOT NULL,
  `key` varchar(255) COLLATE utf8mb4_unicode_ci NOT NULL,
  `value` text COLLATE utf8mb4_unicode_ci,
  `created_at` timestamp NULL DEFAULT NULL,
  `updated_at` timestamp NULL DEFAULT NULL
) ENGINE=InnoDB DEFAULT CHARSET=utf8mb4 COLLATE=utf8mb4_unicode_ci;

-- --------------------------------------------------------

--
-- Table structure for table `tags`
--

CREATE TABLE `tags` (
  `id` bigint(20) UNSIGNED NOT NULL,
  `name` varchar(255) COLLATE utf8mb4_unicode_ci NOT NULL,
  `slug` varchar(255) COLLATE utf8mb4_unicode_ci NOT NULL,
  `description` text COLLATE utf8mb4_unicode_ci,
  `status` enum('Active','Not Active') COLLATE utf8mb4_unicode_ci NOT NULL DEFAULT 'Active',
  `sort` int(11) DEFAULT NULL,
  `created_at` timestamp NULL DEFAULT NULL,
  `updated_at` timestamp NULL DEFAULT NULL
) ENGINE=InnoDB DEFAULT CHARSET=utf8mb4 COLLATE=utf8mb4_unicode_ci;

-- --------------------------------------------------------

--
-- Table structure for table `tag_group`
--

CREATE TABLE `tag_group` (
  `id` bigint(20) UNSIGNED NOT NULL,
  `tag_id` bigint(20) UNSIGNED NOT NULL,
  `group_id` bigint(20) UNSIGNED NOT NULL,
  `created_at` timestamp NULL DEFAULT NULL,
  `updated_at` timestamp NULL DEFAULT NULL
) ENGINE=InnoDB DEFAULT CHARSET=utf8mb4 COLLATE=utf8mb4_unicode_ci;

--
-- Indexes for dumped tables
--

--
-- Indexes for table `activity_log`
--
ALTER TABLE `activity_log`
  ADD PRIMARY KEY (`id`),
  ADD KEY `subject` (`subject_type`,`subject_id`),
  ADD KEY `causer` (`causer_type`,`causer_id`),
  ADD KEY `activity_log_log_name_index` (`log_name`);

--
-- Indexes for table `answers`
--
ALTER TABLE `answers`
  ADD PRIMARY KEY (`id`);

--
-- Indexes for table `answer_user`
--
ALTER TABLE `answer_user`
  ADD PRIMARY KEY (`id`);

--
-- Indexes for table `banners`
--
ALTER TABLE `banners`
  ADD PRIMARY KEY (`id`);

--
-- Indexes for table `blogs`
--
ALTER TABLE `blogs`
  ADD PRIMARY KEY (`id`);

--
-- Indexes for table `cars`
--
ALTER TABLE `cars`
  ADD PRIMARY KEY (`id`),
  ADD KEY `cars_country_id_foreign` (`country_id`),
  ADD KEY `cars_city_id_foreign` (`city_id`),
  ADD KEY `cars_district_id_foreign` (`district_id`);

--
-- Indexes for table `cities`
--
ALTER TABLE `cities`
  ADD PRIMARY KEY (`id`),
  ADD KEY `cities_country_id_foreign` (`country_id`);

--
-- Indexes for table `comments`
--
ALTER TABLE `comments`
  ADD PRIMARY KEY (`id`);

--
-- Indexes for table `countries`
--
ALTER TABLE `countries`
  ADD PRIMARY KEY (`id`);

--
-- Indexes for table `districts`
--
ALTER TABLE `districts`
  ADD PRIMARY KEY (`id`),
  ADD KEY `districts_city_id_foreign` (`city_id`);

--
-- Indexes for table `failed_jobs`
--
ALTER TABLE `failed_jobs`
  ADD PRIMARY KEY (`id`),
  ADD UNIQUE KEY `failed_jobs_uuid_unique` (`uuid`);

--
-- Indexes for table `groups`
--
ALTER TABLE `groups`
  ADD PRIMARY KEY (`id`);

--
-- Indexes for table `group_location`
--
ALTER TABLE `group_location`
  ADD PRIMARY KEY (`id`),
  ADD KEY `group_location_location_id_foreign` (`location_id`),
  ADD KEY `group_location_group_id_foreign` (`group_id`);

--
-- Indexes for table `hotel_apartments`
--
ALTER TABLE `hotel_apartments`
  ADD PRIMARY KEY (`id`),
  ADD KEY `hotel_apartments_country_id_foreign` (`country_id`),
  ADD KEY `hotel_apartments_city_id_foreign` (`city_id`),
  ADD KEY `hotel_apartments_district_id_foreign` (`district_id`);

--
-- Indexes for table `imagines`
--
ALTER TABLE `imagines`
  ADD PRIMARY KEY (`id`);

--
-- Indexes for table `locations`
--
ALTER TABLE `locations`
  ADD PRIMARY KEY (`id`),
  ADD KEY `locations_country_id_foreign` (`country_id`),
  ADD KEY `locations_city_id_foreign` (`city_id`),
  ADD KEY `locations_district_id_foreign` (`district_id`);

--
-- Indexes for table `ltm_translations`
--
ALTER TABLE `ltm_translations`
  ADD PRIMARY KEY (`id`);

--
-- Indexes for table `media`
--
ALTER TABLE `media`
  ADD PRIMARY KEY (`id`),
  ADD UNIQUE KEY `media_uuid_unique` (`uuid`),
  ADD KEY `media_model_type_model_id_index` (`model_type`,`model_id`),
  ADD KEY `media_order_column_index` (`order_column`);

--
-- Indexes for table `migrations`
--
ALTER TABLE `migrations`
  ADD PRIMARY KEY (`id`);

--
-- Indexes for table `model_has_permissions`
--
ALTER TABLE `model_has_permissions`
  ADD PRIMARY KEY (`permission_id`,`model_id`,`model_type`),
  ADD KEY `model_has_permissions_model_id_model_type_index` (`model_id`,`model_type`);

--
-- Indexes for table `model_has_roles`
--
ALTER TABLE `model_has_roles`
  ADD PRIMARY KEY (`role_id`,`model_id`,`model_type`),
  ADD KEY `model_has_roles_model_id_model_type_index` (`model_id`,`model_type`);

--
-- Indexes for table `news`
--
ALTER TABLE `news`
  ADD PRIMARY KEY (`id`);

--
-- Indexes for table `password_resets`
--
ALTER TABLE `password_resets`
  ADD PRIMARY KEY (`email`);

--
-- Indexes for table `permissions`
--
ALTER TABLE `permissions`
  ADD PRIMARY KEY (`id`),
  ADD UNIQUE KEY `permissions_name_guard_name_unique` (`name`,`guard_name`);

--
-- Indexes for table `personal_access_tokens`
--
ALTER TABLE `personal_access_tokens`
  ADD PRIMARY KEY (`id`),
  ADD UNIQUE KEY `personal_access_tokens_token_unique` (`token`),
  ADD KEY `personal_access_tokens_tokenable_type_tokenable_id_index` (`tokenable_type`,`tokenable_id`);

--
-- Indexes for table `places`
--
ALTER TABLE `places`
  ADD PRIMARY KEY (`id`),
  ADD UNIQUE KEY `places_name_unique` (`name`);

--
-- Indexes for table `public_transportations`
--
ALTER TABLE `public_transportations`
  ADD PRIMARY KEY (`id`),
  ADD KEY `public_transportations_country_id_foreign` (`country_id`),
  ADD KEY `public_transportations_city_id_foreign` (`city_id`),
  ADD KEY `public_transportations_district_id_foreign` (`district_id`);

--
-- Indexes for table `public_transportation_cities`
--
ALTER TABLE `public_transportation_cities`
  ADD PRIMARY KEY (`id`);

--
-- Indexes for table `questions`
--
ALTER TABLE `questions`
  ADD PRIMARY KEY (`id`);

--
-- Indexes for table `roles`
--
ALTER TABLE `roles`
  ADD PRIMARY KEY (`id`),
  ADD UNIQUE KEY `roles_name_guard_name_unique` (`name`,`guard_name`);

--
-- Indexes for table `role_has_permissions`
--
ALTER TABLE `role_has_permissions`
  ADD PRIMARY KEY (`permission_id`,`role_id`),
  ADD KEY `role_has_permissions_role_id_foreign` (`role_id`);

--
-- Indexes for table `settings`
--
ALTER TABLE `settings`
  ADD PRIMARY KEY (`id`);

--
-- Indexes for table `tags`
--
ALTER TABLE `tags`
  ADD PRIMARY KEY (`id`);

--
-- Indexes for table `tag_group`
--
ALTER TABLE `tag_group`
  ADD PRIMARY KEY (`id`),
  ADD KEY `tag_group_tag_id_foreign` (`tag_id`),
  ADD KEY `tag_group_group_id_foreign` (`group_id`);

--
-- AUTO_INCREMENT for dumped tables
--

--
-- AUTO_INCREMENT for table `activity_log`
--
ALTER TABLE `activity_log`
  MODIFY `id` bigint(20) UNSIGNED NOT NULL AUTO_INCREMENT;

--
-- AUTO_INCREMENT for table `answers`
--
ALTER TABLE `answers`
  MODIFY `id` bigint(20) UNSIGNED NOT NULL AUTO_INCREMENT, AUTO_INCREMENT=77;

--
-- AUTO_INCREMENT for table `answer_user`
--
ALTER TABLE `answer_user`
  MODIFY `id` bigint(20) UNSIGNED NOT NULL AUTO_INCREMENT, AUTO_INCREMENT=4057;

--
-- AUTO_INCREMENT for table `banners`
--
ALTER TABLE `banners`
  MODIFY `id` bigint(20) UNSIGNED NOT NULL AUTO_INCREMENT, AUTO_INCREMENT=6;

--
-- AUTO_INCREMENT for table `blogs`
--
ALTER TABLE `blogs`
  MODIFY `id` bigint(20) UNSIGNED NOT NULL AUTO_INCREMENT;

--
-- AUTO_INCREMENT for table `cars`
--
ALTER TABLE `cars`
  MODIFY `id` bigint(20) UNSIGNED NOT NULL AUTO_INCREMENT, AUTO_INCREMENT=29;

--
-- AUTO_INCREMENT for table `cities`
--
ALTER TABLE `cities`
  MODIFY `id` bigint(20) UNSIGNED NOT NULL AUTO_INCREMENT, AUTO_INCREMENT=33;

--
-- AUTO_INCREMENT for table `comments`
--
ALTER TABLE `comments`
  MODIFY `id` bigint(20) UNSIGNED NOT NULL AUTO_INCREMENT;

--
-- AUTO_INCREMENT for table `countries`
--
ALTER TABLE `countries`
  MODIFY `id` bigint(20) UNSIGNED NOT NULL AUTO_INCREMENT, AUTO_INCREMENT=9;

--
-- AUTO_INCREMENT for table `districts`
--
ALTER TABLE `districts`
  MODIFY `id` bigint(20) UNSIGNED NOT NULL AUTO_INCREMENT;

--
-- AUTO_INCREMENT for table `failed_jobs`
--
ALTER TABLE `failed_jobs`
  MODIFY `id` bigint(20) UNSIGNED NOT NULL AUTO_INCREMENT;

--
-- AUTO_INCREMENT for table `groups`
--
ALTER TABLE `groups`
  MODIFY `id` bigint(20) UNSIGNED NOT NULL AUTO_INCREMENT, AUTO_INCREMENT=11;

--
-- AUTO_INCREMENT for table `group_location`
--
ALTER TABLE `group_location`
  MODIFY `id` bigint(20) UNSIGNED NOT NULL AUTO_INCREMENT, AUTO_INCREMENT=27;

--
-- AUTO_INCREMENT for table `hotel_apartments`
--
ALTER TABLE `hotel_apartments`
  MODIFY `id` bigint(20) UNSIGNED NOT NULL AUTO_INCREMENT, AUTO_INCREMENT=11;

--
-- AUTO_INCREMENT for table `imagines`
--
ALTER TABLE `imagines`
  MODIFY `id` bigint(20) UNSIGNED NOT NULL AUTO_INCREMENT, AUTO_INCREMENT=6;

--
-- AUTO_INCREMENT for table `locations`
--
ALTER TABLE `locations`
  MODIFY `id` bigint(20) UNSIGNED NOT NULL AUTO_INCREMENT, AUTO_INCREMENT=26;

--
-- AUTO_INCREMENT for table `ltm_translations`
--
ALTER TABLE `ltm_translations`
  MODIFY `id` bigint(20) UNSIGNED NOT NULL AUTO_INCREMENT, AUTO_INCREMENT=670;

--
-- AUTO_INCREMENT for table `media`
--
ALTER TABLE `media`
  MODIFY `id` bigint(20) UNSIGNED NOT NULL AUTO_INCREMENT, AUTO_INCREMENT=47;

--
-- AUTO_INCREMENT for table `migrations`
--
ALTER TABLE `migrations`
  MODIFY `id` int(10) UNSIGNED NOT NULL AUTO_INCREMENT, AUTO_INCREMENT=48;

--
-- AUTO_INCREMENT for table `news`
--
ALTER TABLE `news`
  MODIFY `id` bigint(20) UNSIGNED NOT NULL AUTO_INCREMENT;

--
-- AUTO_INCREMENT for table `permissions`
--
ALTER TABLE `permissions`
  MODIFY `id` bigint(20) UNSIGNED NOT NULL AUTO_INCREMENT, AUTO_INCREMENT=3;

--
-- AUTO_INCREMENT for table `personal_access_tokens`
--
ALTER TABLE `personal_access_tokens`
  MODIFY `id` bigint(20) UNSIGNED NOT NULL AUTO_INCREMENT;

--
-- AUTO_INCREMENT for table `places`
--
ALTER TABLE `places`
  MODIFY `id` bigint(20) UNSIGNED NOT NULL AUTO_INCREMENT;

--
-- AUTO_INCREMENT for table `public_transportations`
--
ALTER TABLE `public_transportations`
  MODIFY `id` bigint(20) UNSIGNED NOT NULL AUTO_INCREMENT, AUTO_INCREMENT=2;

--
-- AUTO_INCREMENT for table `public_transportation_cities`
--
ALTER TABLE `public_transportation_cities`
  MODIFY `id` bigint(20) UNSIGNED NOT NULL AUTO_INCREMENT;

--
-- AUTO_INCREMENT for table `questions`
--
ALTER TABLE `questions`
  MODIFY `id` bigint(20) UNSIGNED NOT NULL AUTO_INCREMENT, AUTO_INCREMENT=13;

--
-- AUTO_INCREMENT for table `roles`
--
ALTER TABLE `roles`
  MODIFY `id` bigint(20) UNSIGNED NOT NULL AUTO_INCREMENT, AUTO_INCREMENT=2;

--
-- AUTO_INCREMENT for table `settings`
--
ALTER TABLE `settings`
  MODIFY `id` bigint(20) UNSIGNED NOT NULL AUTO_INCREMENT;

--
-- AUTO_INCREMENT for table `tags`
--
ALTER TABLE `tags`
  MODIFY `id` bigint(20) UNSIGNED NOT NULL AUTO_INCREMENT;

--
-- AUTO_INCREMENT for table `tag_group`
--
ALTER TABLE `tag_group`
  MODIFY `id` bigint(20) UNSIGNED NOT NULL AUTO_INCREMENT;

--
-- Constraints for dumped tables
--

--
-- Constraints for table `cars`
--
ALTER TABLE `cars`
  ADD CONSTRAINT `cars_city_id_foreign` FOREIGN KEY (`city_id`) REFERENCES `cities` (`id`) ON DELETE CASCADE ON UPDATE CASCADE,
  ADD CONSTRAINT `cars_country_id_foreign` FOREIGN KEY (`country_id`) REFERENCES `countries` (`id`) ON DELETE CASCADE ON UPDATE CASCADE,
  ADD CONSTRAINT `cars_district_id_foreign` FOREIGN KEY (`district_id`) REFERENCES `districts` (`id`) ON DELETE CASCADE ON UPDATE CASCADE;

--
-- Constraints for table `cities`
--
ALTER TABLE `cities`
  ADD CONSTRAINT `cities_country_id_foreign` FOREIGN KEY (`country_id`) REFERENCES `countries` (`id`) ON DELETE CASCADE ON UPDATE CASCADE;

--
-- Constraints for table `districts`
--
ALTER TABLE `districts`
  ADD CONSTRAINT `districts_city_id_foreign` FOREIGN KEY (`city_id`) REFERENCES `cities` (`id`) ON DELETE CASCADE ON UPDATE CASCADE;

--
-- Constraints for table `group_location`
--
ALTER TABLE `group_location`
  ADD CONSTRAINT `group_location_group_id_foreign` FOREIGN KEY (`group_id`) REFERENCES `groups` (`id`) ON DELETE CASCADE ON UPDATE CASCADE,
  ADD CONSTRAINT `group_location_location_id_foreign` FOREIGN KEY (`location_id`) REFERENCES `locations` (`id`) ON DELETE CASCADE ON UPDATE CASCADE;

--
-- Constraints for table `hotel_apartments`
--
ALTER TABLE `hotel_apartments`
  ADD CONSTRAINT `hotel_apartments_city_id_foreign` FOREIGN KEY (`city_id`) REFERENCES `cities` (`id`) ON DELETE CASCADE ON UPDATE CASCADE,
  ADD CONSTRAINT `hotel_apartments_country_id_foreign` FOREIGN KEY (`country_id`) REFERENCES `countries` (`id`) ON DELETE CASCADE ON UPDATE CASCADE,
  ADD CONSTRAINT `hotel_apartments_district_id_foreign` FOREIGN KEY (`district_id`) REFERENCES `districts` (`id`) ON DELETE CASCADE ON UPDATE CASCADE;

--
-- Constraints for table `locations`
--
ALTER TABLE `locations`
  ADD CONSTRAINT `locations_city_id_foreign` FOREIGN KEY (`city_id`) REFERENCES `cities` (`id`) ON DELETE CASCADE ON UPDATE CASCADE,
  ADD CONSTRAINT `locations_country_id_foreign` FOREIGN KEY (`country_id`) REFERENCES `countries` (`id`) ON DELETE CASCADE ON UPDATE CASCADE,
  ADD CONSTRAINT `locations_district_id_foreign` FOREIGN KEY (`district_id`) REFERENCES `districts` (`id`) ON DELETE CASCADE ON UPDATE CASCADE;

--
-- Constraints for table `model_has_permissions`
--
ALTER TABLE `model_has_permissions`
  ADD CONSTRAINT `model_has_permissions_permission_id_foreign` FOREIGN KEY (`permission_id`) REFERENCES `permissions` (`id`) ON DELETE CASCADE;

--
-- Constraints for table `model_has_roles`
--
ALTER TABLE `model_has_roles`
  ADD CONSTRAINT `model_has_roles_role_id_foreign` FOREIGN KEY (`role_id`) REFERENCES `roles` (`id`) ON DELETE CASCADE;

--
-- Constraints for table `public_transportations`
--
ALTER TABLE `public_transportations`
  ADD CONSTRAINT `public_transportations_city_id_foreign` FOREIGN KEY (`city_id`) REFERENCES `cities` (`id`) ON DELETE CASCADE ON UPDATE CASCADE,
  ADD CONSTRAINT `public_transportations_country_id_foreign` FOREIGN KEY (`country_id`) REFERENCES `countries` (`id`) ON DELETE CASCADE ON UPDATE CASCADE,
  ADD CONSTRAINT `public_transportations_district_id_foreign` FOREIGN KEY (`district_id`) REFERENCES `districts` (`id`) ON DELETE CASCADE ON UPDATE CASCADE;

--
-- Constraints for table `role_has_permissions`
--
ALTER TABLE `role_has_permissions`
  ADD CONSTRAINT `role_has_permissions_permission_id_foreign` FOREIGN KEY (`permission_id`) REFERENCES `permissions` (`id`) ON DELETE CASCADE,
  ADD CONSTRAINT `role_has_permissions_role_id_foreign` FOREIGN KEY (`role_id`) REFERENCES `roles` (`id`) ON DELETE CASCADE;

--
-- Constraints for table `tag_group`
--
ALTER TABLE `tag_group`
  ADD CONSTRAINT `tag_group_group_id_foreign` FOREIGN KEY (`group_id`) REFERENCES `groups` (`id`) ON DELETE CASCADE ON UPDATE CASCADE,
  ADD CONSTRAINT `tag_group_tag_id_foreign` FOREIGN KEY (`tag_id`) REFERENCES `tags` (`id`) ON DELETE CASCADE ON UPDATE CASCADE;
COMMIT;

